000
CDUS43 KLMK 190202
CLISDF


CLIMATE REPORT
NATIONAL WEATHER SERVICE LOUISVILLE KY
901 PM EST FRI NOV 18 2016


...................................

...THE LOUISVILLE KY CLIMATE SUMMARY FOR NOVEMBER 18 2016...
VALID TODAY AS OF 0400 PM LOCAL TIME.

CLIMATE NORMAL PERIOD 1981 TO 2010
CLIMATE RECORD PERIOD 1871 TO 2016


WEATHER ITEM   OBSERVED TIME   RECORD YEAR NORMAL DEPARTURE LAST
                VALUE   (LST)  VALUE       VALUE  FROM      YEAR
                                                  NORMAL
..................................................................
TEMPERATURE (F)
 TODAY
  MAXIMUM         81R   238 PM  77    1985  57     24       66
                                      1930
  MINIMUM         52    653 AM  13    1959  39     13       57
  AVERAGE         67                        48     19       62

PRECIPITATION (IN)
  TODAY            0.00          3.07 1957   0.13  -0.13     1.94
  MONTH TO DATE    0.24                      2.04  -1.80     3.98
  SINCE SEP 1      3.17                      8.31  -5.14    11.28
  SINCE JAN 1     36.84                     39.53  -2.69    54.34

SNOWFALL (IN)
  TODAY            0.0           0.3  1955   0.0    0.0      0.0
  MONTH TO DATE    0.0                       0.0    0.0      0.0
  SINCE SEP 1      0.0                       0.1   -0.1      0.0
  SINCE JUL 1      0.0                       0.1   -0.1      0.0
  SNOW DEPTH       0

DEGREE DAYS
 HEATING
  TODAY            0                        17    -17        3
  MONTH TO DATE  156                       251    -95      169
  SINCE SEP 1    241                       493   -252      327
  SINCE JUL 1    241                       493   -252      327

 COOLING
  TODAY            2                         0      2        0
  MONTH TO DATE   19                         0     19        9
  SINCE SEP 1    474                       252    222      333
  SINCE JAN 1   2082                      1609    473     1787
..................................................................


WIND (MPH)
  HIGHEST WIND SPEED    23   HIGHEST WIND DIRECTION     S (190)
  HIGHEST GUST SPEED    30   HIGHEST GUST DIRECTION     S (190)
  AVERAGE WIND SPEED    11.6


SKY COVER
  POSSIBLE SUNSHINE  MM
  AVERAGE SKY COVER 0.2


WEATHER CONDITIONS
 THE FOLLOWING WEATHER WAS RECORDED TODAY.
  NO SIGNIFICANT WEATHER WAS OBSERVED.


RELATIVE HUMIDITY (PERCENT)
 HIGHEST    64           600 AM
 LOWEST     21           400 PM
 AVERAGE    43

..........................................................


THE LOUISVILLE KY CLIMATE NORMALS FOR TOMORROW
                         NORMAL    RECORD    YEAR
 MAXIMUM TEMPERATURE (F)   56        78      1930
 MINIMUM TEMPERATURE (F)   38        10      1880


SUNRISE AND SUNSET
NOVEMBER 18 2016......SUNRISE   728 AM EST   SUNSET   528 PM EST
NOVEMBER 19 2016......SUNRISE   729 AM EST   SUNSET   528 PM EST


-  INDICATES NEGATIVE NUMBERS.
R  INDICATES RECORD WAS SET OR TIED.
MM INDICATES DATA IS MISSING.
T  INDICATES TRACE AMOUNT.




$$
