149
CDUS43 KLMK 180631
CLISDF


CLIMATE REPORT
NATIONAL WEATHER SERVICE LOUISVILLE KY
230 AM EDT SAT MAR 18 2017


...................................

...THE LOUISVILLE KY CLIMATE SUMMARY FOR MARCH 17 2017...

CLIMATE NORMAL PERIOD 1981 TO 2010
CLIMATE RECORD PERIOD 1871 TO 2017


WEATHER ITEM   OBSERVED TIME   RECORD YEAR NORMAL DEPARTURE LAST
                VALUE   (LST)  VALUE       VALUE  FROM      YEAR
                                                  NORMAL
..................................................................
TEMPERATURE (F)
 YESTERDAY
  MAXIMUM         52   1129 PM  79    1894  58     -6       68
  MINIMUM         38    711 AM   9    1900  38      0       50
  AVERAGE         45                        48     -3       59

PRECIPITATION (IN)
  YESTERDAY        0.05          1.73 1898   0.14  -0.09     0.00
  MONTH TO DATE    2.54                      2.20   0.34     2.76
  SINCE MAR 1      2.54                      2.20   0.34     2.76
  SINCE JAN 1      8.81                      8.62   0.19     8.58

SNOWFALL (IN)
  YESTERDAY        0.0           3.7  1970   0.1   -0.1      0.0
  MONTH TO DATE    T                         1.0   -1.0      0.5
  SINCE MAR 1      T                         1.0   -1.0      0.5
  SINCE JUL 1      2.7                      12.0   -9.3     14.9
  SNOW DEPTH       0

DEGREE DAYS
 HEATING
  YESTERDAY       20                        17      3        6
  MONTH TO DATE  345                       334     11      183
  SINCE MAR 1    345                       334     11      183
  SINCE JUL 1   2810                      3575   -765     2805

 COOLING
  YESTERDAY        0                         0      0        0
  MONTH TO DATE    0                         0      0        6
  SINCE MAR 1      0                         0      0        6
  SINCE JAN 1      5                         0      5        6
..................................................................


WIND (MPH)
  HIGHEST WIND SPEED    16   HIGHEST WIND DIRECTION    SW (210)
  HIGHEST GUST SPEED    20   HIGHEST GUST DIRECTION    SW (210)
  AVERAGE WIND SPEED     8.1


SKY COVER
  POSSIBLE SUNSHINE  MM
  AVERAGE SKY COVER 1.0


WEATHER CONDITIONS
 THE FOLLOWING WEATHER WAS RECORDED YESTERDAY.
  LIGHT RAIN
  FOG
  HAZE


RELATIVE HUMIDITY (PERCENT)
 HIGHEST    96          1000 PM
 LOWEST     33          1200 AM
 AVERAGE    65

..........................................................


THE LOUISVILLE KY CLIMATE NORMALS FOR TODAY
                         NORMAL    RECORD    YEAR
 MAXIMUM TEMPERATURE (F)   59        82      2012
                                             1982
 MINIMUM TEMPERATURE (F)   38        12      1941
                                             1902


SUNRISE AND SUNSET
MARCH 18 2017.........SUNRISE   749 AM EDT   SUNSET   753 PM EDT
MARCH 19 2017.........SUNRISE   748 AM EDT   SUNSET   754 PM EDT


-  INDICATES NEGATIVE NUMBERS.
R  INDICATES RECORD WAS SET OR TIED.
MM INDICATES DATA IS MISSING.
T  INDICATES TRACE AMOUNT.




$$
