000
CDUS43 KLMK 252129
CLISDF


CLIMATE REPORT
NATIONAL WEATHER SERVICE LOUISVILLE KY
429 PM EST SAT NOV 25 2017


...................................

...THE LOUISVILLE KY CLIMATE SUMMARY FOR NOVEMBER 25 2017...
VALID TODAY AS OF 0400 PM LOCAL TIME.

CLIMATE NORMAL PERIOD 1981 TO 2010
CLIMATE RECORD PERIOD 1871 TO 2017


WEATHER ITEM   OBSERVED TIME   RECORD YEAR NORMAL DEPARTURE LAST
                VALUE   (LST)  VALUE       VALUE  FROM      YEAR
                                                  NORMAL
..................................................................
TEMPERATURE (F)
 TODAY
  MAXIMUM         63    259 PM  75    1896  53     10       46
  MINIMUM         49    758 AM  -1    1950  36     13       41
  AVERAGE         56                        45     11       44

PRECIPITATION (IN)
  TODAY            0.00          2.19 2010   0.12  -0.12     0.00
  MONTH TO DATE    2.03                      2.94  -0.91     0.76
  SINCE SEP 1     12.39                      9.21   3.18     3.69
  SINCE JAN 1     41.80                     40.43   1.37    37.36

SNOWFALL (IN)
  TODAY            0.0           0.5  1891   0.0    0.0      0.0
  MONTH TO DATE    0.0                       0.1   -0.1      0.0
  SINCE SEP 1      T                         0.2   -0.2      0.0
  SINCE JUL 1      T                         0.2   -0.2      0.0
  SNOW DEPTH       0

DEGREE DAYS
 HEATING
  TODAY            9                        20    -11       21
  MONTH TO DATE  397                       384     13      301
  SINCE SEP 1    592                       626    -34      386
  SINCE JUL 1    592                       626    -34      386

 COOLING
  TODAY            0                         0      0        0
  MONTH TO DATE    8                         0      8       19
  SINCE SEP 1    295                       252     43      474
  SINCE JAN 1   1789                      1609    180     2082
..................................................................


WIND (MPH)
  HIGHEST WIND SPEED    18   HIGHEST WIND DIRECTION     W (290)
  HIGHEST GUST SPEED    28   HIGHEST GUST DIRECTION    NW (320)
  AVERAGE WIND SPEED    10.3


SKY COVER
  POSSIBLE SUNSHINE  MM
  AVERAGE SKY COVER 0.3


WEATHER CONDITIONS
 THE FOLLOWING WEATHER WAS RECORDED TODAY.
  NO SIGNIFICANT WEATHER WAS OBSERVED.


RELATIVE HUMIDITY (PERCENT)
 HIGHEST    55          1100 AM
 LOWEST     27           200 PM
 AVERAGE    41

..........................................................


THE LOUISVILLE KY CLIMATE NORMALS FOR TOMORROW
                         NORMAL    RECORD    YEAR
 MAXIMUM TEMPERATURE (F)   53        73      1896
 MINIMUM TEMPERATURE (F)   36        14      1930
                                             1898


SUNRISE AND SUNSET
NOVEMBER 25 2017......SUNRISE   735 AM EST   SUNSET   525 PM EST
NOVEMBER 26 2017......SUNRISE   736 AM EST   SUNSET   525 PM EST


-  INDICATES NEGATIVE NUMBERS.
R  INDICATES RECORD WAS SET OR TIED.
MM INDICATES DATA IS MISSING.
T  INDICATES TRACE AMOUNT.




$$
