000
CDUS43 KLMK 080637
CLISDF


CLIMATE REPORT
NATIONAL WEATHER SERVICE LOUISVILLE KY
236 AM EDT SUN OCT 8 2017


...................................

...THE LOUISVILLE KY CLIMATE SUMMARY FOR OCTOBER 7 2017...

CLIMATE NORMAL PERIOD 1981 TO 2010
CLIMATE RECORD PERIOD 1871 TO 2017


WEATHER ITEM   OBSERVED TIME   RECORD YEAR NORMAL DEPARTURE LAST
                VALUE   (LST)  VALUE       VALUE  FROM      YEAR
                                                  NORMAL
..................................................................
TEMPERATURE (F)
 YESTERDAY
  MAXIMUM         83   1259 PM  93    2007  73     10       87
  MINIMUM         65    707 AM  30    1952  52     13       60
  AVERAGE         74                        62     12       74

PRECIPITATION (IN)
  YESTERDAY        0.68          1.64 1955   0.10   0.58     0.00
  MONTH TO DATE    0.68                      0.74  -0.06      T
  SINCE SEP 1      6.15                      3.79   2.36     2.28
  SINCE JAN 1     35.56                     35.01   0.55    35.95

SNOWFALL (IN)
  YESTERDAY        0.0           0.0    MM   0.0    0.0      0.0
  MONTH TO DATE    0.0                       0.0    0.0      0.0
  SINCE SEP 1      0.0                       0.0    0.0      0.0
  SINCE JUL 1      0.0                       0.0    0.0      0.0
  SNOW DEPTH       0

DEGREE DAYS
 HEATING
  YESTERDAY        0                         5     -5        0
  MONTH TO DATE    0                        29    -29        1
  SINCE SEP 1     13                        59    -46       13
  SINCE JUL 1     13                        59    -46       13

 COOLING
  YESTERDAY        9                         2      7        9
  MONTH TO DATE   43                        18     25       46
  SINCE SEP 1    253                       228     25      380
  SINCE JAN 1   1747                      1585    162     1988
..................................................................


WIND (MPH)
  HIGHEST WIND SPEED    21   HIGHEST WIND DIRECTION    NW (300)
  HIGHEST GUST SPEED    29   HIGHEST GUST DIRECTION     S (160)
  AVERAGE WIND SPEED    10.9


SKY COVER
  POSSIBLE SUNSHINE  MM
  AVERAGE SKY COVER 0.7


WEATHER CONDITIONS
 THE FOLLOWING WEATHER WAS RECORDED YESTERDAY.
  THUNDERSTORM
  HEAVY RAIN
  RAIN
  LIGHT RAIN
  FOG


RELATIVE HUMIDITY (PERCENT)
 HIGHEST    84           600 AM
 LOWEST     58          1100 AM
 AVERAGE    71

..........................................................


THE LOUISVILLE KY CLIMATE NORMALS FOR TODAY
                         NORMAL    RECORD    YEAR
 MAXIMUM TEMPERATURE (F)   73        93      2007
 MINIMUM TEMPERATURE (F)   51        31      2000
                                             1889


SUNRISE AND SUNSET
OCTOBER  8 2017.......SUNRISE   745 AM EDT   SUNSET   715 PM EDT
OCTOBER  9 2017.......SUNRISE   746 AM EDT   SUNSET   713 PM EDT


-  INDICATES NEGATIVE NUMBERS.
R  INDICATES RECORD WAS SET OR TIED.
MM INDICATES DATA IS MISSING.
T  INDICATES TRACE AMOUNT.




$$
