000
CDUS43 KLMK 132026
CLISDF


CLIMATE REPORT
NATIONAL WEATHER SERVICE LOUISVILLE KY
426 PM EDT SAT MAY 13 2017


...................................

...THE LOUISVILLE KY CLIMATE SUMMARY FOR MAY 13 2017...
VALID TODAY AS OF 0400 PM LOCAL TIME.

CLIMATE NORMAL PERIOD 1981 TO 2010
CLIMATE RECORD PERIOD 1871 TO 2017


WEATHER ITEM   OBSERVED TIME   RECORD YEAR NORMAL DEPARTURE LAST
                VALUE   (LST)  VALUE       VALUE  FROM      YEAR
                                                  NORMAL
..................................................................
TEMPERATURE (F)
 TODAY
  MAXIMUM         77    252 PM  91    1902  76      1       72
                                      1881
  MINIMUM         51    552 AM  40    1997  56     -5       54
                                      1996
  AVERAGE         64                        66     -2       63

PRECIPITATION (IN)
  TODAY            0.00          1.89 2012   0.19  -0.19     0.00
  MONTH TO DATE    2.70                      2.30   0.40     2.51
  SINCE MAR 1     10.85                     10.48   0.37    11.19
  SINCE JAN 1     17.12                     16.90   0.22    17.01

SNOWFALL (IN)
  TODAY            0.0          MM      MM   0.0    0.0      0.0
  MONTH TO DATE    0.0                       0.0    0.0      0.0
  SINCE MAR 1      T                         1.5   -1.5      0.5
  SINCE JUL 1      2.7                      12.5   -9.8     14.9
  SNOW DEPTH       0

DEGREE DAYS
 HEATING
  TODAY            1                         2     -1        2
  MONTH TO DATE   70                        42     28       33
  SINCE MAR 1    618                       826   -208      572
  SINCE JUL 1   3083                      4067   -984     3194

 COOLING
  TODAY            0                         4     -4        0
  MONTH TO DATE   25                        34     -9       38
  SINCE MAR 1    143                        77     66      101
  SINCE JAN 1    148                        77     71      101
..................................................................


WIND (MPH)
  HIGHEST WIND SPEED    15   HIGHEST WIND DIRECTION     N (360)
  HIGHEST GUST SPEED    18   HIGHEST GUST DIRECTION     N (10)
  AVERAGE WIND SPEED     5.2


SKY COVER
  POSSIBLE SUNSHINE  MM
  AVERAGE SKY COVER 0.1


WEATHER CONDITIONS
 THE FOLLOWING WEATHER WAS RECORDED TODAY.
  FOG
  HAZE


RELATIVE HUMIDITY (PERCENT)
 HIGHEST    93          1200 AM
 LOWEST     36           200 PM
 AVERAGE    65

..........................................................


THE LOUISVILLE KY CLIMATE NORMALS FOR TOMORROW
                         NORMAL    RECORD    YEAR
 MAXIMUM TEMPERATURE (F)   77        90      1962
                                             1881
 MINIMUM TEMPERATURE (F)   56        35      1996


SUNRISE AND SUNSET
MAY 13 2017...........SUNRISE   634 AM EDT   SUNSET   845 PM EDT
MAY 14 2017...........SUNRISE   633 AM EDT   SUNSET   846 PM EDT


-  INDICATES NEGATIVE NUMBERS.
R  INDICATES RECORD WAS SET OR TIED.
MM INDICATES DATA IS MISSING.
T  INDICATES TRACE AMOUNT.




$$
