000
CDUS43 KLMK 200639
CLISDF


CLIMATE REPORT
NATIONAL WEATHER SERVICE LOUISVILLE KY
137 AM EST FRI FEB 20 2015


...................................

...THE LOUISVILLE KY CLIMATE SUMMARY FOR FEBRUARY 19 2015...

CLIMATE NORMAL PERIOD 1981 TO 2010
CLIMATE RECORD PERIOD 1871 TO 2015


WEATHER ITEM   OBSERVED TIME   RECORD YEAR NORMAL DEPARTURE LAST
                VALUE   (LST)  VALUE       VALUE  FROM      YEAR
                                                  NORMAL
..................................................................
TEMPERATURE (F)
 YESTERDAY
  MAXIMUM         11    MM      74    1939  49    -38       58
  MINIMUM         -3R   743 AM   0    1936  31    -34       46
                                      1903
  AVERAGE          4                        40    -36       52

PRECIPITATION (IN)
  YESTERDAY        T             1.47 1882   0.12  -0.12     0.00
  MONTH TO DATE    1.26                      2.15  -0.89     3.40
  SINCE DEC 1      5.70                      9.22  -3.52    11.24
  SINCE JAN 1      2.13                      5.39  -3.26     5.81

SNOWFALL (IN)
  YESTERDAY        T             9.0  1921   0.2   -0.2      0.0
  MONTH TO DATE   10.4                       3.4    7.0      7.1
  SINCE DEC 1     11.5                       9.7    1.8     20.7
  SINCE JUL 1     15.2                       9.9    5.3     21.2
  SNOW DEPTH       4

DEGREE DAYS
 HEATING
  YESTERDAY       61                        25     36       13
  MONTH TO DATE  667                       518    149      646
  SINCE DEC 1   2363                      2292     71     2576
  SINCE JUL 1   3249                      3027    222     3406

 COOLING
  YESTERDAY        0                         0      0        0
  MONTH TO DATE    0                         0      0        0
  SINCE DEC 1      0                         1     -1        0
  SINCE JAN 1      0                         0      0        0
..................................................................


WIND (MPH)
  HIGHEST WIND SPEED    20   HIGHEST WIND DIRECTION     W (270)
  HIGHEST GUST SPEED    25   HIGHEST GUST DIRECTION     W (290)
  AVERAGE WIND SPEED    10.4


SKY COVER
  POSSIBLE SUNSHINE  MM
  AVERAGE SKY COVER 0.2


WEATHER CONDITIONS
 THE FOLLOWING WEATHER WAS RECORDED YESTERDAY.
  LIGHT SNOW


RELATIVE HUMIDITY (PERCENT)
 HIGHEST    75           300 AM
 LOWEST     41           300 PM
 AVERAGE    58

..........................................................


THE LOUISVILLE KY CLIMATE NORMALS FOR TODAY
                         NORMAL    RECORD    YEAR
 MAXIMUM TEMPERATURE (F)   49        74      1891
 MINIMUM TEMPERATURE (F)   31         0      1885


SUNRISE AND SUNSET
FEBRUARY 20 2015......SUNRISE   727 AM EST   SUNSET   627 PM EST
FEBRUARY 21 2015......SUNRISE   726 AM EST   SUNSET   628 PM EST


-  INDICATES NEGATIVE NUMBERS.
R  INDICATES RECORD WAS SET OR TIED.
MM INDICATES DATA IS MISSING.
T  INDICATES TRACE AMOUNT.




$$
