000
CDUS43 KLMK 042131
CLISDF


CLIMATE REPORT
NATIONAL WEATHER SERVICE LOUISVILLE KY
430 PM EST SUN FEB 4 2018


...................................

...THE LOUISVILLE KY CLIMATE SUMMARY FOR FEBRUARY 4 2018...
VALID TODAY AS OF 0400 PM LOCAL TIME.

CLIMATE NORMAL PERIOD 1981 TO 2010
CLIMATE RECORD PERIOD 1871 TO 2018


WEATHER ITEM   OBSERVED TIME   RECORD YEAR NORMAL DEPARTURE LAST
                VALUE   (LST)  VALUE       VALUE  FROM      YEAR
                                                  NORMAL
..................................................................
TEMPERATURE (F)
 TODAY
  MAXIMUM         44    110 AM  73    1890  45     -1       41
  MINIMUM         33    557 AM  -7    1996  28      5       16
  AVERAGE         39                        36      3       29

PRECIPITATION (IN)
  TODAY            0.17          1.43 2014   0.12   0.05     0.00
  MONTH TO DATE    0.29                      0.48  -0.19     0.00
  SINCE DEC 1      4.78                      7.55  -2.77     9.51
  SINCE JAN 1      2.05                      3.72  -1.67     4.21

SNOWFALL (IN)
  TODAY            0.2          11.6  1998   0.1    0.1      0.0
  MONTH TO DATE    0.3                       0.7   -0.4      0.0
  SINCE DEC 1      5.5                       7.0   -1.5      2.7
  SINCE JUL 1      5.5                       7.2   -1.7      2.7
  SNOW DEPTH       0

DEGREE DAYS
 HEATING
  TODAY           26                        29     -3       36
  MONTH TO DATE  133                       116     17      120
  SINCE DEC 1   1989                      1890     99     1672
  SINCE JUL 1   2655                      2625     30     2139

 COOLING
  TODAY            0                         0      0        0
  MONTH TO DATE    0                         0      0        0
  SINCE DEC 1      0                         1     -1        1
  SINCE JAN 1      0                         0      0        0
..................................................................


WIND (MPH)
  HIGHEST WIND SPEED    29   HIGHEST WIND DIRECTION     S (200)
  HIGHEST GUST SPEED    40   HIGHEST GUST DIRECTION    SW (210)
  AVERAGE WIND SPEED     8.3


SKY COVER
  POSSIBLE SUNSHINE  MM
  AVERAGE SKY COVER 1.0


WEATHER CONDITIONS
 THE FOLLOWING WEATHER WAS RECORDED TODAY.
  LIGHT RAIN
  LIGHT SNOW
  FOG


RELATIVE HUMIDITY (PERCENT)
 HIGHEST   100           800 AM
 LOWEST     39          1200 AM
 AVERAGE    70

..........................................................


THE LOUISVILLE KY CLIMATE NORMALS FOR TOMORROW
                         NORMAL    RECORD    YEAR
 MAXIMUM TEMPERATURE (F)   45        71      1927
 MINIMUM TEMPERATURE (F)   28        -4      1966
                                             1917


SUNRISE AND SUNSET
FEBRUARY  4 2018......SUNRISE   745 AM EST   SUNSET   609 PM EST
FEBRUARY  5 2018......SUNRISE   744 AM EST   SUNSET   610 PM EST


-  INDICATES NEGATIVE NUMBERS.
R  INDICATES RECORD WAS SET OR TIED.
MM INDICATES DATA IS MISSING.
T  INDICATES TRACE AMOUNT.




$$
