794
CDUS43 KLMK 152140
CLISDF


CLIMATE REPORT
NATIONAL WEATHER SERVICE LOUISVILLE KY
440 PM EST SUN JAN 15 2017


...................................

...THE LOUISVILLE KY CLIMATE SUMMARY FOR JANUARY 15 2017...
VALID TODAY AS OF 0400 PM LOCAL TIME.

CLIMATE NORMAL PERIOD 1981 TO 2010
CLIMATE RECORD PERIOD 1871 TO 2017


WEATHER ITEM   OBSERVED TIME   RECORD YEAR NORMAL DEPARTURE LAST
                VALUE   (LST)  VALUE       VALUE  FROM      YEAR
                                                  NORMAL
..................................................................
TEMPERATURE (F)
 TODAY
  MAXIMUM         41    402 PM  68    1950  43     -2       52
                                      1932
  MINIMUM         38    806 AM -11    1893  27     11       35
  AVERAGE         40                        35      5       44

PRECIPITATION (IN)
  TODAY            0.05          2.22 1877   0.10  -0.05     0.08
  MONTH TO DATE    2.35                      1.58   0.77     0.55
  SINCE DEC 1      7.65                      5.41   2.24     7.13
  SINCE JAN 1      2.35                      1.58   0.77     0.55

SNOWFALL (IN)
  TODAY            0.0           2.8  1945   0.1   -0.1      0.0
  MONTH TO DATE    2.3                       1.6    0.7      2.6
  SINCE DEC 1      2.4                       4.2   -1.8      2.6
  SINCE JUL 1      2.4                       4.4   -2.0      2.6
  SNOW DEPTH       0

DEGREE DAYS
 HEATING
  TODAY           25                        30     -5       21
  MONTH TO DATE  421                       450    -29      422
  SINCE DEC 1   1252                      1291    -39      880
  SINCE JUL 1   1719                      2026   -307     1404

 COOLING
  TODAY            0                         0      0        0
  MONTH TO DATE    0                         0      0        0
  SINCE DEC 1      1                         1      0        3
  SINCE JAN 1      0                         0      0        0
..................................................................


WIND (MPH)
  HIGHEST WIND SPEED     8   HIGHEST WIND DIRECTION     E (70)
  HIGHEST GUST SPEED    11   HIGHEST GUST DIRECTION     E (90)
  AVERAGE WIND SPEED     5.9


SKY COVER
  POSSIBLE SUNSHINE  MM
  AVERAGE SKY COVER 1.0


WEATHER CONDITIONS
 THE FOLLOWING WEATHER WAS RECORDED TODAY.
  RAIN
  LIGHT RAIN
  FOG
  HAZE


RELATIVE HUMIDITY (PERCENT)
 HIGHEST    92           300 AM
 LOWEST     79           900 AM
 AVERAGE    86

..........................................................


THE LOUISVILLE KY CLIMATE NORMALS FOR TOMORROW
                         NORMAL    RECORD    YEAR
 MAXIMUM TEMPERATURE (F)   43        71      1990
 MINIMUM TEMPERATURE (F)   27       -10      1977


SUNRISE AND SUNSET
JANUARY 15 2017.......SUNRISE   758 AM EST   SUNSET   547 PM EST
JANUARY 16 2017.......SUNRISE   758 AM EST   SUNSET   548 PM EST


-  INDICATES NEGATIVE NUMBERS.
R  INDICATES RECORD WAS SET OR TIED.
MM INDICATES DATA IS MISSING.
T  INDICATES TRACE AMOUNT.




$$
