070
CDUS43 KLMK 092128
CLISDF


CLIMATE REPORT
NATIONAL WEATHER SERVICE LOUISVILLE KY
427 PM EST THU NOV 9 2017


...................................

...THE LOUISVILLE KY CLIMATE SUMMARY FOR NOVEMBER 9 2017...
VALID TODAY AS OF 0400 PM LOCAL TIME.

CLIMATE NORMAL PERIOD 1981 TO 2010
CLIMATE RECORD PERIOD 1871 TO 2017


WEATHER ITEM   OBSERVED TIME   RECORD YEAR NORMAL DEPARTURE LAST
                VALUE   (LST)  VALUE       VALUE  FROM      YEAR
                                                  NORMAL
..................................................................
TEMPERATURE (F)
 TODAY
  MAXIMUM         60    304 PM  77    1975  61     -1       58
                                      1942
  MINIMUM         36    803 AM  20    1991  42     -6       44
  AVERAGE         48                        52     -4       51

PRECIPITATION (IN)
  TODAY            0.00          1.38 1895   0.11  -0.11     0.00
  MONTH TO DATE    1.45                      0.98   0.47     0.24
  SINCE SEP 1     11.81                      7.25   4.56     3.17
  SINCE JAN 1     41.22                     38.47   2.75    36.84

SNOWFALL (IN)
  TODAY            0.0           0.2  1892   0.0    0.0      0.0
  MONTH TO DATE    0.0                       0.0    0.0      0.0
  SINCE SEP 1      T                         0.1   -0.1      0.0
  SINCE JUL 1      T                         0.1   -0.1      0.0
  SNOW DEPTH       0

DEGREE DAYS
 HEATING
  TODAY           17                        14      3       14
  MONTH TO DATE   70                       111    -41       53
  SINCE SEP 1    265                       353    -88      138
  SINCE JUL 1    265                       353    -88      138

 COOLING
  TODAY            0                         0      0        0
  MONTH TO DATE    8                         0      8       17
  SINCE SEP 1    295                       252     43      472
  SINCE JAN 1   1789                      1609    180     2080
..................................................................


WIND (MPH)
  HIGHEST WIND SPEED    15   HIGHEST WIND DIRECTION     W (280)
  HIGHEST GUST SPEED    18   HIGHEST GUST DIRECTION     W (290)
  AVERAGE WIND SPEED     3.9


SKY COVER
  POSSIBLE SUNSHINE  MM
  AVERAGE SKY COVER 0.0


WEATHER CONDITIONS
 THE FOLLOWING WEATHER WAS RECORDED TODAY.
  FOG


RELATIVE HUMIDITY (PERCENT)
 HIGHEST    92           600 AM
 LOWEST     33           400 PM
 AVERAGE    63

..........................................................


THE LOUISVILLE KY CLIMATE NORMALS FOR TOMORROW
                         NORMAL    RECORD    YEAR
 MAXIMUM TEMPERATURE (F)   61        78      2006
                                             2002
 MINIMUM TEMPERATURE (F)   42        21      1973
                                             1957


SUNRISE AND SUNSET
NOVEMBER  9 2017......SUNRISE   718 AM EST   SUNSET   535 PM EST
NOVEMBER 10 2017......SUNRISE   719 AM EST   SUNSET   534 PM EST


-  INDICATES NEGATIVE NUMBERS.
R  INDICATES RECORD WAS SET OR TIED.
MM INDICATES DATA IS MISSING.
T  INDICATES TRACE AMOUNT.




$$
