467
CDUS43 KLMK 230628
CLISDF


CLIMATE REPORT
NATIONAL WEATHER SERVICE LOUISVILLE KY
228 AM EDT TUE AUG 23 2016


...................................

...THE LOUISVILLE KY CLIMATE SUMMARY FOR AUGUST 22 2016...

CLIMATE NORMAL PERIOD 1981 TO 2010
CLIMATE RECORD PERIOD 1871 TO 2016


WEATHER ITEM   OBSERVED TIME   RECORD YEAR NORMAL DEPARTURE LAST
                VALUE   (LST)  VALUE       VALUE  FROM      YEAR
                                                  NORMAL
..................................................................
TEMPERATURE (F)
 YESTERDAY
  MAXIMUM         83    432 PM 101    1936  88     -5       85
  MINIMUM         63    551 AM  49    1950  68     -5       63
  AVERAGE         73                        78     -5       74

PRECIPITATION (IN)
  YESTERDAY        0.00          1.32 1970   0.10  -0.10     0.00
  MONTH TO DATE    5.68                      2.51   3.17     3.47
  SINCE JUN 1     14.58                     10.53   4.05    18.94
  SINCE JAN 1     33.64                     30.40   3.24    43.06

SNOWFALL (IN)
  YESTERDAY        0.0          MM      MM   0.0    0.0      0.0
  MONTH TO DATE    0.0                       0.0    0.0      0.0
  SINCE JUN 1      0.0                       0.0    0.0      0.0
  SINCE JUL 1      0.0                       0.0    0.0      0.0
  SNOW DEPTH       0

DEGREE DAYS
 HEATING
  YESTERDAY        0                         0      0        0
  MONTH TO DATE    0                         0      0        0
  SINCE JUN 1      0                         5     -5        6
  SINCE JUL 1      0                         0      0        0

 COOLING
  YESTERDAY        8                        13     -5        9
  MONTH TO DATE  350                       304     46      276
  SINCE JUN 1   1254                      1071    183     1118
  SINCE JAN 1   1447                      1245    202     1369
..................................................................


WIND (MPH)
  HIGHEST WIND SPEED     8   HIGHEST WIND DIRECTION    SE (150)
  HIGHEST GUST SPEED    11   HIGHEST GUST DIRECTION     N (360)
  AVERAGE WIND SPEED     2.2


SKY COVER
  POSSIBLE SUNSHINE  MM
  AVERAGE SKY COVER 0.3


WEATHER CONDITIONS
 THE FOLLOWING WEATHER WAS RECORDED YESTERDAY.
  NO SIGNIFICANT WEATHER WAS OBSERVED.


RELATIVE HUMIDITY (PERCENT)
 HIGHEST    87           400 AM
 LOWEST     36           400 PM
 AVERAGE    62

..........................................................


THE LOUISVILLE KY CLIMATE NORMALS FOR TODAY
                         NORMAL    RECORD    YEAR
 MAXIMUM TEMPERATURE (F)   88        99      2007
 MINIMUM TEMPERATURE (F)   68        51      1950


SUNRISE AND SUNSET
AUGUST 23 2016........SUNRISE   705 AM EDT   SUNSET   825 PM EDT
AUGUST 24 2016........SUNRISE   706 AM EDT   SUNSET   824 PM EDT


-  INDICATES NEGATIVE NUMBERS.
R  INDICATES RECORD WAS SET OR TIED.
MM INDICATES DATA IS MISSING.
T  INDICATES TRACE AMOUNT.




$$
