000
CDUS43 KLMK 042035
CLISDF


CLIMATE REPORT
NATIONAL WEATHER SERVICE LOUISVILLE KY
434 PM EDT MON SEP 4 2017


...................................

...THE LOUISVILLE KY CLIMATE SUMMARY FOR SEPTEMBER 4 2017...
VALID TODAY AS OF 0400 PM LOCAL TIME.

CLIMATE NORMAL PERIOD 1981 TO 2010
CLIMATE RECORD PERIOD 1871 TO 2017


WEATHER ITEM   OBSERVED TIME   RECORD YEAR NORMAL DEPARTURE LAST
                VALUE   (LST)  VALUE       VALUE  FROM      YEAR
                                                  NORMAL
..................................................................
TEMPERATURE (F)
 TODAY
  MAXIMUM         88    253 PM 102    1954  86      2       87
  MINIMUM         70    202 AM  47    1997  65      5       62
                                      1952
  AVERAGE         79                        75      4       75

PRECIPITATION (IN)
  TODAY            0.00          2.30 1923   0.09  -0.09     0.00
  MONTH TO DATE    3.95                      0.36   3.59     0.00
  SINCE SEP 1      3.95                      0.36   3.59     0.00
  SINCE JAN 1     33.36                     31.58   1.78    33.67

SNOWFALL (IN)
  TODAY            0.0          MM      MM   0.0    0.0      0.0
  MONTH TO DATE    0.0                       0.0    0.0      0.0
  SINCE SEP 1      0.0                       0.0    0.0      0.0
  SINCE JUL 1      0.0                       0.0    0.0      0.0
  SNOW DEPTH       0

DEGREE DAYS
 HEATING
  TODAY            0                         0      0        0
  MONTH TO DATE    4                         0      4        0
  SINCE SEP 1      4                         0      4        0
  SINCE JUL 1      4                         0      4        0

 COOLING
  TODAY           14                        10      4       10
  MONTH TO DATE   18                        43    -25       37
  SINCE SEP 1     18                        43    -25       37
  SINCE JAN 1   1512                      1400    112     1645
..................................................................


WIND (MPH)
  HIGHEST WIND SPEED    21   HIGHEST WIND DIRECTION    SW (210)
  HIGHEST GUST SPEED    27   HIGHEST GUST DIRECTION    SW (240)
  AVERAGE WIND SPEED     9.4


SKY COVER
  POSSIBLE SUNSHINE  MM
  AVERAGE SKY COVER 0.4


WEATHER CONDITIONS
 THE FOLLOWING WEATHER WAS RECORDED TODAY.
  NO SIGNIFICANT WEATHER WAS OBSERVED.


RELATIVE HUMIDITY (PERCENT)
 HIGHEST    84           100 AM
 LOWEST     51           300 PM
 AVERAGE    68

..........................................................


THE LOUISVILLE KY CLIMATE NORMALS FOR TOMORROW
                         NORMAL    RECORD    YEAR
 MAXIMUM TEMPERATURE (F)   85       104      1954
 MINIMUM TEMPERATURE (F)   65        47      1997
                                             1974


SUNRISE AND SUNSET
SEPTEMBER  4 2017.....SUNRISE   715 AM EDT   SUNSET   808 PM EDT
SEPTEMBER  5 2017.....SUNRISE   716 AM EDT   SUNSET   806 PM EDT


-  INDICATES NEGATIVE NUMBERS.
R  INDICATES RECORD WAS SET OR TIED.
MM INDICATES DATA IS MISSING.
T  INDICATES TRACE AMOUNT.




$$
