995
CDUS43 KLMK 160626
CLISDF


CLIMATE REPORT
NATIONAL WEATHER SERVICE LOUISVILLE KY
226 AM EDT FRI SEP 16 2016


...................................

...THE LOUISVILLE KY CLIMATE SUMMARY FOR SEPTEMBER 15 2016...

CLIMATE NORMAL PERIOD 1981 TO 2010
CLIMATE RECORD PERIOD 1871 TO 2016


WEATHER ITEM   OBSERVED TIME   RECORD YEAR NORMAL DEPARTURE LAST
                VALUE   (LST)  VALUE       VALUE  FROM      YEAR
                                                  NORMAL
..................................................................
TEMPERATURE (F)
 YESTERDAY
  MAXIMUM         88    404 PM  99    1897  82      6       83
  MINIMUM         70    723 AM  44    1902  61      9       55
  AVERAGE         79                        71      8       69

PRECIPITATION (IN)
  YESTERDAY        0.00          2.04 1881   0.11  -0.11     0.00
  MONTH TO DATE    0.47                      1.49  -1.02     0.80
  SINCE SEP 1      0.47                      1.49  -1.02     0.80
  SINCE JAN 1     34.14                     32.71   1.43    43.86

SNOWFALL (IN)
  YESTERDAY        0.0          MM      MM   0.0    0.0      0.0
  MONTH TO DATE    0.0                       0.0    0.0      0.0
  SINCE SEP 1      0.0                       0.0    0.0      0.0
  SINCE JUL 1      0.0                       0.0    0.0      0.0
  SNOW DEPTH       0

DEGREE DAYS
 HEATING
  YESTERDAY        0                         1     -1        0
  MONTH TO DATE    0                         1     -1        4
  SINCE SEP 1      0                         1     -1        4
  SINCE JUL 1      0                         1     -1        4

 COOLING
  YESTERDAY       14                         7      7        4
  MONTH TO DATE  191                       138     53      181
  SINCE SEP 1    191                       138     53      181
  SINCE JAN 1   1799                      1495    304     1635
..................................................................


WIND (MPH)
  HIGHEST WIND SPEED    10   HIGHEST WIND DIRECTION    NE (60)
  HIGHEST GUST SPEED    14   HIGHEST GUST DIRECTION     E (80)
  AVERAGE WIND SPEED     5.5


SKY COVER
  POSSIBLE SUNSHINE  MM
  AVERAGE SKY COVER 0.8


WEATHER CONDITIONS
 THE FOLLOWING WEATHER WAS RECORDED YESTERDAY.
  HAZE


RELATIVE HUMIDITY (PERCENT)
 HIGHEST    84           400 AM
 LOWEST     46           400 PM
 AVERAGE    65

..........................................................


THE LOUISVILLE KY CLIMATE NORMALS FOR TODAY
                         NORMAL    RECORD    YEAR
 MAXIMUM TEMPERATURE (F)   82        96      1954
                                             1897
 MINIMUM TEMPERATURE (F)   61        44      1916


SUNRISE AND SUNSET
SEPTEMBER 16 2016.....SUNRISE   726 AM EDT   SUNSET   749 PM EDT
SEPTEMBER 17 2016.....SUNRISE   727 AM EDT   SUNSET   747 PM EDT


-  INDICATES NEGATIVE NUMBERS.
R  INDICATES RECORD WAS SET OR TIED.
MM INDICATES DATA IS MISSING.
T  INDICATES TRACE AMOUNT.




$$
