000
CDUS43 KLMK 060626
CLISDF


CLIMATE REPORT
NATIONAL WEATHER SERVICE LOUISVILLE KY
226 AM EDT SUN AUG 6 2017


...................................

...THE LOUISVILLE KY CLIMATE SUMMARY FOR AUGUST 5 2017...

CLIMATE NORMAL PERIOD 1981 TO 2010
CLIMATE RECORD PERIOD 1871 TO 2017


WEATHER ITEM   OBSERVED TIME   RECORD YEAR NORMAL DEPARTURE LAST
                VALUE   (LST)  VALUE       VALUE  FROM      YEAR
                                                  NORMAL
..................................................................
TEMPERATURE (F)
 YESTERDAY
  MAXIMUM         82    250 PM 105    1918  89     -7       91
  MINIMUM         58    606 AM  55    1951  70    -12       74
                                      1912
                                      1894
  AVERAGE         70                        79     -9       83

PRECIPITATION (IN)
  YESTERDAY        0.00          2.11 1903   0.11  -0.11     0.27
  MONTH TO DATE    0.19                      0.61  -0.42     1.27
  SINCE JUN 1      6.24                      8.63  -2.39    10.17
  SINCE JAN 1     25.40                     28.50  -3.10    29.23

SNOWFALL (IN)
  YESTERDAY        0.0          MM      MM   0.0    0.0      0.0
  MONTH TO DATE    0.0                       0.0    0.0      0.0
  SINCE JUN 1      0.0                       0.0    0.0      0.0
  SINCE JUL 1      0.0                       0.0    0.0      0.0
  SNOW DEPTH       0

DEGREE DAYS
 HEATING
  YESTERDAY        0                         0      0        0
  MONTH TO DATE    0                         0      0        0
  SINCE JUN 1      0                         5     -5        0
  SINCE JUL 1      0                         0      0        0

 COOLING
  YESTERDAY        5                        14     -9       18
  MONTH TO DATE   56                        70    -14       86
  SINCE JUN 1    883                       837     46      990
  SINCE JAN 1   1175                      1011    164     1183
..................................................................


WIND (MPH)
  HIGHEST WIND SPEED    10   HIGHEST WIND DIRECTION    SW (240)
  HIGHEST GUST SPEED    14   HIGHEST GUST DIRECTION     E (100)
  AVERAGE WIND SPEED     3.5


SKY COVER
  POSSIBLE SUNSHINE  MM
  AVERAGE SKY COVER 0.5


WEATHER CONDITIONS
 THE FOLLOWING WEATHER WAS RECORDED YESTERDAY.
  NO SIGNIFICANT WEATHER WAS OBSERVED.


RELATIVE HUMIDITY (PERCENT)
 HIGHEST    93           600 AM
 LOWEST     35           100 PM
 AVERAGE    64

..........................................................


THE LOUISVILLE KY CLIMATE NORMALS FOR TODAY
                         NORMAL    RECORD    YEAR
 MAXIMUM TEMPERATURE (F)   89       100      1930
                                             1918
 MINIMUM TEMPERATURE (F)   70        54      1948


SUNRISE AND SUNSET
AUGUST  6 2017........SUNRISE   650 AM EDT   SUNSET   847 PM EDT
AUGUST  7 2017........SUNRISE   651 AM EDT   SUNSET   846 PM EDT


-  INDICATES NEGATIVE NUMBERS.
R  INDICATES RECORD WAS SET OR TIED.
MM INDICATES DATA IS MISSING.
T  INDICATES TRACE AMOUNT.




$$
