000
CDUS43 KLMK 062144
CLISDF


CLIMATE REPORT
NATIONAL WEATHER SERVICE LOUISVILLE KY
443 PM EST FRI JAN 6 2017


...................................

...THE LOUISVILLE KY CLIMATE SUMMARY FOR JANUARY 6 2017...
VALID TODAY AS OF 0400 PM LOCAL TIME.

CLIMATE NORMAL PERIOD 1981 TO 2010
CLIMATE RECORD PERIOD 1871 TO 2017


WEATHER ITEM   OBSERVED TIME   RECORD YEAR NORMAL DEPARTURE LAST
                VALUE   (LST)  VALUE       VALUE  FROM      YEAR
                                                  NORMAL
..................................................................
TEMPERATURE (F)
 TODAY
  MAXIMUM         20    302 PM  72    1946  43    -23       45
  MINIMUM         14    921 AM -14    1884  27    -13       23
  AVERAGE         17                        35    -18       34

PRECIPITATION (IN)
  TODAY            T             1.34 1998   0.10  -0.10     0.00
  MONTH TO DATE    0.51                      0.64  -0.13      T
  SINCE DEC 1      5.81                      4.47   1.34     6.58
  SINCE JAN 1      0.51                      0.64  -0.13      T

SNOWFALL (IN)
  TODAY            T             6.6  1910   0.1   -0.1      0.0
  MONTH TO DATE    2.3                       0.6    1.7       T
  SINCE DEC 1      2.4                       3.2   -0.8       T
  SINCE JUL 1      2.4                       3.4   -1.0       T
  SNOW DEPTH       2

DEGREE DAYS
 HEATING
  TODAY           48                        30     18       31
  MONTH TO DATE  172                       180     -8      175
  SINCE DEC 1   1003                      1021    -18      633
  SINCE JUL 1   1470                      1756   -286     1157

 COOLING
  TODAY            0                         0      0        0
  MONTH TO DATE    0                         0      0        0
  SINCE DEC 1      1                         1      0        3
  SINCE JAN 1      0                         0      0        0
..................................................................


WIND (MPH)
  HIGHEST WIND SPEED    16   HIGHEST WIND DIRECTION     N (360)
  HIGHEST GUST SPEED    19   HIGHEST GUST DIRECTION     N (360)
  AVERAGE WIND SPEED     9.6


SKY COVER
  POSSIBLE SUNSHINE  MM
  AVERAGE SKY COVER 0.9


WEATHER CONDITIONS
 THE FOLLOWING WEATHER WAS RECORDED TODAY.
  LIGHT SNOW
  HAZE


RELATIVE HUMIDITY (PERCENT)
 HIGHEST    67           100 AM
 LOWEST     49           200 PM
 AVERAGE    58

..........................................................


THE LOUISVILLE KY CLIMATE NORMALS FOR TOMORROW
                         NORMAL    RECORD    YEAR
 MAXIMUM TEMPERATURE (F)   43        72      1907
 MINIMUM TEMPERATURE (F)   27        -8      1912


SUNRISE AND SUNSET
JANUARY  6 2017.......SUNRISE   800 AM EST   SUNSET   538 PM EST
JANUARY  7 2017.......SUNRISE   800 AM EST   SUNSET   539 PM EST


-  INDICATES NEGATIVE NUMBERS.
R  INDICATES RECORD WAS SET OR TIED.
MM INDICATES DATA IS MISSING.
T  INDICATES TRACE AMOUNT.




$$
