000
CDUS43 KLMK 262129
CLISDF


CLIMATE REPORT
NATIONAL WEATHER SERVICE LOUISVILLE KY
429 PM EST SUN NOV 26 2017


...................................

...THE LOUISVILLE KY CLIMATE SUMMARY FOR NOVEMBER 26 2017...
VALID TODAY AS OF 0400 PM LOCAL TIME.

CLIMATE NORMAL PERIOD 1981 TO 2010
CLIMATE RECORD PERIOD 1871 TO 2017


WEATHER ITEM   OBSERVED TIME   RECORD YEAR NORMAL DEPARTURE LAST
                VALUE   (LST)  VALUE       VALUE  FROM      YEAR
                                                  NORMAL
..................................................................
TEMPERATURE (F)
 TODAY
  MAXIMUM         57    355 PM  73    1896  53      4       49
  MINIMUM         35    752 AM  14    1930  36     -1       35
                                      1898
  AVERAGE         46                        44      2       42

PRECIPITATION (IN)
  TODAY            0.00          1.79 1978   0.13  -0.13     0.00
  MONTH TO DATE    2.03                      3.07  -1.04     0.76
  SINCE SEP 1     12.39                      9.34   3.05     3.69
  SINCE JAN 1     41.80                     40.56   1.24    37.36

SNOWFALL (IN)
  TODAY            0.0           3.5  1950   0.0    0.0      0.0
  MONTH TO DATE    0.0                       0.1   -0.1      0.0
  SINCE SEP 1      T                         0.2   -0.2      0.0
  SINCE JUL 1      T                         0.2   -0.2      0.0
  SNOW DEPTH       0

DEGREE DAYS
 HEATING
  TODAY           19                        21     -2       23
  MONTH TO DATE  418                       405     13      324
  SINCE SEP 1    613                       647    -34      409
  SINCE JUL 1    613                       647    -34      409

 COOLING
  TODAY            0                         0      0        0
  MONTH TO DATE    8                         0      8       19
  SINCE SEP 1    295                       252     43      474
  SINCE JAN 1   1789                      1609    180     2082
..................................................................


WIND (MPH)
  HIGHEST WIND SPEED     9   HIGHEST WIND DIRECTION    NW (310)
  HIGHEST GUST SPEED    14   HIGHEST GUST DIRECTION    NW (310)
  AVERAGE WIND SPEED     3.0


SKY COVER
  POSSIBLE SUNSHINE  MM
  AVERAGE SKY COVER 0.1


WEATHER CONDITIONS
 THE FOLLOWING WEATHER WAS RECORDED TODAY.
  HAZE


RELATIVE HUMIDITY (PERCENT)
 HIGHEST    76           900 AM
 LOWEST     26           400 PM
 AVERAGE    51

..........................................................


THE LOUISVILLE KY CLIMATE NORMALS FOR TOMORROW
                         NORMAL    RECORD    YEAR
 MAXIMUM TEMPERATURE (F)   52        77      1990
 MINIMUM TEMPERATURE (F)   35         8      1930


SUNRISE AND SUNSET
NOVEMBER 26 2017......SUNRISE   736 AM EST   SUNSET   525 PM EST
NOVEMBER 27 2017......SUNRISE   737 AM EST   SUNSET   524 PM EST


-  INDICATES NEGATIVE NUMBERS.
R  INDICATES RECORD WAS SET OR TIED.
MM INDICATES DATA IS MISSING.
T  INDICATES TRACE AMOUNT.




$$
