000
CDUS43 KLMK 110628
CLISDF


CLIMATE REPORT
NATIONAL WEATHER SERVICE LOUISVILLE KY
127 AM EST SAT MAR 11 2017


...................................

...THE LOUISVILLE KY CLIMATE SUMMARY FOR MARCH 10 2017...

CLIMATE NORMAL PERIOD 1981 TO 2010
CLIMATE RECORD PERIOD 1871 TO 2017


WEATHER ITEM   OBSERVED TIME   RECORD YEAR NORMAL DEPARTURE LAST
                VALUE   (LST)  VALUE       VALUE  FROM      YEAR
                                                  NORMAL
..................................................................
TEMPERATURE (F)
 YESTERDAY
  MAXIMUM         54    122 AM  78    2009  56     -2       65
  MINIMUM         37   1159 PM  12    1932  36      1       53
  AVERAGE         46                        46      0       59

PRECIPITATION (IN)
  YESTERDAY        T             1.95 1952   0.13  -0.13     1.02
  MONTH TO DATE    2.43                      1.25   1.18     1.71
  SINCE MAR 1      2.43                      1.25   1.18     1.71
  SINCE JAN 1      8.70                      7.67   1.03     7.53

SNOWFALL (IN)
  YESTERDAY        0.0           5.2  1975   0.0    0.0      0.0
  MONTH TO DATE    0.0                       0.6   -0.6      0.5
  SINCE MAR 1      0.0                       0.6   -0.6      0.5
  SINCE JUL 1      2.7                      11.6   -8.9     14.9
  SNOW DEPTH       0

DEGREE DAYS
 HEATING
  YESTERDAY       19                        19      0        6
  MONTH TO DATE  139                       208    -69      166
  SINCE MAR 1    139                       208    -69      166
  SINCE JUL 1   2604                      3449   -845     2788

 COOLING
  YESTERDAY        0                         0      0        0
  MONTH TO DATE    0                         0      0        0
  SINCE MAR 1      0                         0      0        0
  SINCE JAN 1      5                         0      5        0
..................................................................


WIND (MPH)
  HIGHEST WIND SPEED    26   HIGHEST WIND DIRECTION     N (340)
  HIGHEST GUST SPEED    33   HIGHEST GUST DIRECTION     N (350)
  AVERAGE WIND SPEED    14.8


SKY COVER
  POSSIBLE SUNSHINE  MM
  AVERAGE SKY COVER 0.5


WEATHER CONDITIONS
 THE FOLLOWING WEATHER WAS RECORDED YESTERDAY.
  LIGHT RAIN


RELATIVE HUMIDITY (PERCENT)
 HIGHEST    67           600 AM
 LOWEST     21           300 PM
 AVERAGE    44

..........................................................


THE LOUISVILLE KY CLIMATE NORMALS FOR TODAY
                         NORMAL    RECORD    YEAR
 MAXIMUM TEMPERATURE (F)   56        80      1911
 MINIMUM TEMPERATURE (F)   36        16      1998
                                             1934


SUNRISE AND SUNSET
MARCH 11 2017.........SUNRISE   700 AM EST   SUNSET   646 PM EST
MARCH 12 2017.........SUNRISE   758 AM EDT   SUNSET   747 PM EDT


-  INDICATES NEGATIVE NUMBERS.
R  INDICATES RECORD WAS SET OR TIED.
MM INDICATES DATA IS MISSING.
T  INDICATES TRACE AMOUNT.




$$
