000
CDUS43 KLMK 210637
CLISDF


CLIMATE REPORT
NATIONAL WEATHER SERVICE LOUISVILLE KY
237 AM EDT SAT MAR 21 2015


...................................

...THE LOUISVILLE KY CLIMATE SUMMARY FOR MARCH 20 2015...

CLIMATE NORMAL PERIOD 1981 TO 2010
CLIMATE RECORD PERIOD 1871 TO 2015


WEATHER ITEM   OBSERVED TIME   RECORD YEAR NORMAL DEPARTURE LAST
                VALUE   (LST)  VALUE       VALUE  FROM      YEAR
                                                  NORMAL
..................................................................
TEMPERATURE (F)
 YESTERDAY
  MAXIMUM         52    322 PM  85    2012  59     -7       60
                                      1894
  MINIMUM         44    819 AM  12    1885  39      5       31
  AVERAGE         48                        49     -1       46

PRECIPITATION (IN)
  YESTERDAY        0.02          1.64 1998   0.14  -0.12     0.00
  MONTH TO DATE    7.12                      2.61   4.51     1.24
  SINCE MAR 1      7.12                      2.61   4.51     1.24
  SINCE JAN 1     10.22                      9.03   1.19     7.40

SNOWFALL (IN)
  YESTERDAY        0.0           3.4  1996   0.0    0.0      0.0
  MONTH TO DATE   11.9                       1.1   10.8      3.8
  SINCE MAR 1     11.9                       1.1   10.8      3.8
  SINCE JUL 1     27.6                      12.1   15.5     25.6
  SNOW DEPTH       0

DEGREE DAYS
 HEATING
  YESTERDAY       17                        16      1       19
  MONTH TO DATE  394                       383     11      439
  SINCE MAR 1    394                       383     11      439
  SINCE JUL 1   4014                      3624    390     4093

 COOLING
  YESTERDAY        0                         0      0        0
  MONTH TO DATE    1                         0      1        0
  SINCE MAR 1      1                         0      1        0
  SINCE JAN 1      1                         0      1        0
..................................................................


WIND (MPH)
  HIGHEST WIND SPEED    12   HIGHEST WIND DIRECTION    NW (300)
  HIGHEST GUST SPEED    15   HIGHEST GUST DIRECTION    NW (310)
  AVERAGE WIND SPEED     5.4


SKY COVER
  POSSIBLE SUNSHINE  MM
  AVERAGE SKY COVER 0.9


WEATHER CONDITIONS
 THE FOLLOWING WEATHER WAS RECORDED YESTERDAY.
  LIGHT RAIN
  FOG


RELATIVE HUMIDITY (PERCENT)
 HIGHEST    92           300 AM
 LOWEST     63           200 PM
 AVERAGE    78

..........................................................


THE LOUISVILLE KY CLIMATE NORMALS FOR TODAY
                         NORMAL    RECORD    YEAR
 MAXIMUM TEMPERATURE (F)   60        87      1907
 MINIMUM TEMPERATURE (F)   39        17      1876


SUNRISE AND SUNSET
MARCH 21 2015.........SUNRISE   745 AM EDT   SUNSET   756 PM EDT
MARCH 22 2015.........SUNRISE   744 AM EDT   SUNSET   757 PM EDT


-  INDICATES NEGATIVE NUMBERS.
R  INDICATES RECORD WAS SET OR TIED.
MM INDICATES DATA IS MISSING.
T  INDICATES TRACE AMOUNT.




$$
