000
CDUS43 KLMK 030631
CLISDF


CLIMATE REPORT
NATIONAL WEATHER SERVICE LOUISVILLE KY
129 AM EST WED FEB 3 2016


...................................

...THE LOUISVILLE KY CLIMATE SUMMARY FOR FEBRUARY 2 2016...

CLIMATE NORMAL PERIOD 1981 TO 2010
CLIMATE RECORD PERIOD 1871 TO 2016


WEATHER ITEM   OBSERVED TIME   RECORD YEAR NORMAL DEPARTURE LAST
                VALUE   (LST)  VALUE       VALUE  FROM      YEAR
                                                  NORMAL
..................................................................
TEMPERATURE (F)
 YESTERDAY
  MAXIMUM         69R   453 PM  68    1903  45     24       43
  MINIMUM         40    416 AM -19    1951  28     12       24
  AVERAGE         55                        36     19       34

PRECIPITATION (IN)
  YESTERDAY        1.22          1.93 1887   0.12   1.10      T
  MONTH TO DATE    1.37                      0.24   1.13     0.45
  SINCE DEC 1      8.96                      7.31   1.65     4.89
  SINCE JAN 1      2.38                      3.48  -1.10     1.32

SNOWFALL (IN)
  YESTERDAY        0.0           3.1  2014   0.2   -0.2       T
  MONTH TO DATE    0.0                       0.4   -0.4       T
  SINCE DEC 1      8.2                       6.7    1.5      1.1
  SINCE JUL 1      8.2                       6.9    1.3      4.8
  SNOW DEPTH       0

DEGREE DAYS
 HEATING
  YESTERDAY       10                        29    -19       31
  MONTH TO DATE   22                        58    -36       52
  SINCE DEC 1   1414                      1832   -418     1748
  SINCE JUL 1   1938                      2567   -629     2634

 COOLING
  YESTERDAY        0                         0      0        0
  MONTH TO DATE    0                         0      0        0
  SINCE DEC 1      3                         1      2        0
  SINCE JAN 1      0                         0      0        0
..................................................................


WIND (MPH)
  HIGHEST WIND SPEED    24   HIGHEST WIND DIRECTION     S (170)
  HIGHEST GUST SPEED    31   HIGHEST GUST DIRECTION     S (160)
  AVERAGE WIND SPEED    10.2


SKY COVER
  POSSIBLE SUNSHINE  MM
  AVERAGE SKY COVER 0.9


WEATHER CONDITIONS
 THE FOLLOWING WEATHER WAS RECORDED YESTERDAY.
  THUNDERSTORM
  HEAVY RAIN
  RAIN
  LIGHT RAIN
  FOG
  HAZE


RELATIVE HUMIDITY (PERCENT)
 HIGHEST    90          1000 PM
 LOWEST     58          1200 AM
 AVERAGE    74

..........................................................


THE LOUISVILLE KY CLIMATE NORMALS FOR TODAY
                         NORMAL    RECORD    YEAR
 MAXIMUM TEMPERATURE (F)   45        72      1890
 MINIMUM TEMPERATURE (F)   28        -9      1951


SUNRISE AND SUNSET
FEBRUARY  3 2016......SUNRISE   746 AM EST   SUNSET   607 PM EST
FEBRUARY  4 2016......SUNRISE   745 AM EST   SUNSET   609 PM EST


-  INDICATES NEGATIVE NUMBERS.
R  INDICATES RECORD WAS SET OR TIED.
MM INDICATES DATA IS MISSING.
T  INDICATES TRACE AMOUNT.




$$
