000
CDUS43 KLMK 030524
CLISDF

CLIMATE REPORT
NATIONAL WEATHER SERVICE JACKSON KY
130 AM EDT THU APR 3 2014

...................................

...THE JACKSON KY CLIMATE SUMMARY FOR APRIL 2 2014...

CLIMATE NORMAL PERIOD 1981 TO 2010
CLIMATE RECORD PERIOD 1981 TO 2014

WEATHER ITEM   OBSERVED TIME   RECORD YEAR NORMAL DEPARTURE LAST
                VALUE   (LST)  VALUE       VALUE  FROM      YEAR
                                                  NORMAL
..................................................................
TEMPERATURE (F)
 YESTERDAY
  MAXIMUM         82    329 PM  89    2010  64     18       52
  MINIMUM         51    618 AM  28    1996  43      8       31
                                      1992
  AVERAGE         67                        53     14       42

PRECIPITATION (IN)
  YESTERDAY        T             0.66 2006   0.13  -0.13     0.00
  MONTH TO DATE    0.03                      0.25  -0.22     0.04
  SINCE MAR 1      5.54                      4.37   1.17     4.67
  SINCE JAN 1     13.16                     11.73   1.43    12.31

SNOWFALL (IN)
  YESTERDAY        0.0                       0.0    0.0      0.0
  MONTH TO DATE    0.0                       0.1   -0.1      0.0
  SINCE MAR 1     10.9                       3.0    7.9     10.7
  SINCE JUL 1     37.9                      22.6   15.3     20.0
  SNOW DEPTH       0

DEGREE DAYS
 HEATING
  YESTERDAY        0                        13    -13       23
  MONTH TO DATE    0                        26    -26       42
  SINCE MAR 1    667                       579     88      827
  SINCE JUL 1   4268                      3879    389     4053

 COOLING
  YESTERDAY        2                         1      1        0
  MONTH TO DATE    2                         2      0        0
  SINCE MAR 1      2                         9     -7        0
  SINCE JAN 1      2                         9     -7        0
..................................................................

WIND (MPH)
  HIGHEST WIND SPEED    12   HIGHEST WIND DIRECTION    NE (40)
  HIGHEST GUST SPEED    18   HIGHEST GUST DIRECTION    NE (50)
  AVERAGE WIND SPEED     4.0

SKY COVER
  POSSIBLE SUNSHINE  MM
  AVERAGE SKY COVER 0.3

WEATHER CONDITIONS
 THE FOLLOWING WEATHER WAS RECORDED YESTERDAY.
  LIGHT RAIN

RELATIVE HUMIDITY (PERCENT)
 HIGHEST    55          1000 PM
 LOWEST     32           400 PM
 AVERAGE    44
..........................................................

THE JACKSON KY CLIMATE NORMALS FOR TODAY
                         NORMAL    RECORD    YEAR
 MAXIMUM TEMPERATURE (F)   64        84      2012
 MINIMUM TEMPERATURE (F)   43        26      1992

SUNRISE AND SUNSET
APRIL  3 2014.........SUNRISE   716 AM EDT   SUNSET   758 PM EDT
APRIL  4 2014.........SUNRISE   714 AM EDT   SUNSET   759 PM EDT

-  INDICATES NEGATIVE NUMBERS.
R  INDICATES RECORD WAS SET OR TIED.
MM INDICATES DATA IS MISSING.
T  INDICATES TRACE AMOUNT.

$$

SHALLENBERGER
