000
CDUS43 KLMK 212029
CLISDF


CLIMATE REPORT
NATIONAL WEATHER SERVICE LOUISVILLE KY
428 PM EDT SUN JUN 21 2015


...................................

...THE LOUISVILLE KY CLIMATE SUMMARY FOR JUNE 21 2015...
VALID TODAY AS OF 0400 PM LOCAL TIME.

CLIMATE NORMAL PERIOD 1981 TO 2010
CLIMATE RECORD PERIOD 1871 TO 2015


WEATHER ITEM   OBSERVED TIME   RECORD YEAR NORMAL DEPARTURE LAST
                VALUE   (LST)  VALUE       VALUE  FROM      YEAR
                                                  NORMAL
..................................................................
TEMPERATURE (F)
 TODAY
  MAXIMUM         90    253 PM  98    1988  87      3       91
                                      1933
  MINIMUM         73    607 AM  52    2003  68      5       72
                                      1992
  AVERAGE         82                        77      5       82

PRECIPITATION (IN)
  TODAY            T             2.25 1952   0.13  -0.13     0.00
  MONTH TO DATE    4.55                      2.76   1.79     0.92
  SINCE JUN 1      4.55                      2.76   1.79     0.92
  SINCE JAN 1     28.67                     22.63   6.04    20.43

SNOWFALL (IN)
  TODAY            0.0          MM      MM   0.0    0.0      0.0
  MONTH TO DATE    0.0                       0.0    0.0      0.0
  SINCE JUN 1      0.0                       0.0    0.0      0.0
  SINCE JUL 1     27.6                      12.5   15.1     26.0
  SNOW DEPTH       0

DEGREE DAYS
 HEATING
  TODAY            0                         0      0        0
  MONTH TO DATE    6                         1      5        0
  SINCE JUN 1      6                         1      5        0
  SINCE JUL 1   4393                      4093    300     4547

 COOLING
  TODAY           17                        12      5       17
  MONTH TO DATE  273                       206     67      247
  SINCE JUN 1    273                       206     67      247
  SINCE JAN 1    524                       380    144      481
..................................................................


WIND (MPH)
  HIGHEST WIND SPEED    18   HIGHEST WIND DIRECTION    NW (320)
  HIGHEST GUST SPEED    23   HIGHEST GUST DIRECTION     W (280)
  AVERAGE WIND SPEED     8.4


SKY COVER
  POSSIBLE SUNSHINE  MM
  AVERAGE SKY COVER 0.8


WEATHER CONDITIONS
 THE FOLLOWING WEATHER WAS RECORDED TODAY.
  LIGHT RAIN


RELATIVE HUMIDITY (PERCENT)
 HIGHEST    87           100 AM
 LOWEST     53          1200 PM
 AVERAGE    70

..........................................................


THE LOUISVILLE KY CLIMATE NORMALS FOR TOMORROW
                         NORMAL    RECORD    YEAR
 MAXIMUM TEMPERATURE (F)   87        99      1988
 MINIMUM TEMPERATURE (F)   68        49      1992
                                             1961


SUNRISE AND SUNSET
JUNE 21 2015..........SUNRISE   620 AM EDT   SUNSET   909 PM EDT
JUNE 22 2015..........SUNRISE   620 AM EDT   SUNSET   910 PM EDT


-  INDICATES NEGATIVE NUMBERS.
R  INDICATES RECORD WAS SET OR TIED.
MM INDICATES DATA IS MISSING.
T  INDICATES TRACE AMOUNT.




$$
