114
CDUS43 KLMK 210627
CLISDF


CLIMATE REPORT
NATIONAL WEATHER SERVICE LOUISVILLE KY
226 AM EDT WED SEP 21 2016


...................................

...THE LOUISVILLE KY CLIMATE SUMMARY FOR SEPTEMBER 20 2016...

CLIMATE NORMAL PERIOD 1981 TO 2010
CLIMATE RECORD PERIOD 1871 TO 2016


WEATHER ITEM   OBSERVED TIME   RECORD YEAR NORMAL DEPARTURE LAST
                VALUE   (LST)  VALUE       VALUE  FROM      YEAR
                                                  NORMAL
..................................................................
TEMPERATURE (F)
 YESTERDAY
  MAXIMUM         90    449 PM  96    1895  80     10       78
  MINIMUM         63    652 AM  43    1956  59      4       56
                                      1896
  AVERAGE         77                        69      8       67

PRECIPITATION (IN)
  YESTERDAY        0.00          3.95 2009   0.10  -0.10     0.00
  MONTH TO DATE    0.68                      1.98  -1.30     0.80
  SINCE SEP 1      0.68                      1.98  -1.30     0.80
  SINCE JAN 1     34.35                     33.20   1.15    43.86

SNOWFALL (IN)
  YESTERDAY        0.0          MM      MM   0.0    0.0      0.0
  MONTH TO DATE    0.0                       0.0    0.0      0.0
  SINCE SEP 1      0.0                       0.0    0.0      0.0
  SINCE JUL 1      0.0                       0.0    0.0      0.0
  SNOW DEPTH       0

DEGREE DAYS
 HEATING
  YESTERDAY        0                         1     -1        0
  MONTH TO DATE    0                         6     -6        4
  SINCE SEP 1      0                         6     -6        4
  SINCE JUL 1      0                         6     -6        4

 COOLING
  YESTERDAY       12                         6      6        2
  MONTH TO DATE  257                       169     88      215
  SINCE SEP 1    257                       169     88      215
  SINCE JAN 1   1865                      1526    339     1669
..................................................................


WIND (MPH)
  HIGHEST WIND SPEED    10   HIGHEST WIND DIRECTION    NE (60)
  HIGHEST GUST SPEED    13   HIGHEST GUST DIRECTION    NE (60)
  AVERAGE WIND SPEED     3.5


SKY COVER
  POSSIBLE SUNSHINE  MM
  AVERAGE SKY COVER 0.5


WEATHER CONDITIONS
 THE FOLLOWING WEATHER WAS RECORDED YESTERDAY.
  NO SIGNIFICANT WEATHER WAS OBSERVED.


RELATIVE HUMIDITY (PERCENT)
 HIGHEST    87           600 AM
 LOWEST     29           400 PM
 AVERAGE    58

..........................................................


THE LOUISVILLE KY CLIMATE NORMALS FOR TODAY
                         NORMAL    RECORD    YEAR
 MAXIMUM TEMPERATURE (F)   79        98      2010
 MINIMUM TEMPERATURE (F)   58        42      1962
                                             1897


SUNRISE AND SUNSET
SEPTEMBER 21 2016.....SUNRISE   730 AM EDT   SUNSET   741 PM EDT
SEPTEMBER 22 2016.....SUNRISE   731 AM EDT   SUNSET   739 PM EDT


-  INDICATES NEGATIVE NUMBERS.
R  INDICATES RECORD WAS SET OR TIED.
MM INDICATES DATA IS MISSING.
T  INDICATES TRACE AMOUNT.




$$
