000
CDUS43 KLMK 180635
CLISDF


CLIMATE REPORT
NATIONAL WEATHER SERVICE LOUISVILLE KY
234 AM EDT TUE AUG 18 2015


...................................

...THE LOUISVILLE KY CLIMATE SUMMARY FOR AUGUST 17 2015...

CLIMATE NORMAL PERIOD 1981 TO 2010
CLIMATE RECORD PERIOD 1871 TO 2015


WEATHER ITEM   OBSERVED TIME   RECORD YEAR NORMAL DEPARTURE LAST
                VALUE   (LST)  VALUE       VALUE  FROM      YEAR
                                                  NORMAL
..................................................................
TEMPERATURE (F)
 YESTERDAY
  MAXIMUM         82   1157 AM 101    1988  89     -7       76
  MINIMUM         72   1159 PM  55    2004  69      3       69
                                      1964
  AVERAGE         77                        79     -2       73

PRECIPITATION (IN)
  YESTERDAY        0.03          1.95 1993   0.11  -0.08     0.55
  MONTH TO DATE    2.91                      1.97   0.94     3.74
  SINCE JUN 1     18.38                      9.99   8.39     9.00
  SINCE JAN 1     42.50                     29.86  12.64    28.51

SNOWFALL (IN)
  YESTERDAY        0.0          MM      MM   0.0    0.0      0.0
  MONTH TO DATE    0.0                       0.0    0.0      0.0
  SINCE JUN 1      0.0                       0.0    0.0      0.0
  SINCE JUL 1      0.0                       0.0    0.0      0.0
  SNOW DEPTH       0

DEGREE DAYS
 HEATING
  YESTERDAY        0                         0      0        0
  MONTH TO DATE    0                         0      0        0
  SINCE JUN 1      6                         5      1        0
  SINCE JUL 1      0                         0      0        0

 COOLING
  YESTERDAY       12                        14     -2        8
  MONTH TO DATE  226                       238    -12      192
  SINCE JUN 1   1068                      1005     63      926
  SINCE JAN 1   1319                      1179    140     1160
..................................................................


WIND (MPH)
  HIGHEST WIND SPEED    17   HIGHEST WIND DIRECTION    SE (130)
  HIGHEST GUST SPEED    23   HIGHEST GUST DIRECTION     E (90)
  AVERAGE WIND SPEED     5.7


SKY COVER
  POSSIBLE SUNSHINE  MM
  AVERAGE SKY COVER 0.6


WEATHER CONDITIONS
 THE FOLLOWING WEATHER WAS RECORDED YESTERDAY.
  RAIN
  LIGHT RAIN
  HAZE


RELATIVE HUMIDITY (PERCENT)
 HIGHEST    87           600 AM
 LOWEST     62           500 PM
 AVERAGE    75

..........................................................


THE LOUISVILLE KY CLIMATE NORMALS FOR TODAY
                         NORMAL    RECORD    YEAR
 MAXIMUM TEMPERATURE (F)   89        99      1988
                                             1936
 MINIMUM TEMPERATURE (F)   69        55      1962
                                             1943
                                             1889


SUNRISE AND SUNSET
AUGUST 18 2015........SUNRISE   700 AM EDT   SUNSET   833 PM EDT
AUGUST 19 2015........SUNRISE   701 AM EDT   SUNSET   831 PM EDT


-  INDICATES NEGATIVE NUMBERS.
R  INDICATES RECORD WAS SET OR TIED.
MM INDICATES DATA IS MISSING.
T  INDICATES TRACE AMOUNT.




$$
