000
CDUS43 KLMK 150629
CLISDF


CLIMATE REPORT
NATIONAL WEATHER SERVICE LOUISVILLE KY
228 AM EDT WED OCT 15 2014


...................................

...THE LOUISVILLE KY CLIMATE SUMMARY FOR OCTOBER 14 2014...

CLIMATE NORMAL PERIOD 1981 TO 2010
CLIMATE RECORD PERIOD 1871 TO 2014


WEATHER ITEM   OBSERVED TIME   RECORD YEAR NORMAL DEPARTURE LAST
                VALUE   (LST)  VALUE       VALUE  FROM      YEAR
                                                  NORMAL
..................................................................
TEMPERATURE (F)
 YESTERDAY
  MAXIMUM         70    148 PM  90    1899  71     -1       75
                                      1897
  MINIMUM         59   1159 PM  33    1979  49     10       49
                                      1874
  AVERAGE         65                        60      5       62

PRECIPITATION (IN)
  YESTERDAY        0.68          1.53 2001   0.11   0.57     0.00
  MONTH TO DATE    2.81                      1.48   1.33     7.57
  SINCE SEP 1      6.12                      4.53   1.59    10.27
  SINCE JAN 1     37.29                     35.75   1.54    42.08

SNOWFALL (IN)
  YESTERDAY        0.0           0.0    MM   0.0    0.0      0.0
  MONTH TO DATE    0.0                       0.0    0.0      0.0
  SINCE SEP 1      0.0                       0.0    0.0      0.0
  SINCE JUL 1      0.0                       0.0    0.0      0.0
  SNOW DEPTH       0

DEGREE DAYS
 HEATING
  YESTERDAY        0                         6     -6        3
  MONTH TO DATE   50                        68    -18       20
  SINCE SEP 1     63                        98    -35       26
  SINCE JUL 1     63                        98    -35       26

 COOLING
  YESTERDAY        0                         1     -1        0
  MONTH TO DATE   25                        29     -4       53
  SINCE SEP 1    228                       239    -11      288
  SINCE JAN 1   1620                      1596     24     1628
..................................................................


WIND (MPH)
  HIGHEST WIND SPEED    33   HIGHEST WIND DIRECTION    SE (130)
  HIGHEST GUST SPEED    42   HIGHEST GUST DIRECTION    SE (150)
  AVERAGE WIND SPEED    15.1


SKY COVER
  POSSIBLE SUNSHINE  MM
  AVERAGE SKY COVER 0.8


WEATHER CONDITIONS
 THE FOLLOWING WEATHER WAS RECORDED YESTERDAY.
  HEAVY RAIN
  RAIN
  LIGHT RAIN
  FOG


RELATIVE HUMIDITY (PERCENT)
 HIGHEST    93           100 AM
 LOWEST     63           200 PM
 AVERAGE    78

..........................................................


THE LOUISVILLE KY CLIMATE NORMALS FOR TODAY
                         NORMAL    RECORD    YEAR
 MAXIMUM TEMPERATURE (F)   70        91      1897
 MINIMUM TEMPERATURE (F)   49        28      1876


SUNRISE AND SUNSET
OCTOBER 15 2014.......SUNRISE   752 AM EDT   SUNSET   705 PM EDT
OCTOBER 16 2014.......SUNRISE   753 AM EDT   SUNSET   704 PM EDT


-  INDICATES NEGATIVE NUMBERS.
R  INDICATES RECORD WAS SET OR TIED.
MM INDICATES DATA IS MISSING.
T  INDICATES TRACE AMOUNT.

$$

SCHOETTMER
