000
CDUS43 KLMK 072030
CLISDF


CLIMATE REPORT
NATIONAL WEATHER SERVICE LOUISVILLE KY
429 PM EDT SUN AUG 7 2016


...................................

...THE LOUISVILLE KY CLIMATE SUMMARY FOR AUGUST 7 2016...
VALID TODAY AS OF 0400 PM LOCAL TIME.

CLIMATE NORMAL PERIOD 1981 TO 2010
CLIMATE RECORD PERIOD 1871 TO 2016


WEATHER ITEM   OBSERVED TIME   RECORD YEAR NORMAL DEPARTURE LAST
                VALUE   (LST)  VALUE       VALUE  FROM      YEAR
                                                  NORMAL
..................................................................
TEMPERATURE (F)
 TODAY
  MAXIMUM         89    259 PM 101    2007  89      0       82
  MINIMUM         69    636 AM  53    2004  69      0       67
  AVERAGE         79                        79      0       75

PRECIPITATION (IN)
  TODAY            0.00          2.27 1920   0.11  -0.11     0.00
  MONTH TO DATE    1.27                      0.84   0.43     2.38
  SINCE JUN 1     10.17                      8.86   1.31    17.85
  SINCE JAN 1     29.23                     28.73   0.50    41.97

SNOWFALL (IN)
  TODAY            0.0          MM      MM   0.0    0.0      0.0
  MONTH TO DATE    0.0                       0.0    0.0      0.0
  SINCE JUN 1      0.0                       0.0    0.0      0.0
  SINCE JUL 1      0.0                       0.0    0.0      0.0
  SNOW DEPTH       0

DEGREE DAYS
 HEATING
  TODAY            0                         0      0        0
  MONTH TO DATE    0                         0      0        0
  SINCE JUN 1      0                         5     -5        6
  SINCE JUL 1      0                         0      0        0

 COOLING
  TODAY           14                        14      0       10
  MONTH TO DATE  117                        98     19       95
  SINCE JUN 1   1021                       865    156      937
  SINCE JAN 1   1214                      1039    175     1188
..................................................................


WIND (MPH)
  HIGHEST WIND SPEED    13   HIGHEST WIND DIRECTION    NE (60)
  HIGHEST GUST SPEED    15   HIGHEST GUST DIRECTION    NE (60)
  AVERAGE WIND SPEED     4.9


SKY COVER
  POSSIBLE SUNSHINE  MM
  AVERAGE SKY COVER 0.5


WEATHER CONDITIONS
 THE FOLLOWING WEATHER WAS RECORDED TODAY.
  NO SIGNIFICANT WEATHER WAS OBSERVED.


RELATIVE HUMIDITY (PERCENT)
 HIGHEST    84           400 AM
 LOWEST     37           300 PM
 AVERAGE    61

..........................................................


THE LOUISVILLE KY CLIMATE NORMALS FOR TOMORROW
                         NORMAL    RECORD    YEAR
 MAXIMUM TEMPERATURE (F)   89       102      2007
                                             1930
 MINIMUM TEMPERATURE (F)   69        53      1989


SUNRISE AND SUNSET
AUGUST  7 2016........SUNRISE   651 AM EDT   SUNSET   845 PM EDT
AUGUST  8 2016........SUNRISE   652 AM EDT   SUNSET   844 PM EDT


-  INDICATES NEGATIVE NUMBERS.
R  INDICATES RECORD WAS SET OR TIED.
MM INDICATES DATA IS MISSING.
T  INDICATES TRACE AMOUNT.




$$
