908
CDUS43 KLMK 130627
CLISDF


CLIMATE REPORT
NATIONAL WEATHER SERVICE LOUISVILLE KY
227 AM EDT SAT MAY 13 2017


...................................

...THE LOUISVILLE KY CLIMATE SUMMARY FOR MAY 12 2017...

CLIMATE NORMAL PERIOD 1981 TO 2010
CLIMATE RECORD PERIOD 1871 TO 2017


WEATHER ITEM   OBSERVED TIME   RECORD YEAR NORMAL DEPARTURE LAST
                VALUE   (LST)  VALUE       VALUE  FROM      YEAR
                                                  NORMAL
..................................................................
TEMPERATURE (F)
 YESTERDAY
  MAXIMUM         63    721 PM  90    1902  76    -13       80
                                      1881
  MINIMUM         56   1159 PM  40    1917  56      0       63
  AVERAGE         60                        66     -6       72

PRECIPITATION (IN)
  YESTERDAY        0.06          1.70 2002   0.18  -0.12     0.11
  MONTH TO DATE    2.70                      2.11   0.59     2.51
  SINCE MAR 1     10.85                     10.29   0.56    11.19
  SINCE JAN 1     17.12                     16.71   0.41    17.01

SNOWFALL (IN)
  YESTERDAY        0.0          MM      MM   0.0    0.0      0.0
  MONTH TO DATE    0.0                       0.0    0.0      0.0
  SINCE MAR 1      T                         1.5   -1.5      0.5
  SINCE JUL 1      2.7                      12.5   -9.8     14.9
  SNOW DEPTH       0

DEGREE DAYS
 HEATING
  YESTERDAY        5                         3      2        0
  MONTH TO DATE   69                        40     29       31
  SINCE MAR 1    617                       824   -207      570
  SINCE JUL 1   3082                      4065   -983     3192

 COOLING
  YESTERDAY        0                         3     -3        7
  MONTH TO DATE   25                        30     -5       38
  SINCE MAR 1    143                        73     70      101
  SINCE JAN 1    148                        73     75      101
..................................................................


WIND (MPH)
  HIGHEST WIND SPEED    15   HIGHEST WIND DIRECTION     N (360)
  HIGHEST GUST SPEED    18   HIGHEST GUST DIRECTION     N (20)
  AVERAGE WIND SPEED     7.0


SKY COVER
  POSSIBLE SUNSHINE  MM
  AVERAGE SKY COVER 0.9


WEATHER CONDITIONS
 THE FOLLOWING WEATHER WAS RECORDED YESTERDAY.
  LIGHT RAIN
  FOG
  HAZE


RELATIVE HUMIDITY (PERCENT)
 HIGHEST    90           100 AM
 LOWEST     72           500 PM
 AVERAGE    81

..........................................................


THE LOUISVILLE KY CLIMATE NORMALS FOR TODAY
                         NORMAL    RECORD    YEAR
 MAXIMUM TEMPERATURE (F)   76        91      1902
                                             1881
 MINIMUM TEMPERATURE (F)   56        40      1997
                                             1996


SUNRISE AND SUNSET
MAY 13 2017...........SUNRISE   634 AM EDT   SUNSET   845 PM EDT
MAY 14 2017...........SUNRISE   633 AM EDT   SUNSET   846 PM EDT


-  INDICATES NEGATIVE NUMBERS.
R  INDICATES RECORD WAS SET OR TIED.
MM INDICATES DATA IS MISSING.
T  INDICATES TRACE AMOUNT.




$$
