000
CDUS43 KLMK 230627
CLISDF


CLIMATE REPORT
NATIONAL WEATHER SERVICE LOUISVILLE KY
226 AM EDT TUE JUN 23 2015


...................................

...THE LOUISVILLE KY CLIMATE SUMMARY FOR JUNE 22 2015...

CLIMATE NORMAL PERIOD 1981 TO 2010
CLIMATE RECORD PERIOD 1871 TO 2015


WEATHER ITEM   OBSERVED TIME   RECORD YEAR NORMAL DEPARTURE LAST
                VALUE   (LST)  VALUE       VALUE  FROM      YEAR
                                                  NORMAL
..................................................................
TEMPERATURE (F)
 YESTERDAY
  MAXIMUM         90    143 PM  99    1988  87      3       91
  MINIMUM         70    324 AM  49    1992  68      2       70
                                      1961
  AVERAGE         80                        77      3       81

PRECIPITATION (IN)
  YESTERDAY        0.14          2.51 2011   0.12   0.02     0.00
  MONTH TO DATE    4.75                      2.88   1.87     0.92
  SINCE JUN 1      4.75                      2.88   1.87     0.92
  SINCE JAN 1     28.87                     22.75   6.12    20.43

SNOWFALL (IN)
  YESTERDAY        0.0          MM      MM   0.0    0.0      0.0
  MONTH TO DATE    0.0                       0.0    0.0      0.0
  SINCE JUN 1      0.0                       0.0    0.0      0.0
  SINCE JUL 1     27.6                      12.5   15.1     26.0
  SNOW DEPTH       0

DEGREE DAYS
 HEATING
  YESTERDAY        0                         0      0        0
  MONTH TO DATE    6                         1      5        0
  SINCE JUN 1      6                         1      5        0
  SINCE JUL 1   4393                      4093    300     4547

 COOLING
  YESTERDAY       15                        12      3       16
  MONTH TO DATE  287                       218     69      263
  SINCE JUN 1    287                       218     69      263
  SINCE JAN 1    538                       392    146      497
..................................................................


WIND (MPH)
  HIGHEST WIND SPEED    20   HIGHEST WIND DIRECTION     W (260)
  HIGHEST GUST SPEED    25   HIGHEST GUST DIRECTION     W (260)
  AVERAGE WIND SPEED     8.8


SKY COVER
  POSSIBLE SUNSHINE  MM
  AVERAGE SKY COVER 0.7


WEATHER CONDITIONS
 THE FOLLOWING WEATHER WAS RECORDED YESTERDAY.
  THUNDERSTORM
  LIGHT RAIN
  FOG


RELATIVE HUMIDITY (PERCENT)
 HIGHEST    90           200 AM
 LOWEST     55           400 PM
 AVERAGE    73

..........................................................


THE LOUISVILLE KY CLIMATE NORMALS FOR TODAY
                         NORMAL    RECORD    YEAR
 MAXIMUM TEMPERATURE (F)   87        98      1988
                                             1914
                                             1908
 MINIMUM TEMPERATURE (F)   68        47      1972


SUNRISE AND SUNSET
JUNE 23 2015..........SUNRISE   620 AM EDT   SUNSET   910 PM EDT
JUNE 24 2015..........SUNRISE   621 AM EDT   SUNSET   910 PM EDT


-  INDICATES NEGATIVE NUMBERS.
R  INDICATES RECORD WAS SET OR TIED.
MM INDICATES DATA IS MISSING.
T  INDICATES TRACE AMOUNT.




$$
