000
CDUS43 KLMK 240632
CLISDF

CLIMATE REPORT
NATIONAL WEATHER SERVICE LOUISVILLE KY
130 AM EST TUE FEB 24 2015
..................................

...THE LOUISVILLE KY CLIMATE SUMMARY FOR FEBRUARY 23 2015...

CLIMATE NORMAL PERIOD 1981 TO 2010
CLIMATE RECORD PERIOD 1871 TO 2015


WEATHER ITEM   OBSERVED TIME   RECORD YEAR NORMAL DEPARTURE LAST
                VALUE   (LST)  VALUE       VALUE  FROM      YEAR
                                                  NORMAL
..................................................................
TEMPERATURE (F)
 YESTERDAY
  MAXIMUM         25   1209 AM  76    1996  50    -25       44
  MINIMUM         13   1113 PM   5    1963  32    -19       28
  AVERAGE         19                        41    -22       36

PRECIPITATION (IN)
  YESTERDAY        0.00          4.78 1909   0.11  -0.11     0.06
  MONTH TO DATE    2.23                      2.60  -0.37     3.74
  SINCE DEC 1      6.67                      9.67  -3.00    11.58
  SINCE JAN 1      3.10                      5.84  -2.74     6.15

SNOWFALL (IN)
  YESTERDAY        0.0           3.8  1907   0.1   -0.1      0.4
  MONTH TO DATE   10.9                       3.9    7.0      7.5
  SINCE DEC 1     12.0                      10.2    1.8     21.1
  SINCE JUL 1     15.7                      10.4    5.3     21.6
  SNOW DEPTH       3

DEGREE DAYS
 HEATING
  YESTERDAY       46                        24     22       29
  MONTH TO DATE  838                       616    222      715
  SINCE DEC 1   2534                      2390    144     2645
  SINCE JUL 1   3420                      3125    295     3475

 COOLING
  YESTERDAY        0                         0      0        0
  MONTH TO DATE    0                         0      0        0
  SINCE DEC 1      0                         1     -1        0
  SINCE JAN 1      0                         0      0        0
..................................................................


WIND (MPH)
  HIGHEST WIND SPEED    22   HIGHEST WIND DIRECTION     N (360)
  HIGHEST GUST SPEED    27   HIGHEST GUST DIRECTION     N (360)
  AVERAGE WIND SPEED    11.2


SKY COVER
  POSSIBLE SUNSHINE  MM
  AVERAGE SKY COVER 0.7


WEATHER CONDITIONS
 THE FOLLOWING WEATHER WAS RECORDED YESTERDAY.
  NO SIGNIFICANT WEATHER WAS OBSERVED.


RELATIVE HUMIDITY (PERCENT)
 HIGHEST    67           500 AM
 LOWEST     39           300 PM
 AVERAGE    53

..........................................................


THE LOUISVILLE KY CLIMATE NORMALS FOR TODAY
                         NORMAL    RECORD    YEAR
 MAXIMUM TEMPERATURE (F)   51        71      2000
 MINIMUM TEMPERATURE (F)   32         3      1914


SUNRISE AND SUNSET
FEBRUARY 24 2015......SUNRISE   722 AM EST   SUNSET   631 PM EST
FEBRUARY 25 2015......SUNRISE   721 AM EST   SUNSET   632 PM EST


-  INDICATES NEGATIVE NUMBERS.
R  INDICATES RECORD WAS SET OR TIED.
MM INDICATES DATA IS MISSING.
T  INDICATES TRACE AMOUNT.

$$
04
