000
CDUS43 KLMK 140629
CLISDF


CLIMATE REPORT
NATIONAL WEATHER SERVICE LOUISVILLE KY
228 AM EDT THU MAY 14 2015


...................................

...THE LOUISVILLE KY CLIMATE SUMMARY FOR MAY 13 2015...

CLIMATE NORMAL PERIOD 1981 TO 2010
CLIMATE RECORD PERIOD 1871 TO 2015


WEATHER ITEM   OBSERVED TIME   RECORD YEAR NORMAL DEPARTURE LAST
                VALUE   (LST)  VALUE       VALUE  FROM      YEAR
                                                  NORMAL
..................................................................
TEMPERATURE (F)
 YESTERDAY
  MAXIMUM         72    430 PM  91    1902  76     -4       88
                                      1881
  MINIMUM         52    613 AM  40    1997  56     -4       68
                                      1996
  AVERAGE         62                        66     -4       78

PRECIPITATION (IN)
  YESTERDAY        0.00          1.89 2012   0.19  -0.19     0.07
  MONTH TO DATE    1.13                      2.30  -1.17     1.62
  SINCE MAR 1     19.77                     10.48   9.29    10.93
  SINCE JAN 1     22.87                     16.90   5.97    17.09

SNOWFALL (IN)
  YESTERDAY        0.0          MM      MM   0.0    0.0      0.0
  MONTH TO DATE    0.0                       0.0    0.0      0.0
  SINCE MAR 1     11.9                       1.5   10.4      4.2
  SINCE JUL 1     27.6                      12.5   15.1     26.0
  SNOW DEPTH       0

DEGREE DAYS
 HEATING
  YESTERDAY        3                         2      1        0
  MONTH TO DATE    9                        42    -33       26
  SINCE MAR 1    752                       826    -74      850
  SINCE JUL 1   4372                      4067    305     4504

 COOLING
  YESTERDAY        0                         4     -4       13
  MONTH TO DATE   90                        34     56       84
  SINCE MAR 1    132                        77     55      115
  SINCE JAN 1    132                        77     55      115
..................................................................


WIND (MPH)
  HIGHEST WIND SPEED    14   HIGHEST WIND DIRECTION     N (10)
  HIGHEST GUST SPEED    23   HIGHEST GUST DIRECTION     N (360)
  AVERAGE WIND SPEED     7.3


SKY COVER
  POSSIBLE SUNSHINE  MM
  AVERAGE SKY COVER 0.5


WEATHER CONDITIONS
 THE FOLLOWING WEATHER WAS RECORDED YESTERDAY.
  NO SIGNIFICANT WEATHER WAS OBSERVED.


RELATIVE HUMIDITY (PERCENT)
 HIGHEST    83           600 AM
 LOWEST     35           500 PM
 AVERAGE    59

..........................................................


THE LOUISVILLE KY CLIMATE NORMALS FOR TODAY
                         NORMAL    RECORD    YEAR
 MAXIMUM TEMPERATURE (F)   77        90      1962
                                             1881
 MINIMUM TEMPERATURE (F)   56        35      1996


SUNRISE AND SUNSET
MAY 14 2015...........SUNRISE   633 AM EDT   SUNSET   846 PM EDT
MAY 15 2015...........SUNRISE   632 AM EDT   SUNSET   847 PM EDT


-  INDICATES NEGATIVE NUMBERS.
R  INDICATES RECORD WAS SET OR TIED.
MM INDICATES DATA IS MISSING.
T  INDICATES TRACE AMOUNT.

$$

SCHOETTMER
