000
CDUS43 KLMK 192128
CLISDF

CLIMATE REPORT
NATIONAL WEATHER SERVICE LOUISVILLE KY
426 PM EST WED NOV 19 2014


...................................

...THE LOUISVILLE KY CLIMATE SUMMARY FOR NOVEMBER 19 2014...
VALID TODAY AS OF 0400 PM LOCAL TIME.

CLIMATE NORMAL PERIOD 1981 TO 2010
CLIMATE RECORD PERIOD 1871 TO 2014


WEATHER ITEM   OBSERVED TIME   RECORD YEAR NORMAL DEPARTURE LAST
                VALUE   (LST)  VALUE       VALUE  FROM      YEAR
                                                  NORMAL
..................................................................
TEMPERATURE (F)
 TODAY
  MAXIMUM         49    359 PM  78    1930  56     -7       47
  MINIMUM         16    322 AM  10    1880  38    -22       34
  AVERAGE         33                        47    -14       41

PRECIPITATION (IN)
  TODAY            0.00          1.62 1988   0.13  -0.13     0.00
  MONTH TO DATE    0.80                      2.17  -1.37     3.56
  SINCE SEP 1      7.62                      8.44  -0.82    16.20
  SINCE JAN 1     38.79                     39.66  -0.87    48.01

SNOWFALL (IN)
  TODAY            0.0           0.9  1961   0.0    0.0      0.0
  MONTH TO DATE    3.3                       0.0    3.3      0.3
  SINCE SEP 1      3.3                       0.1    3.2      0.3
  SINCE JUL 1      3.3                       0.1    3.2      0.3
  SNOW DEPTH       1

DEGREE DAYS
 HEATING
  TODAY           32                        18     14       24
  MONTH TO DATE  443                       269    174      301
  SINCE SEP 1    644                       511    133      534
  SINCE JUL 1    644                       511    133      534

 COOLING
  TODAY            0                         0      0        0
  MONTH TO DATE    0                         0      0        0
  SINCE SEP 1    233                       252    -19      288
  SINCE JAN 1   1625                      1609     16     1628
..................................................................


WIND (MPH)
  HIGHEST WIND SPEED    26   HIGHEST WIND DIRECTION    SW (230)
  HIGHEST GUST SPEED    36   HIGHEST GUST DIRECTION    SW (230)
  AVERAGE WIND SPEED    13.5


SKY COVER
  POSSIBLE SUNSHINE  MM
  AVERAGE SKY COVER 0.4


WEATHER CONDITIONS
 THE FOLLOWING WEATHER WAS RECORDED TODAY.
  NO SIGNIFICANT WEATHER WAS OBSERVED.


RELATIVE HUMIDITY (PERCENT)
 HIGHEST    74           100 AM
 LOWEST     39           300 PM
 AVERAGE    57

..........................................................


THE LOUISVILLE KY CLIMATE NORMALS FOR TOMORROW
                         NORMAL    RECORD    YEAR
 MAXIMUM TEMPERATURE (F)   56        78      1906
 MINIMUM TEMPERATURE (F)   38        10      1914


SUNRISE AND SUNSET
NOVEMBER 19 2014......SUNRISE   728 AM EST   SUNSET   528 PM EST
NOVEMBER 20 2014......SUNRISE   729 AM EST   SUNSET   527 PM EST


-  INDICATES NEGATIVE NUMBERS.
R  INDICATES RECORD WAS SET OR TIED.
MM INDICATES DATA IS MISSING.
T  INDICATES TRACE AMOUNT.




$$
