071
CDUS43 KLMK 200627
CLISDF


CLIMATE REPORT
NATIONAL WEATHER SERVICE LOUISVILLE KY
227 AM EDT FRI MAY 20 2016


...................................

...THE LOUISVILLE KY CLIMATE SUMMARY FOR MAY 19 2016...

CLIMATE NORMAL PERIOD 1981 TO 2010
CLIMATE RECORD PERIOD 1871 TO 2016


WEATHER ITEM   OBSERVED TIME   RECORD YEAR NORMAL DEPARTURE LAST
                VALUE   (LST)  VALUE       VALUE  FROM      YEAR
                                                  NORMAL
..................................................................
TEMPERATURE (F)
 YESTERDAY
  MAXIMUM         73    454 PM  93    1951  78     -5       76
  MINIMUM         49    612 AM  35    2002  58     -9       60
  AVERAGE         61                        68     -7       68

PRECIPITATION (IN)
  YESTERDAY        0.00          2.22 2005   0.17  -0.17     0.00
  MONTH TO DATE    3.23                      3.33  -0.10     1.54
  SINCE MAR 1     11.91                     11.51   0.40    20.18
  SINCE JAN 1     17.73                     17.93  -0.20    23.28

SNOWFALL (IN)
  YESTERDAY        0.0          MM      MM   0.0    0.0      0.0
  MONTH TO DATE    0.0                       0.0    0.0      0.0
  SINCE MAR 1      0.5                       1.5   -1.0     11.9
  SINCE JUL 1     14.9                      12.5    2.4     27.6
  SNOW DEPTH       0

DEGREE DAYS
 HEATING
  YESTERDAY        4                         2      2        0
  MONTH TO DATE   85                        54     31        9
  SINCE MAR 1    624                       838   -214      752
  SINCE JUL 1   3246                      4079   -833     4372

 COOLING
  YESTERDAY        0                         5     -5        3
  MONTH TO DATE   38                        59    -21      133
  SINCE MAR 1    101                       102     -1      175
  SINCE JAN 1    101                       102     -1      175
..................................................................


WIND (MPH)
  HIGHEST WIND SPEED    14   HIGHEST WIND DIRECTION    NE (40)
  HIGHEST GUST SPEED    20   HIGHEST GUST DIRECTION     N (20)
  AVERAGE WIND SPEED     6.6


SKY COVER
  POSSIBLE SUNSHINE  MM
  AVERAGE SKY COVER 0.5


WEATHER CONDITIONS
 THE FOLLOWING WEATHER WAS RECORDED YESTERDAY.
  NO SIGNIFICANT WEATHER WAS OBSERVED.


RELATIVE HUMIDITY (PERCENT)
 HIGHEST    77           500 AM
 LOWEST     35           600 PM
 AVERAGE    56

..........................................................


THE LOUISVILLE KY CLIMATE NORMALS FOR TODAY
                         NORMAL    RECORD    YEAR
 MAXIMUM TEMPERATURE (F)   78        91      1934
 MINIMUM TEMPERATURE (F)   58        38      1894


SUNRISE AND SUNSET
MAY 20 2016...........SUNRISE   628 AM EDT   SUNSET   852 PM EDT
MAY 21 2016...........SUNRISE   627 AM EDT   SUNSET   852 PM EDT


-  INDICATES NEGATIVE NUMBERS.
R  INDICATES RECORD WAS SET OR TIED.
MM INDICATES DATA IS MISSING.
T  INDICATES TRACE AMOUNT.




$$
