000
CDUS43 KLMK 200632
CLISDF


CLIMATE REPORT
NATIONAL WEATHER SERVICE LOUISVILLE KY
232 AM EDT WED APR 20 2016


...................................

...THE LOUISVILLE KY CLIMATE SUMMARY FOR APRIL 19 2016...

CLIMATE NORMAL PERIOD 1981 TO 2010
CLIMATE RECORD PERIOD 1871 TO 2016


WEATHER ITEM   OBSERVED TIME   RECORD YEAR NORMAL DEPARTURE LAST
                VALUE   (LST)  VALUE       VALUE  FROM      YEAR
                                                  NORMAL
..................................................................
TEMPERATURE (F)
 YESTERDAY
  MAXIMUM         86R   257 PM  86    2002  70     16       73
                                      1958
  MINIMUM         58    604 AM  27    1983  48     10       60
  AVERAGE         72                        59     13       67

PRECIPITATION (IN)
  YESTERDAY        0.00          1.47 1903   0.13  -0.13     0.78
  MONTH TO DATE    0.96                      2.40  -1.44    10.42
  SINCE MAR 1      6.46                      6.57  -0.11    18.22
  SINCE JAN 1     12.28                     12.99  -0.71    21.32

SNOWFALL (IN)
  YESTERDAY        0.0           T    2006   0.0    0.0      0.0
                                      1953
  MONTH TO DATE    0.0                       0.1   -0.1      0.0
  SINCE MAR 1      0.5                       1.5   -1.0     11.9
  SINCE JUL 1     14.9                      12.5    2.4     27.6
  SNOW DEPTH       0

DEGREE DAYS
 HEATING
  YESTERDAY        0                         7     -7        0
  MONTH TO DATE  197                       183     14       68
  SINCE MAR 1    533                       721   -188      634
  SINCE JUL 1   3155                      3962   -807     4254

 COOLING
  YESTERDAY        7                         1      6        2
  MONTH TO DATE   20                        19      1       41
  SINCE MAR 1     27                        25      2       42
  SINCE JAN 1     27                        25      2       42
..................................................................


WIND (MPH)
  HIGHEST WIND SPEED    14   HIGHEST WIND DIRECTION     W (270)
  HIGHEST GUST SPEED    17   HIGHEST GUST DIRECTION     W (270)
  AVERAGE WIND SPEED     2.9


SKY COVER
  POSSIBLE SUNSHINE  MM
  AVERAGE SKY COVER 0.8


WEATHER CONDITIONS
 THE FOLLOWING WEATHER WAS RECORDED YESTERDAY.
  HAZE


RELATIVE HUMIDITY (PERCENT)
 HIGHEST    72           600 AM
 LOWEST     21           300 PM
 AVERAGE    47

..........................................................


THE LOUISVILLE KY CLIMATE NORMALS FOR TODAY
                         NORMAL    RECORD    YEAR
 MAXIMUM TEMPERATURE (F)   70        87      1976
                                             1896
 MINIMUM TEMPERATURE (F)   49        28      1897


SUNRISE AND SUNSET
APRIL 20 2016.........SUNRISE   700 AM EDT   SUNSET   824 PM EDT
APRIL 21 2016.........SUNRISE   658 AM EDT   SUNSET   825 PM EDT


-  INDICATES NEGATIVE NUMBERS.
R  INDICATES RECORD WAS SET OR TIED.
MM INDICATES DATA IS MISSING.
T  INDICATES TRACE AMOUNT.




$$
