475
CDUS43 KLMK 282126
CLISDF


CLIMATE REPORT
NATIONAL WEATHER SERVICE LOUISVILLE KY
426 PM EST MON NOV 28 2016


...................................

...THE LOUISVILLE KY CLIMATE SUMMARY FOR NOVEMBER 28 2016...
VALID TODAY AS OF 0400 PM LOCAL TIME.

CLIMATE NORMAL PERIOD 1981 TO 2010
CLIMATE RECORD PERIOD 1871 TO 2016


WEATHER ITEM   OBSERVED TIME   RECORD YEAR NORMAL DEPARTURE LAST
                VALUE   (LST)  VALUE       VALUE  FROM      YEAR
                                                  NORMAL
..................................................................
TEMPERATURE (F)
 TODAY
  MAXIMUM         56    359 PM  73    1909  52      4       63
  MINIMUM         46   1249 AM   8    1887  35     11       46
  AVERAGE         51                        44      7       55

PRECIPITATION (IN)
  TODAY            0.22          2.60 1905   0.13   0.09     0.83
  MONTH TO DATE    0.98                      3.33  -2.35     5.01
  SINCE SEP 1      3.91                      9.60  -5.69    12.31
  SINCE JAN 1     37.58                     40.82  -3.24    55.37

SNOWFALL (IN)
  TODAY            0.0           5.5  1958   0.0    0.0      0.0
  MONTH TO DATE    0.0                       0.1   -0.1      0.0
  SINCE SEP 1      0.0                       0.2   -0.2      0.0
  SINCE JUL 1      0.0                       0.2   -0.2      0.0
  SNOW DEPTH       0

DEGREE DAYS
 HEATING
  TODAY           14                        22     -8       10
  MONTH TO DATE  362                       448    -86      330
  SINCE SEP 1    447                       690   -243      488
  SINCE JUL 1    447                       690   -243      488

 COOLING
  TODAY            0                         0      0        0
  MONTH TO DATE   19                         0     19        9
  SINCE SEP 1    474                       252    222      333
  SINCE JAN 1   2082                      1609    473     1787
..................................................................


WIND (MPH)
  HIGHEST WIND SPEED    21   HIGHEST WIND DIRECTION    SE (140)
  HIGHEST GUST SPEED    27   HIGHEST GUST DIRECTION    SE (140)
  AVERAGE WIND SPEED    11.7


SKY COVER
  POSSIBLE SUNSHINE  MM
  AVERAGE SKY COVER 1.0


WEATHER CONDITIONS
 THE FOLLOWING WEATHER WAS RECORDED TODAY.
  RAIN
  LIGHT RAIN
  FOG


RELATIVE HUMIDITY (PERCENT)
 HIGHEST    86           400 PM
 LOWEST     38           500 AM
 AVERAGE    62

..........................................................


THE LOUISVILLE KY CLIMATE NORMALS FOR TOMORROW
                         NORMAL    RECORD    YEAR
 MAXIMUM TEMPERATURE (F)   51        74      1927
 MINIMUM TEMPERATURE (F)   35         4      1872


SUNRISE AND SUNSET
NOVEMBER 28 2016......SUNRISE   738 AM EST   SUNSET   524 PM EST
NOVEMBER 29 2016......SUNRISE   739 AM EST   SUNSET   524 PM EST


-  INDICATES NEGATIVE NUMBERS.
R  INDICATES RECORD WAS SET OR TIED.
MM INDICATES DATA IS MISSING.
T  INDICATES TRACE AMOUNT.




$$
