000
CDUS43 KLMK 182129
CLISDF


CLIMATE REPORT
NATIONAL WEATHER SERVICE LOUISVILLE KY
429 PM EST SUN JAN 18 2015


...................................

...THE LOUISVILLE KY CLIMATE SUMMARY FOR JANUARY 18 2015...
VALID TODAY AS OF 0400 PM LOCAL TIME.

CLIMATE NORMAL PERIOD 1981 TO 2010
CLIMATE RECORD PERIOD 1871 TO 2015


WEATHER ITEM   OBSERVED TIME   RECORD YEAR NORMAL DEPARTURE LAST
                VALUE   (LST)  VALUE       VALUE  FROM      YEAR
                                                  NORMAL
..................................................................
TEMPERATURE (F)
 TODAY
  MAXIMUM         53    236 PM  72    1929  43     10       36
  MINIMUM         39    853 AM -16    1994  27     12       17
  AVERAGE         46                        35     11       27

PRECIPITATION (IN)
  TODAY            0.06          3.36 1876   0.09  -0.03      T
  MONTH TO DATE    0.62                      1.88  -1.26     2.13
  SINCE DEC 1      4.19                      5.71  -1.52     7.56
  SINCE JAN 1      0.62                      1.88  -1.26     2.13

SNOWFALL (IN)
  TODAY            0.0           3.0  1915   0.1   -0.1       T
  MONTH TO DATE    T                         1.9   -1.9      2.8
  SINCE DEC 1      T                         4.5   -4.5      8.1
  SINCE JUL 1      3.7                       4.7   -1.0      8.6
  SNOW DEPTH       0

DEGREE DAYS
 HEATING
  TODAY           19                        30    -11       38
  MONTH TO DATE  603                       540     63      602
  SINCE DEC 1   1339                      1381    -42     1413
  SINCE JUL 1   2225                      2116    109     2243

 COOLING
  TODAY            0                         0      0        0
  MONTH TO DATE    0                         0      0        0
  SINCE DEC 1      0                         1     -1        0
  SINCE JAN 1      0                         0      0        0
..................................................................


WIND (MPH)
  HIGHEST WIND SPEED    28   HIGHEST WIND DIRECTION    SW (230)
  HIGHEST GUST SPEED    36   HIGHEST GUST DIRECTION    SW (230)
  AVERAGE WIND SPEED    15.0


SKY COVER
  POSSIBLE SUNSHINE  MM
  AVERAGE SKY COVER 0.6


WEATHER CONDITIONS
 THE FOLLOWING WEATHER WAS RECORDED TODAY.
  RAIN
  LIGHT RAIN
  FOG


RELATIVE HUMIDITY (PERCENT)
 HIGHEST    92           700 AM
 LOWEST     35          1200 AM
 AVERAGE    64

..........................................................


THE LOUISVILLE KY CLIMATE NORMALS FOR TOMORROW
                         NORMAL    RECORD    YEAR
 MAXIMUM TEMPERATURE (F)   43        74      1907
 MINIMUM TEMPERATURE (F)   27       -22      1994


SUNRISE AND SUNSET
JANUARY 18 2015.......SUNRISE   757 AM EST   SUNSET   550 PM EST
JANUARY 19 2015.......SUNRISE   757 AM EST   SUNSET   551 PM EST


-  INDICATES NEGATIVE NUMBERS.
R  INDICATES RECORD WAS SET OR TIED.
MM INDICATES DATA IS MISSING.
T  INDICATES TRACE AMOUNT.




$$
