000
CDUS43 KLMK 032038
CLISDF


CLIMATE REPORT
NATIONAL WEATHER SERVICE LOUISVILLE KY
437 PM EDT WED MAY 3 2017


...................................

...THE LOUISVILLE KY CLIMATE SUMMARY FOR MAY 3 2017...
VALID TODAY AS OF 0400 PM LOCAL TIME.

CLIMATE NORMAL PERIOD 1981 TO 2010
CLIMATE RECORD PERIOD 1871 TO 2017


WEATHER ITEM   OBSERVED TIME   RECORD YEAR NORMAL DEPARTURE LAST
                VALUE   (LST)  VALUE       VALUE  FROM      YEAR
                                                  NORMAL
..................................................................
TEMPERATURE (F)
 TODAY
  MAXIMUM         66    249 PM  93    1959  74     -8       68
  MINIMUM         49    550 AM  34    2005  53     -4       54
  AVERAGE         58                        63     -5       61

PRECIPITATION (IN)
  TODAY            0.00          2.43 1877   0.18  -0.18     0.00
  MONTH TO DATE    0.25                      0.52  -0.27     0.33
  SINCE MAR 1      8.40                      8.70  -0.30     9.01
  SINCE JAN 1     14.67                     15.12  -0.45    14.83

SNOWFALL (IN)
  TODAY            0.0          MM      MM   0.0    0.0      0.0
  MONTH TO DATE    0.0                       0.0    0.0      0.0
  SINCE MAR 1      T                         1.5   -1.5      0.5
  SINCE JUL 1      2.7                      12.5   -9.8     14.9
  SNOW DEPTH       0

DEGREE DAYS
 HEATING
  TODAY            7                         4      3        4
  MONTH TO DATE   13                        12      1        5
  SINCE MAR 1    561                       796   -235      544
  SINCE JUL 1   3026                      4037  -1011     3166

 COOLING
  TODAY            0                         2     -2        0
  MONTH TO DATE    0                         6     -6        9
  SINCE MAR 1    118                        49     69       72
  SINCE JAN 1    123                        49     74       72
..................................................................


WIND (MPH)
  HIGHEST WIND SPEED    18   HIGHEST WIND DIRECTION     E (70)
  HIGHEST GUST SPEED    22   HIGHEST GUST DIRECTION    NE (40)
  AVERAGE WIND SPEED     8.0


SKY COVER
  POSSIBLE SUNSHINE  MM
  AVERAGE SKY COVER 0.6


WEATHER CONDITIONS
 THE FOLLOWING WEATHER WAS RECORDED TODAY.
  NO SIGNIFICANT WEATHER WAS OBSERVED.


RELATIVE HUMIDITY (PERCENT)
 HIGHEST    71           200 AM
 LOWEST     40           200 PM
 AVERAGE    56

..........................................................


THE LOUISVILLE KY CLIMATE NORMALS FOR TOMORROW
                         NORMAL    RECORD    YEAR
 MAXIMUM TEMPERATURE (F)   74        95      1959
 MINIMUM TEMPERATURE (F)   53        32      1976


SUNRISE AND SUNSET
MAY  3 2017...........SUNRISE   644 AM EDT   SUNSET   836 PM EDT
MAY  4 2017...........SUNRISE   643 AM EDT   SUNSET   837 PM EDT


-  INDICATES NEGATIVE NUMBERS.
R  INDICATES RECORD WAS SET OR TIED.
MM INDICATES DATA IS MISSING.
T  INDICATES TRACE AMOUNT.




$$
