000
CDUS43 KLMK 250626
CLISDF


CLIMATE REPORT
NATIONAL WEATHER SERVICE LOUISVILLE KY
126 AM EST SAT NOV 25 2017


...................................

...THE LOUISVILLE KY CLIMATE SUMMARY FOR NOVEMBER 24 2017...

CLIMATE NORMAL PERIOD 1981 TO 2010
CLIMATE RECORD PERIOD 1871 TO 2017


WEATHER ITEM   OBSERVED TIME   RECORD YEAR NORMAL DEPARTURE LAST
                VALUE   (LST)  VALUE       VALUE  FROM      YEAR
                                                  NORMAL
..................................................................
TEMPERATURE (F)
 YESTERDAY
  MAXIMUM         61    418 PM  70    1908  54      7       55
                                      1896
  MINIMUM         31    650 AM   4    1950  37     -6       46
  AVERAGE         46                        45      1       51

PRECIPITATION (IN)
  YESTERDAY        0.00          2.37 1900   0.13  -0.13      T
  MONTH TO DATE    2.03                      2.82  -0.79     0.76
  SINCE SEP 1     12.39                      9.09   3.30     3.69
  SINCE JAN 1     41.80                     40.31   1.49    37.36

SNOWFALL (IN)
  YESTERDAY        0.0           1.5  1971   0.1   -0.1      0.0
  MONTH TO DATE    0.0                       0.1   -0.1      0.0
  SINCE SEP 1      T                         0.2   -0.2      0.0
  SINCE JUL 1      T                         0.2   -0.2      0.0
  SNOW DEPTH       0

DEGREE DAYS
 HEATING
  YESTERDAY       19                        20     -1       14
  MONTH TO DATE  388                       364     24      280
  SINCE SEP 1    583                       606    -23      365
  SINCE JUL 1    583                       606    -23      365

 COOLING
  YESTERDAY        0                         0      0        0
  MONTH TO DATE    8                         0      8       19
  SINCE SEP 1    295                       252     43      474
  SINCE JAN 1   1789                      1609    180     2082
..................................................................


WIND (MPH)
  HIGHEST WIND SPEED    15   HIGHEST WIND DIRECTION     S (200)
  HIGHEST GUST SPEED    21   HIGHEST GUST DIRECTION    SW (220)
  AVERAGE WIND SPEED     7.2


SKY COVER
  POSSIBLE SUNSHINE  MM
  AVERAGE SKY COVER 0.3


WEATHER CONDITIONS
 THE FOLLOWING WEATHER WAS RECORDED YESTERDAY.
  NO SIGNIFICANT WEATHER WAS OBSERVED.


RELATIVE HUMIDITY (PERCENT)
 HIGHEST    78           400 AM
 LOWEST     26           200 PM
 AVERAGE    52

..........................................................


THE LOUISVILLE KY CLIMATE NORMALS FOR TODAY
                         NORMAL    RECORD    YEAR
 MAXIMUM TEMPERATURE (F)   53        75      1896
 MINIMUM TEMPERATURE (F)   36        -1      1950


SUNRISE AND SUNSET
NOVEMBER 25 2017......SUNRISE   735 AM EST   SUNSET   525 PM EST
NOVEMBER 26 2017......SUNRISE   736 AM EST   SUNSET   525 PM EST


-  INDICATES NEGATIVE NUMBERS.
R  INDICATES RECORD WAS SET OR TIED.
MM INDICATES DATA IS MISSING.
T  INDICATES TRACE AMOUNT.




$$
