000
CDUS43 KLMK 160627
CLISDF


CLIMATE REPORT
NATIONAL WEATHER SERVICE LOUISVILLE KY
127 AM EST SUN NOV 16 2014


...................................

...THE LOUISVILLE KY CLIMATE SUMMARY FOR NOVEMBER 15 2014...

CLIMATE NORMAL PERIOD 1981 TO 2010
CLIMATE RECORD PERIOD 1871 TO 2014


WEATHER ITEM   OBSERVED TIME   RECORD YEAR NORMAL DEPARTURE LAST
                VALUE   (LST)  VALUE       VALUE  FROM      YEAR
                                                  NORMAL
..................................................................
TEMPERATURE (F)
 YESTERDAY
  MAXIMUM         41    229 PM  77    1971  58    -17       56
                                      1955
  MINIMUM         22    715 AM  18    1933  40    -18       38
                                      1916
  AVERAGE         32                        49    -17       47

PRECIPITATION (IN)
  YESTERDAY        0.00          1.15 1978   0.12  -0.12     0.10
  MONTH TO DATE    0.22                      1.66  -1.44     0.42
  SINCE SEP 1      7.04                      7.93  -0.89    13.06
  SINCE JAN 1     38.21                     39.15  -0.94    44.87

SNOWFALL (IN)
  YESTERDAY        0.0           0.3  1997   0.0    0.0      0.0
  MONTH TO DATE    T                         0.0    0.0      0.3
  SINCE SEP 1      T                         0.1   -0.1      0.3
  SINCE JUL 1      T                         0.1   -0.1      0.3
  SNOW DEPTH       0

DEGREE DAYS
 HEATING
  YESTERDAY       33                        16     17       18
  MONTH TO DATE  303                       201    102      248
  SINCE SEP 1    504                       443     61      481
  SINCE JUL 1    504                       443     61      481

 COOLING
  YESTERDAY        0                         0      0        0
  MONTH TO DATE    0                         0      0        0
  SINCE SEP 1    233                       252    -19      288
  SINCE JAN 1   1625                      1609     16     1628
..................................................................


WIND (MPH)
  HIGHEST WIND SPEED    13   HIGHEST WIND DIRECTION    SE (140)
  HIGHEST GUST SPEED    15   HIGHEST GUST DIRECTION    SE (150)
  AVERAGE WIND SPEED     3.2


SKY COVER
  POSSIBLE SUNSHINE  MM
  AVERAGE SKY COVER 0.7


WEATHER CONDITIONS
 THE FOLLOWING WEATHER WAS RECORDED YESTERDAY.
  NO SIGNIFICANT WEATHER WAS OBSERVED.


RELATIVE HUMIDITY (PERCENT)
 HIGHEST    84           600 AM
 LOWEST     34           300 PM
 AVERAGE    59

..........................................................


THE LOUISVILLE KY CLIMATE NORMALS FOR TODAY
                         NORMAL    RECORD    YEAR
 MAXIMUM TEMPERATURE (F)   58        77      1952
                                             1931
 MINIMUM TEMPERATURE (F)   39        16      1883


SUNRISE AND SUNSET
NOVEMBER 16 2014......SUNRISE   725 AM EST   SUNSET   530 PM EST
NOVEMBER 17 2014......SUNRISE   726 AM EST   SUNSET   529 PM EST


-  INDICATES NEGATIVE NUMBERS.
R  INDICATES RECORD WAS SET OR TIED.
MM INDICATES DATA IS MISSING.
T  INDICATES TRACE AMOUNT.




$$
