000
CDUS43 KLMK 290626
CLISDF


CLIMATE REPORT
NATIONAL WEATHER SERVICE LOUISVILLE KY
226 AM EDT FRI SEP 29 2017


...................................

...THE LOUISVILLE KY CLIMATE SUMMARY FOR SEPTEMBER 28 2017...

CLIMATE NORMAL PERIOD 1981 TO 2010
CLIMATE RECORD PERIOD 1871 TO 2017


WEATHER ITEM   OBSERVED TIME   RECORD YEAR NORMAL DEPARTURE LAST
                VALUE   (LST)  VALUE       VALUE  FROM      YEAR
                                                  NORMAL
..................................................................
TEMPERATURE (F)
 YESTERDAY
  MAXIMUM         76    504 PM  93    1959  77     -1       69
                                      1939
  MINIMUM         60    740 AM  36    1942  55      5       56
  AVERAGE         68                        66      2       63

PRECIPITATION (IN)
  YESTERDAY        0.00          1.69 1944   0.11  -0.11     0.63
  MONTH TO DATE    5.47                      2.83   2.64     1.71
  SINCE SEP 1      5.47                      2.83   2.64     1.71
  SINCE JAN 1     34.88                     34.05   0.83    35.38

SNOWFALL (IN)
  YESTERDAY        0.0          MM      MM   0.0    0.0      0.0
  MONTH TO DATE    0.0                       0.0    0.0      0.0
  SINCE SEP 1      0.0                       0.0    0.0      0.0
  SINCE JUL 1      0.0                       0.0    0.0      0.0
  SNOW DEPTH       0

DEGREE DAYS
 HEATING
  YESTERDAY        0                         3     -3        2
  MONTH TO DATE   12                        23    -11        2
  SINCE SEP 1     12                        23    -11        2
  SINCE JUL 1     12                        23    -11        2

 COOLING
  YESTERDAY        3                         4     -1        0
  MONTH TO DATE  206                       204      2      334
  SINCE SEP 1    206                       204      2      334
  SINCE JAN 1   1700                      1561    139     1942
..................................................................


WIND (MPH)
  HIGHEST WIND SPEED    17   HIGHEST WIND DIRECTION     N (10)
  HIGHEST GUST SPEED    21   HIGHEST GUST DIRECTION     N (360)
  AVERAGE WIND SPEED     9.5


SKY COVER
  POSSIBLE SUNSHINE  MM
  AVERAGE SKY COVER 0.5


WEATHER CONDITIONS
 THE FOLLOWING WEATHER WAS RECORDED YESTERDAY.
  NO SIGNIFICANT WEATHER WAS OBSERVED.


RELATIVE HUMIDITY (PERCENT)
 HIGHEST    72           700 AM
 LOWEST     46           200 PM
 AVERAGE    59

..........................................................


THE LOUISVILLE KY CLIMATE NORMALS FOR TODAY
                         NORMAL    RECORD    YEAR
 MAXIMUM TEMPERATURE (F)   76        99      1953
 MINIMUM TEMPERATURE (F)   55        38      1967


SUNRISE AND SUNSET
SEPTEMBER 29 2017.....SUNRISE   737 AM EDT   SUNSET   729 PM EDT
SEPTEMBER 30 2017.....SUNRISE   738 AM EDT   SUNSET   727 PM EDT


-  INDICATES NEGATIVE NUMBERS.
R  INDICATES RECORD WAS SET OR TIED.
MM INDICATES DATA IS MISSING.
T  INDICATES TRACE AMOUNT.




$$
