243
CDUS43 KLMK 150627
CLISDF


CLIMATE REPORT
NATIONAL WEATHER SERVICE LOUISVILLE KY
127 AM EST THU FEB 15 2018


...................................

...THE LOUISVILLE KY CLIMATE SUMMARY FOR FEBRUARY 14 2018...

CLIMATE NORMAL PERIOD 1981 TO 2010
CLIMATE RECORD PERIOD 1871 TO 2018


WEATHER ITEM   OBSERVED TIME   RECORD YEAR NORMAL DEPARTURE LAST
                VALUE   (LST)  VALUE       VALUE  FROM      YEAR
                                                  NORMAL
..................................................................
TEMPERATURE (F)
 YESTERDAY
  MAXIMUM         63    444 PM  69    1949  47     16       57
                                      1921
  MINIMUM         43    236 AM   0    1905  30     13       41
  AVERAGE         53                        38     15       49

PRECIPITATION (IN)
  YESTERDAY        0.44          1.39 1949   0.11   0.33     0.00
  MONTH TO DATE    2.18                      1.58   0.60     0.62
  SINCE DEC 1      6.67                      8.65  -1.98    10.13
  SINCE JAN 1      3.94                      4.82  -0.88     4.83

SNOWFALL (IN)
  YESTERDAY        0.0           4.6  1970   0.1   -0.1      0.0
  MONTH TO DATE    0.4                       2.5   -2.1       T
  SINCE DEC 1      5.6                       8.8   -3.2      2.7
  SINCE JUL 1      5.6                       9.0   -3.4      2.7
  SNOW DEPTH       0

DEGREE DAYS
 HEATING
  YESTERDAY       12                        26    -14       16
  MONTH TO DATE  418                       390     28      293
  SINCE DEC 1   2274                      2164    110     1845
  SINCE JUL 1   2940                      2899     41     2312

 COOLING
  YESTERDAY        0                         0      0        0
  MONTH TO DATE    0                         0      0        0
  SINCE DEC 1      0                         1     -1        1
  SINCE JAN 1      0                         0      0        0
..................................................................


WIND (MPH)
  HIGHEST WIND SPEED    20   HIGHEST WIND DIRECTION     S (200)
  HIGHEST GUST SPEED    29   HIGHEST GUST DIRECTION     S (200)
  AVERAGE WIND SPEED     9.2


SKY COVER
  POSSIBLE SUNSHINE  MM
  AVERAGE SKY COVER 1.0


WEATHER CONDITIONS
 THE FOLLOWING WEATHER WAS RECORDED YESTERDAY.
  HEAVY RAIN
  RAIN
  LIGHT RAIN
  FOG


RELATIVE HUMIDITY (PERCENT)
 HIGHEST    97          1100 PM
 LOWEST     71           100 AM
 AVERAGE    84

..........................................................


THE LOUISVILLE KY CLIMATE NORMALS FOR TODAY
                         NORMAL    RECORD    YEAR
 MAXIMUM TEMPERATURE (F)   48        74      1945
                                             1883
 MINIMUM TEMPERATURE (F)   30         3      1905


SUNRISE AND SUNSET
FEBRUARY 15 2018......SUNRISE   733 AM EST   SUNSET   621 PM EST
FEBRUARY 16 2018......SUNRISE   732 AM EST   SUNSET   623 PM EST


-  INDICATES NEGATIVE NUMBERS.
R  INDICATES RECORD WAS SET OR TIED.
MM INDICATES DATA IS MISSING.
T  INDICATES TRACE AMOUNT.




$$
