000
CDUS43 KLMK 080636
CLISDF


CLIMATE REPORT
NATIONAL WEATHER SERVICE LOUISVILLE KY
235 AM EDT FRI JUL 8 2016


...................................

...THE LOUISVILLE KY CLIMATE SUMMARY FOR JULY 7 2016...

CLIMATE NORMAL PERIOD 1981 TO 2010
CLIMATE RECORD PERIOD 1871 TO 2016


WEATHER ITEM   OBSERVED TIME   RECORD YEAR NORMAL DEPARTURE LAST
                VALUE   (LST)  VALUE       VALUE  FROM      YEAR
                                                  NORMAL
..................................................................
TEMPERATURE (F)
 YESTERDAY
  MAXIMUM         86    354 PM 106    2012  89     -3       81
  MINIMUM         71    720 AM  50    1972  70      1       72
  AVERAGE         79                        79      0       77

PRECIPITATION (IN)
  YESTERDAY        0.04          3.74 1922   0.13  -0.09     1.02
  MONTH TO DATE    1.51                      0.89   0.62     3.63
  SINCE JUN 1      5.76                      4.68   1.08    10.45
  SINCE JAN 1     24.82                     24.55   0.27    34.57

SNOWFALL (IN)
  YESTERDAY        0.0          MM      MM   0.0    0.0      0.0
  MONTH TO DATE    0.0                       0.0    0.0      0.0
  SINCE JUN 1      0.0                       0.0    0.0      0.0
  SINCE JUL 1      0.0                       0.0    0.0      0.0
  SNOW DEPTH       0

DEGREE DAYS
 HEATING
  YESTERDAY        0                         0      0        0
  MONTH TO DATE    0                         0      0        0
  SINCE JUN 1      0                         5     -5        6
  SINCE JUL 1      0                         0      0        0

 COOLING
  YESTERDAY       14                        14      0       12
  MONTH TO DATE   87                        98    -11       80
  SINCE JUN 1    492                       422     70      466
  SINCE JAN 1    685                       596     89      717
..................................................................


WIND (MPH)
  HIGHEST WIND SPEED    22   HIGHEST WIND DIRECTION    SE (140)
  HIGHEST GUST SPEED    25   HIGHEST GUST DIRECTION    SE (140)
  AVERAGE WIND SPEED     7.3


SKY COVER
  POSSIBLE SUNSHINE  MM
  AVERAGE SKY COVER 0.9


WEATHER CONDITIONS
 THE FOLLOWING WEATHER WAS RECORDED YESTERDAY.
  RAIN
  LIGHT RAIN
  HAZE


RELATIVE HUMIDITY (PERCENT)
 HIGHEST    90           200 AM
 LOWEST     61           200 PM
 AVERAGE    76

..........................................................


THE LOUISVILLE KY CLIMATE NORMALS FOR TODAY
                         NORMAL    RECORD    YEAR
 MAXIMUM TEMPERATURE (F)   89       103      1988
 MINIMUM TEMPERATURE (F)   70        54      1984


SUNRISE AND SUNSET
JULY  8 2016..........SUNRISE   628 AM EDT   SUNSET   908 PM EDT
JULY  9 2016..........SUNRISE   628 AM EDT   SUNSET   908 PM EDT


-  INDICATES NEGATIVE NUMBERS.
R  INDICATES RECORD WAS SET OR TIED.
MM INDICATES DATA IS MISSING.
T  INDICATES TRACE AMOUNT.




$$
