000
CDUS43 KLMK 030631
CLISDF


CLIMATE REPORT
NATIONAL WEATHER SERVICE LOUISVILLE KY
231 AM EDT THU APR 3 2014


...................................

...THE LOUISVILLE KY CLIMATE SUMMARY FOR APRIL 2 2014...

CLIMATE NORMAL PERIOD 1981 TO 2010
CLIMATE RECORD PERIOD 1871 TO 2014


WEATHER ITEM   OBSERVED TIME   RECORD YEAR NORMAL DEPARTURE LAST
                VALUE   (LST)  VALUE       VALUE  FROM      YEAR
                                                  NORMAL
..................................................................
TEMPERATURE (F)
 YESTERDAY
  MAXIMUM         66        MM  87    1946  64      2       52
  MINIMUM         51        MM  25    1961  43      8       30
  AVERAGE         59                        54      5       41

PRECIPITATION (IN)
  YESTERDAY        T             0.89 1979   0.13  -0.13     0.00
  MONTH TO DATE    0.10                      0.26  -0.16     0.00
  SINCE MAR 1      2.40                      4.43  -2.03     4.25
  SINCE JAN 1      8.56                     10.85  -2.29    11.27

SNOWFALL (IN)
  YESTERDAY        0.0           0.7  1992   0.0    0.0      0.0
  MONTH TO DATE    0.0                       0.0    0.0      0.0
  SINCE MAR 1      4.1                       1.4    2.7      1.7
  SINCE JUL 1     25.9                      12.4   13.5      9.8
  SNOW DEPTH       0

DEGREE DAYS
 HEATING
  YESTERDAY        6                        12     -6       24
  MONTH TO DATE    6                        24    -18       43
  SINCE MAR 1    654                       562     92      778
  SINCE JUL 1   4308                      3803    505     3860

 COOLING
  YESTERDAY        0                         1     -1        0
  MONTH TO DATE    3                         2      1        0
  SINCE MAR 1      3                         8     -5        0
  SINCE JAN 1      3                         8     -5        0
..................................................................


WIND (MPH)
  HIGHEST WIND SPEED    18   HIGHEST WIND DIRECTION     N (350)
  HIGHEST GUST SPEED    32   HIGHEST GUST DIRECTION     N (350)
  AVERAGE WIND SPEED     7.6


SKY COVER
  POSSIBLE SUNSHINE  MM
  AVERAGE SKY COVER 0.9


WEATHER CONDITIONS
 THE FOLLOWING WEATHER WAS RECORDED YESTERDAY.
  LIGHT RAIN


RELATIVE HUMIDITY (PERCENT)
 HIGHEST    80          1100 PM
 LOWEST     44           100 PM
 AVERAGE    62

..........................................................


THE LOUISVILLE KY CLIMATE NORMALS FOR TODAY
                         NORMAL    RECORD    YEAR
 MAXIMUM TEMPERATURE (F)   65        86      1946
 MINIMUM TEMPERATURE (F)   43        24      1936


SUNRISE AND SUNSET
APRIL  3 2014.........SUNRISE   725 AM EDT   SUNSET   808 PM EDT
APRIL  4 2014.........SUNRISE   724 AM EDT   SUNSET   809 PM EDT


-  INDICATES NEGATIVE NUMBERS.
R  INDICATES RECORD WAS SET OR TIED.
MM INDICATES DATA IS MISSING.
T  INDICATES TRACE AMOUNT.




$$
