000
CDUS43 KLMK 032033
CLISDF


CLIMATE REPORT
NATIONAL WEATHER SERVICE LOUISVILLE KY
432 PM EDT SAT JUN 3 2017


...................................

...THE LOUISVILLE KY CLIMATE SUMMARY FOR JUNE 3 2017...
VALID TODAY AS OF 0400 PM LOCAL TIME.

CLIMATE NORMAL PERIOD 1981 TO 2010
CLIMATE RECORD PERIOD 1871 TO 2017


WEATHER ITEM   OBSERVED TIME   RECORD YEAR NORMAL DEPARTURE LAST
                VALUE   (LST)  VALUE       VALUE  FROM      YEAR
                                                  NORMAL
..................................................................
TEMPERATURE (F)
 TODAY
  MAXIMUM         90    233 PM 100    1895  82      8       84
  MINIMUM         62    554 AM  43    1910  63     -1       68
  AVERAGE         76                        72      4       76

PRECIPITATION (IN)
  TODAY            0.00          2.35 1970   0.14  -0.14      T
  MONTH TO DATE    0.00                      0.43  -0.43     0.35
  SINCE JUN 1      0.00                      0.43  -0.43     0.35
  SINCE JAN 1     19.16                     20.30  -1.14    19.41

SNOWFALL (IN)
  TODAY            0.0          MM      MM   0.0    0.0      0.0
  MONTH TO DATE    0.0                       0.0    0.0      0.0
  SINCE JUN 1      0.0                       0.0    0.0      0.0
  SINCE JUL 1      2.7                      12.5   -9.8     14.9
  SNOW DEPTH       0

DEGREE DAYS
 HEATING
  TODAY            0                         0      0        0
  MONTH TO DATE    0                         1     -1        0
  SINCE JUN 1      0                         1     -1        0
  SINCE JUL 1   3087                      4093  -1006     3252

 COOLING
  TODAY           11                         8      3       11
  MONTH TO DATE   28                        22      6       35
  SINCE JUN 1     28                        22      6       35
  SINCE JAN 1    320                       196    124      228
..................................................................


WIND (MPH)
  HIGHEST WIND SPEED    13   HIGHEST WIND DIRECTION     E (100)
  HIGHEST GUST SPEED    15   HIGHEST GUST DIRECTION    NE (40)
  AVERAGE WIND SPEED     2.6


SKY COVER
  POSSIBLE SUNSHINE  MM
  AVERAGE SKY COVER 0.2


WEATHER CONDITIONS
 THE FOLLOWING WEATHER WAS RECORDED TODAY.
  NO SIGNIFICANT WEATHER WAS OBSERVED.


RELATIVE HUMIDITY (PERCENT)
 HIGHEST    78           600 AM
 LOWEST     22           100 PM
 AVERAGE    50

..........................................................


THE LOUISVILLE KY CLIMATE NORMALS FOR TOMORROW
                         NORMAL    RECORD    YEAR
 MAXIMUM TEMPERATURE (F)   82       100      1911
 MINIMUM TEMPERATURE (F)   63        46      1964
                                             1956
                                             1946


SUNRISE AND SUNSET
JUNE  3 2017..........SUNRISE   621 AM EDT   SUNSET   902 PM EDT
JUNE  4 2017..........SUNRISE   620 AM EDT   SUNSET   902 PM EDT


-  INDICATES NEGATIVE NUMBERS.
R  INDICATES RECORD WAS SET OR TIED.
MM INDICATES DATA IS MISSING.
T  INDICATES TRACE AMOUNT.




$$
