000
CDUS43 KLMK 032129
CLISDF


CLIMATE REPORT
NATIONAL WEATHER SERVICE LOUISVILLE KY
428 PM EST TUE JAN 3 2017


...................................

...THE LOUISVILLE KY CLIMATE SUMMARY FOR JANUARY 3 2017...
VALID TODAY AS OF 0400 PM LOCAL TIME.

CLIMATE NORMAL PERIOD 1981 TO 2010
CLIMATE RECORD PERIOD 1871 TO 2017


WEATHER ITEM   OBSERVED TIME   RECORD YEAR NORMAL DEPARTURE LAST
                VALUE   (LST)  VALUE       VALUE  FROM      YEAR
                                                  NORMAL
..................................................................
TEMPERATURE (F)
 TODAY
  MAXIMUM         60    245 PM  70    1880  43     17       46
  MINIMUM         55    709 AM -10    1879  27     28       32
  AVERAGE         58                        35     23       39

PRECIPITATION (IN)
  TODAY            0.38          3.41 2000   0.10   0.28     0.00
  MONTH TO DATE    0.45                      0.32   0.13     0.00
  SINCE DEC 1      5.75                      4.15   1.60     6.58
  SINCE JAN 1      0.45                      0.32   0.13     0.00

SNOWFALL (IN)
  TODAY            0.0           5.0  1942   0.1   -0.1      0.0
  MONTH TO DATE    0.0                       0.3   -0.3      0.0
  SINCE DEC 1      0.1                       2.9   -2.8       T
  SINCE JUL 1      0.1                       3.1   -3.0       T
  SNOW DEPTH       0

DEGREE DAYS
 HEATING
  TODAY            7                        30    -23       26
  MONTH TO DATE   43                        90    -47       80
  SINCE DEC 1    874                       931    -57      538
  SINCE JUL 1   1341                      1666   -325     1062

 COOLING
  TODAY            0                         0      0        0
  MONTH TO DATE    0                         0      0        0
  SINCE DEC 1      1                         1      0        3
  SINCE JAN 1      0                         0      0        0
..................................................................


WIND (MPH)
  HIGHEST WIND SPEED    16   HIGHEST WIND DIRECTION     W (250)
  HIGHEST GUST SPEED    22   HIGHEST GUST DIRECTION     W (260)
  AVERAGE WIND SPEED     5.6


SKY COVER
  POSSIBLE SUNSHINE  MM
  AVERAGE SKY COVER 1.0


WEATHER CONDITIONS
 THE FOLLOWING WEATHER WAS RECORDED TODAY.
  HEAVY RAIN
  RAIN
  LIGHT RAIN
  FOG


RELATIVE HUMIDITY (PERCENT)
 HIGHEST    93          1200 AM
 LOWEST     84           100 PM
 AVERAGE    89

..........................................................


THE LOUISVILLE KY CLIMATE NORMALS FOR TOMORROW
                         NORMAL    RECORD    YEAR
 MAXIMUM TEMPERATURE (F)   43        68      1993
                                             1950
 MINIMUM TEMPERATURE (F)   27        -4      1879


SUNRISE AND SUNSET
JANUARY  3 2017.......SUNRISE   800 AM EST   SUNSET   536 PM EST
JANUARY  4 2017.......SUNRISE   800 AM EST   SUNSET   537 PM EST


-  INDICATES NEGATIVE NUMBERS.
R  INDICATES RECORD WAS SET OR TIED.
MM INDICATES DATA IS MISSING.
T  INDICATES TRACE AMOUNT.




$$
