000
CDUS43 KLMK 180627
CLISDF


CLIMATE REPORT
NATIONAL WEATHER SERVICE LOUISVILLE KY
127 AM EST SUN JAN 18 2015


...................................

...THE LOUISVILLE KY CLIMATE SUMMARY FOR JANUARY 17 2015...

CLIMATE NORMAL PERIOD 1981 TO 2010
CLIMATE RECORD PERIOD 1871 TO 2015


WEATHER ITEM   OBSERVED TIME   RECORD YEAR NORMAL DEPARTURE LAST
                VALUE   (LST)  VALUE       VALUE  FROM      YEAR
                                                  NORMAL
..................................................................
TEMPERATURE (F)
 YESTERDAY
  MAXIMUM         57    410 PM  69    1952  43     14       36
                                      1894
  MINIMUM         30    801 AM -13    1977  27      3       16
  AVERAGE         44                        35      9       26

PRECIPITATION (IN)
  YESTERDAY        0.00          1.53 1994   0.10  -0.10     0.06
  MONTH TO DATE    0.56                      1.79  -1.23     2.13
  SINCE DEC 1      4.13                      5.62  -1.49     7.56
  SINCE JAN 1      0.56                      1.79  -1.23     2.13

SNOWFALL (IN)
  YESTERDAY        0.0          15.5  1994   0.1   -0.1      2.3
  MONTH TO DATE    T                         1.8   -1.8      2.8
  SINCE DEC 1      T                         4.4   -4.4      8.1
  SINCE JUL 1      3.7                       4.6   -0.9      8.6
  SNOW DEPTH       0

DEGREE DAYS
 HEATING
  YESTERDAY       21                        30     -9       39
  MONTH TO DATE  584                       510     74      564
  SINCE DEC 1   1320                      1351    -31     1375
  SINCE JUL 1   2206                      2086    120     2205

 COOLING
  YESTERDAY        0                         0      0        0
  MONTH TO DATE    0                         0      0        0
  SINCE DEC 1      0                         1     -1        0
  SINCE JAN 1      0                         0      0        0
..................................................................


WIND (MPH)
  HIGHEST WIND SPEED    24   HIGHEST WIND DIRECTION    SW (210)
  HIGHEST GUST SPEED    30   HIGHEST GUST DIRECTION    SW (220)
  AVERAGE WIND SPEED    12.8


SKY COVER
  POSSIBLE SUNSHINE  MM
  AVERAGE SKY COVER 0.4


WEATHER CONDITIONS
 THE FOLLOWING WEATHER WAS RECORDED YESTERDAY.
  FOG
  HAZE


RELATIVE HUMIDITY (PERCENT)
 HIGHEST    92           300 AM
 LOWEST     30           400 PM
 AVERAGE    61

..........................................................


THE LOUISVILLE KY CLIMATE NORMALS FOR TODAY
                         NORMAL    RECORD    YEAR
 MAXIMUM TEMPERATURE (F)   43        72      1929
 MINIMUM TEMPERATURE (F)   27       -16      1994


SUNRISE AND SUNSET
JANUARY 18 2015.......SUNRISE   757 AM EST   SUNSET   550 PM EST
JANUARY 19 2015.......SUNRISE   757 AM EST   SUNSET   551 PM EST


-  INDICATES NEGATIVE NUMBERS.
R  INDICATES RECORD WAS SET OR TIED.
MM INDICATES DATA IS MISSING.
T  INDICATES TRACE AMOUNT.




$$
