000
CDUS43 KLMK 052133
CLISDF


CLIMATE REPORT
NATIONAL WEATHER SERVICE LOUISVILLE KY
433 PM EST SUN NOV 5 2017


...................................

...THE LOUISVILLE KY CLIMATE SUMMARY FOR NOVEMBER 5 2017...
VALID TODAY AS OF 0400 PM LOCAL TIME.

CLIMATE NORMAL PERIOD 1981 TO 2010
CLIMATE RECORD PERIOD 1871 TO 2017


WEATHER ITEM   OBSERVED TIME   RECORD YEAR NORMAL DEPARTURE LAST
                VALUE   (LST)  VALUE       VALUE  FROM      YEAR
                                                  NORMAL
..................................................................
TEMPERATURE (F)
 TODAY
  MAXIMUM         78    359 PM  80    1975  63     15       65
  MINIMUM         64    158 AM  18    1991  43     21       41
  AVERAGE         71                        53     18       53

PRECIPITATION (IN)
  TODAY            T             3.58 1948   0.11  -0.11     0.00
  MONTH TO DATE    1.02                      0.56   0.46     0.09
  SINCE SEP 1     11.38                      6.83   4.55     3.02
  SINCE JAN 1     40.79                     38.05   2.74    36.69

SNOWFALL (IN)
  TODAY            0.0           T    1995   0.0    0.0      0.0
                                      1992
                                      1967
  MONTH TO DATE    0.0                       0.0    0.0      0.0
  SINCE SEP 1      T                         0.1   -0.1      0.0
  SINCE JUL 1      T                         0.1   -0.1      0.0
  SNOW DEPTH       0

DEGREE DAYS
 HEATING
  TODAY            0                        12    -12       12
  MONTH TO DATE   18                        58    -40       19
  SINCE SEP 1    213                       300    -87      104
  SINCE JUL 1    213                       300    -87      104

 COOLING
  TODAY            6                         0      6        0
  MONTH TO DATE    8                         0      8       17
  SINCE SEP 1    295                       252     43      472
  SINCE JAN 1   1789                      1609    180     2080
..................................................................


WIND (MPH)
  HIGHEST WIND SPEED    26   HIGHEST WIND DIRECTION     S (190)
  HIGHEST GUST SPEED    35   HIGHEST GUST DIRECTION     S (180)
  AVERAGE WIND SPEED    11.7


SKY COVER
  POSSIBLE SUNSHINE  MM
  AVERAGE SKY COVER 0.9


WEATHER CONDITIONS
 THE FOLLOWING WEATHER WAS RECORDED TODAY.
  LIGHT RAIN
  FOG


RELATIVE HUMIDITY (PERCENT)
 HIGHEST    93          1200 AM
 LOWEST     58           300 PM
 AVERAGE    76

..........................................................


THE LOUISVILLE KY CLIMATE NORMALS FOR TOMORROW
                         NORMAL    RECORD    YEAR
 MAXIMUM TEMPERATURE (F)   62        79      1895
 MINIMUM TEMPERATURE (F)   43        24      1982


SUNRISE AND SUNSET
NOVEMBER  5 2017......SUNRISE   713 AM EST   SUNSET   539 PM EST
NOVEMBER  6 2017......SUNRISE   715 AM EST   SUNSET   538 PM EST


-  INDICATES NEGATIVE NUMBERS.
R  INDICATES RECORD WAS SET OR TIED.
MM INDICATES DATA IS MISSING.
T  INDICATES TRACE AMOUNT.




$$
