000
CDUS43 KLMK 140642
CLISDF


CLIMATE REPORT
NATIONAL WEATHER SERVICE LOUISVILLE KY
242 AM EDT SAT MAY 14 2016


...................................

...THE LOUISVILLE KY CLIMATE SUMMARY FOR MAY 13 2016...

CLIMATE NORMAL PERIOD 1981 TO 2010
CLIMATE RECORD PERIOD 1871 TO 2016


WEATHER ITEM   OBSERVED TIME   RECORD YEAR NORMAL DEPARTURE LAST
                VALUE   (LST)  VALUE       VALUE  FROM      YEAR
                                                  NORMAL
..................................................................
TEMPERATURE (F)
 YESTERDAY
  MAXIMUM         72    544 PM  91    1902  76     -4       72
                                      1881
  MINIMUM         54    512 AM  40    1997  56     -2       52
                                      1996
  AVERAGE         63                        66     -3       62

PRECIPITATION (IN)
  YESTERDAY        0.00          1.89 2012   0.19  -0.19     0.00
  MONTH TO DATE    2.51                      2.30   0.21     1.13
  SINCE MAR 1     11.19                     10.48   0.71    19.77
  SINCE JAN 1     17.01                     16.90   0.11    22.87

SNOWFALL (IN)
  YESTERDAY        0.0          MM      MM   0.0    0.0      0.0
  MONTH TO DATE    0.0                       0.0    0.0      0.0
  SINCE MAR 1      0.5                       1.5   -1.0     11.9
  SINCE JUL 1     14.9                      12.5    2.4     27.6
  SNOW DEPTH       0

DEGREE DAYS
 HEATING
  YESTERDAY        2                         2      0        3
  MONTH TO DATE   33                        42     -9        9
  SINCE MAR 1    572                       826   -254      752
  SINCE JUL 1   3194                      4067   -873     4372

 COOLING
  YESTERDAY        0                         4     -4        0
  MONTH TO DATE   38                        34      4       90
  SINCE MAR 1    101                        77     24      132
  SINCE JAN 1    101                        77     24      132
..................................................................


WIND (MPH)
  HIGHEST WIND SPEED    18   HIGHEST WIND DIRECTION     W (270)
  HIGHEST GUST SPEED    23   HIGHEST GUST DIRECTION     W (280)
  AVERAGE WIND SPEED     9.0


SKY COVER
  POSSIBLE SUNSHINE  MM
  AVERAGE SKY COVER 0.2


WEATHER CONDITIONS
 THE FOLLOWING WEATHER WAS RECORDED YESTERDAY.
  NO SIGNIFICANT WEATHER WAS OBSERVED.


RELATIVE HUMIDITY (PERCENT)
 HIGHEST    90          1200 AM
 LOWEST     35           600 PM
 AVERAGE    63

..........................................................


THE LOUISVILLE KY CLIMATE NORMALS FOR TODAY
                         NORMAL    RECORD    YEAR
 MAXIMUM TEMPERATURE (F)   77        90      1962
                                             1881
 MINIMUM TEMPERATURE (F)   56        35      1996


SUNRISE AND SUNSET
MAY 14 2016...........SUNRISE   633 AM EDT   SUNSET   846 PM EDT
MAY 15 2016...........SUNRISE   632 AM EDT   SUNSET   847 PM EDT


-  INDICATES NEGATIVE NUMBERS.
R  INDICATES RECORD WAS SET OR TIED.
MM INDICATES DATA IS MISSING.
T  INDICATES TRACE AMOUNT.




$$
