000
CDUS43 KLMK 280633
CLISDF


CLIMATE REPORT
NATIONAL WEATHER SERVICE LOUISVILLE KY
132 AM EST THU JAN 28 2016


...................................

...THE LOUISVILLE KY CLIMATE SUMMARY FOR JANUARY 27 2016...

CLIMATE NORMAL PERIOD 1981 TO 2010
CLIMATE RECORD PERIOD 1871 TO 2016


WEATHER ITEM   OBSERVED TIME   RECORD YEAR NORMAL DEPARTURE LAST
                VALUE   (LST)  VALUE       VALUE  FROM      YEAR
                                                  NORMAL
..................................................................
TEMPERATURE (F)
 YESTERDAY
  MAXIMUM         39    337 PM  72    1944  44     -5       36
  MINIMUM         29   1058 PM -10    1936  27      2       26
  AVERAGE         34                        35     -1       31

PRECIPITATION (IN)
  YESTERDAY        0.00          1.64 2009   0.10  -0.10      T
  MONTH TO DATE    0.99                      2.80  -1.81     0.82
  SINCE DEC 1      7.57                      6.63   0.94     4.39
  SINCE JAN 1      0.99                      2.80  -1.81     0.82

SNOWFALL (IN)
  YESTERDAY        0.0           4.1  2009   0.2   -0.2      0.1
  MONTH TO DATE    8.2                       3.1    5.1      1.1
  SINCE DEC 1      8.2                       5.7    2.5      1.1
  SINCE JUL 1      8.2                       5.9    2.3      4.8
  SNOW DEPTH       0

DEGREE DAYS
 HEATING
  YESTERDAY       31                        30      1       34
  MONTH TO DATE  866                       810     56      843
  SINCE DEC 1   1324                      1651   -327     1579
  SINCE JUL 1   1848                      2386   -538     2465

 COOLING
  YESTERDAY        0                         0      0        0
  MONTH TO DATE    0                         0      0        0
  SINCE DEC 1      3                         1      2        0
  SINCE JAN 1      0                         0      0        0
..................................................................


WIND (MPH)
  HIGHEST WIND SPEED    16   HIGHEST WIND DIRECTION    NW (330)
  HIGHEST GUST SPEED    19   HIGHEST GUST DIRECTION     N (340)
  AVERAGE WIND SPEED     5.4


SKY COVER
  POSSIBLE SUNSHINE  MM
  AVERAGE SKY COVER 0.7


WEATHER CONDITIONS
 THE FOLLOWING WEATHER WAS RECORDED YESTERDAY.
  NO SIGNIFICANT WEATHER WAS OBSERVED.


RELATIVE HUMIDITY (PERCENT)
 HIGHEST    64          1200 AM
 LOWEST     48           400 PM
 AVERAGE    56

..........................................................


THE LOUISVILLE KY CLIMATE NORMALS FOR TODAY
                         NORMAL    RECORD    YEAR
 MAXIMUM TEMPERATURE (F)   44        69      1914
 MINIMUM TEMPERATURE (F)   27       -15      1963


SUNRISE AND SUNSET
JANUARY 28 2016.......SUNRISE   751 AM EST   SUNSET   601 PM EST
JANUARY 29 2016.......SUNRISE   751 AM EST   SUNSET   602 PM EST


-  INDICATES NEGATIVE NUMBERS.
R  INDICATES RECORD WAS SET OR TIED.
MM INDICATES DATA IS MISSING.
T  INDICATES TRACE AMOUNT.




$$
