000
CDUS43 KLMK 110627
CLISDF


CLIMATE REPORT
NATIONAL WEATHER SERVICE LOUISVILLE KY
226 AM EDT MON SEP 11 2017


...................................

...THE LOUISVILLE KY CLIMATE SUMMARY FOR SEPTEMBER 10 2017...

CLIMATE NORMAL PERIOD 1981 TO 2010
CLIMATE RECORD PERIOD 1871 TO 2017


WEATHER ITEM   OBSERVED TIME   RECORD YEAR NORMAL DEPARTURE LAST
                VALUE   (LST)  VALUE       VALUE  FROM      YEAR
                                                  NORMAL
..................................................................
TEMPERATURE (F)
 YESTERDAY
  MAXIMUM         78    317 PM  98    1897  84     -6       92
  MINIMUM         52    653 AM  44    1924  63    -11       66
  AVERAGE         65                        73     -8       79

PRECIPITATION (IN)
  YESTERDAY        0.00          1.40 1938   0.11  -0.11     0.47
  MONTH TO DATE    4.18                      0.95   3.23     0.47
  SINCE SEP 1      4.18                      0.95   3.23     0.47
  SINCE JAN 1     33.59                     32.17   1.42    34.14

SNOWFALL (IN)
  YESTERDAY        0.0          MM      MM   0.0    0.0      0.0
  MONTH TO DATE    0.0                       0.0    0.0      0.0
  SINCE SEP 1      0.0                       0.0    0.0      0.0
  SINCE JUL 1      0.0                       0.0    0.0      0.0
  SNOW DEPTH       0

DEGREE DAYS
 HEATING
  YESTERDAY        0                         0      0        0
  MONTH TO DATE    9                         0      9        0
  SINCE SEP 1      9                         0      9        0
  SINCE JUL 1      9                         0      9        0

 COOLING
  YESTERDAY        0                         9     -9       14
  MONTH TO DATE   24                       100    -76      138
  SINCE SEP 1     24                       100    -76      138
  SINCE JAN 1   1518                      1457     61     1746
..................................................................


WIND (MPH)
  HIGHEST WIND SPEED    16   HIGHEST WIND DIRECTION    NE (50)
  HIGHEST GUST SPEED    22   HIGHEST GUST DIRECTION    NE (30)
  AVERAGE WIND SPEED     8.2


SKY COVER
  POSSIBLE SUNSHINE  MM
  AVERAGE SKY COVER 0.1


WEATHER CONDITIONS
 THE FOLLOWING WEATHER WAS RECORDED YESTERDAY.
  NO SIGNIFICANT WEATHER WAS OBSERVED.


RELATIVE HUMIDITY (PERCENT)
 HIGHEST    83           700 AM
 LOWEST     40           300 PM
 AVERAGE    62

..........................................................


THE LOUISVILLE KY CLIMATE NORMALS FOR TODAY
                         NORMAL    RECORD    YEAR
 MAXIMUM TEMPERATURE (F)   83        97      1897
                                             1896
 MINIMUM TEMPERATURE (F)   63        44      1917


SUNRISE AND SUNSET
SEPTEMBER 11 2017.....SUNRISE   721 AM EDT   SUNSET   757 PM EDT
SEPTEMBER 12 2017.....SUNRISE   722 AM EDT   SUNSET   755 PM EDT


-  INDICATES NEGATIVE NUMBERS.
R  INDICATES RECORD WAS SET OR TIED.
MM INDICATES DATA IS MISSING.
T  INDICATES TRACE AMOUNT.




$$
