000
CDUS43 KLMK 192034
CLISDF


CLIMATE REPORT
NATIONAL WEATHER SERVICE LOUISVILLE KY
432 PM EDT SUN MAR 19 2017


...................................

...THE LOUISVILLE KY CLIMATE SUMMARY FOR MARCH 19 2017...
VALID TODAY AS OF 0400 PM LOCAL TIME.

CLIMATE NORMAL PERIOD 1981 TO 2010
CLIMATE RECORD PERIOD 1871 TO 2017


WEATHER ITEM   OBSERVED TIME   RECORD YEAR NORMAL DEPARTURE LAST
                VALUE   (LST)  VALUE       VALUE  FROM      YEAR
                                                  NORMAL
..................................................................
TEMPERATURE (F)
 TODAY
  MAXIMUM         54    319 PM  84    2012  59     -5       54
  MINIMUM         32    732 AM  12    1923  39     -7       41
  AVERAGE         43                        49     -6       48

PRECIPITATION (IN)
  TODAY            0.00          5.25 1943   0.13  -0.13     0.16
  MONTH TO DATE    2.54                      2.47   0.07     2.92
  SINCE MAR 1      2.54                      2.47   0.07     2.92
  SINCE JAN 1      8.81                      8.89  -0.08     8.74

SNOWFALL (IN)
  TODAY            0.0           6.5  1996   0.1   -0.1      0.0
  MONTH TO DATE    T                         1.1   -1.1      0.5
  SINCE MAR 1      T                         1.1   -1.1      0.5
  SINCE JUL 1      2.7                      12.1   -9.4     14.9
  SNOW DEPTH       0

DEGREE DAYS
 HEATING
  TODAY           22                        16      6       17
  MONTH TO DATE  387                       367     20      212
  SINCE MAR 1    387                       367     20      212
  SINCE JUL 1   2852                      3608   -756     2834

 COOLING
  TODAY            0                         0      0        0
  MONTH TO DATE    0                         0      0        6
  SINCE MAR 1      0                         0      0        6
  SINCE JAN 1      5                         0      5        6
..................................................................


WIND (MPH)
  HIGHEST WIND SPEED    12   HIGHEST WIND DIRECTION    NE (40)
  HIGHEST GUST SPEED    15   HIGHEST GUST DIRECTION     N (20)
  AVERAGE WIND SPEED     2.2


SKY COVER
  POSSIBLE SUNSHINE  MM
  AVERAGE SKY COVER 0.2


WEATHER CONDITIONS
 THE FOLLOWING WEATHER WAS RECORDED TODAY.
  HAZE


RELATIVE HUMIDITY (PERCENT)
 HIGHEST    82           400 AM
 LOWEST     41           200 PM
 AVERAGE    62

..........................................................


THE LOUISVILLE KY CLIMATE NORMALS FOR TOMORROW
                         NORMAL    RECORD    YEAR
 MAXIMUM TEMPERATURE (F)   59        85      2012
                                             1894
 MINIMUM TEMPERATURE (F)   39        12      1885


SUNRISE AND SUNSET
MARCH 19 2017.........SUNRISE   748 AM EDT   SUNSET   754 PM EDT
MARCH 20 2017.........SUNRISE   746 AM EDT   SUNSET   755 PM EDT


-  INDICATES NEGATIVE NUMBERS.
R  INDICATES RECORD WAS SET OR TIED.
MM INDICATES DATA IS MISSING.
T  INDICATES TRACE AMOUNT.




$$
