000
CDUS43 KLMK 162027
CLISDF


CLIMATE REPORT
NATIONAL WEATHER SERVICE LOUISVILLE KY
427 PM EDT SAT MAY 16 2015


...................................

...THE LOUISVILLE KY CLIMATE SUMMARY FOR MAY 16 2015...
VALID TODAY AS OF 0400 PM LOCAL TIME.

CLIMATE NORMAL PERIOD 1981 TO 2010
CLIMATE RECORD PERIOD 1871 TO 2015


WEATHER ITEM   OBSERVED TIME   RECORD YEAR NORMAL DEPARTURE LAST
                VALUE   (LST)  VALUE       VALUE  FROM      YEAR
                                                  NORMAL
..................................................................
TEMPERATURE (F)
 TODAY
  MAXIMUM         74   1214 AM  92    1900  77     -3       62
  MINIMUM         70   1230 PM  35    1997  57     13       44
  AVERAGE         72                        67      5       53

PRECIPITATION (IN)
  TODAY            0.21          2.80 1990   0.18   0.03     0.11
  MONTH TO DATE    1.34                      2.84  -1.50     2.87
  SINCE MAR 1     19.98                     11.02   8.96    12.18
  SINCE JAN 1     23.08                     17.44   5.64    18.34

SNOWFALL (IN)
  TODAY            0.0          MM      MM   0.0    0.0      0.0
  MONTH TO DATE    0.0                       0.0    0.0      0.0
  SINCE MAR 1     11.9                       1.5   10.4      4.2
  SINCE JUL 1     27.6                      12.5   15.1     26.0
  SNOW DEPTH       0

DEGREE DAYS
 HEATING
  TODAY            0                         2     -2       12
  MONTH TO DATE    9                        48    -39       45
  SINCE MAR 1    752                       832    -80      869
  SINCE JUL 1   4372                      4073    299     4523

 COOLING
  TODAY            7                         4      3        0
  MONTH TO DATE  109                        46     63       85
  SINCE MAR 1    151                        89     62      116
  SINCE JAN 1    151                        89     62      116
..................................................................


WIND (MPH)
  HIGHEST WIND SPEED    17   HIGHEST WIND DIRECTION     S (180)
  HIGHEST GUST SPEED    23   HIGHEST GUST DIRECTION     S (170)
  AVERAGE WIND SPEED     9.1


SKY COVER
  POSSIBLE SUNSHINE  MM
  AVERAGE SKY COVER 1.0


WEATHER CONDITIONS
 THE FOLLOWING WEATHER WAS RECORDED TODAY.
  RAIN
  LIGHT RAIN
  FOG


RELATIVE HUMIDITY (PERCENT)
 HIGHEST    90           200 PM
 LOWEST     68          1200 AM
 AVERAGE    79

..........................................................


THE LOUISVILLE KY CLIMATE NORMALS FOR TOMORROW
                         NORMAL    RECORD    YEAR
 MAXIMUM TEMPERATURE (F)   77        91      1962
                                             1911
 MINIMUM TEMPERATURE (F)   57        40      1895


SUNRISE AND SUNSET
MAY 16 2015...........SUNRISE   632 AM EDT   SUNSET   848 PM EDT
MAY 17 2015...........SUNRISE   631 AM EDT   SUNSET   848 PM EDT


-  INDICATES NEGATIVE NUMBERS.
R  INDICATES RECORD WAS SET OR TIED.
MM INDICATES DATA IS MISSING.
T  INDICATES TRACE AMOUNT.




$$
