989
CDUS43 KLMK 220627
CLISDF


CLIMATE REPORT
NATIONAL WEATHER SERVICE LOUISVILLE KY
226 AM EDT SUN MAY 22 2016


...................................

...THE LOUISVILLE KY CLIMATE SUMMARY FOR MAY 21 2016...

CLIMATE NORMAL PERIOD 1981 TO 2010
CLIMATE RECORD PERIOD 1871 TO 2016


WEATHER ITEM   OBSERVED TIME   RECORD YEAR NORMAL DEPARTURE LAST
                VALUE   (LST)  VALUE       VALUE  FROM      YEAR
                                                  NORMAL
..................................................................
TEMPERATURE (F)
 YESTERDAY
  MAXIMUM         72    449 PM  93    1941  78     -6       62
  MINIMUM         56   1152 PM  38    2002  59     -3       51
                                      1883
  AVERAGE         64                        68     -4       57

PRECIPITATION (IN)
  YESTERDAY        0.06          2.17 1990   0.16  -0.10      T
  MONTH TO DATE    4.08                      3.66   0.42     1.54
  SINCE MAR 1     12.76                     11.84   0.92    20.18
  SINCE JAN 1     18.58                     18.26   0.32    23.28

SNOWFALL (IN)
  YESTERDAY        0.0          MM      MM   0.0    0.0      0.0
  MONTH TO DATE    0.0                       0.0    0.0      0.0
  SINCE MAR 1      0.5                       1.5   -1.0     11.9
  SINCE JUL 1     14.9                      12.5    2.4     27.6
  SNOW DEPTH       0

DEGREE DAYS
 HEATING
  YESTERDAY        1                         2     -1        8
  MONTH TO DATE   91                        58     33       22
  SINCE MAR 1    630                       842   -212      765
  SINCE JUL 1   3252                      4083   -831     4385

 COOLING
  YESTERDAY        0                         5     -5        0
  MONTH TO DATE   38                        69    -31      133
  SINCE MAR 1    101                       112    -11      175
  SINCE JAN 1    101                       112    -11      175
..................................................................


WIND (MPH)
  HIGHEST WIND SPEED    16   HIGHEST WIND DIRECTION     N (360)
  HIGHEST GUST SPEED    19   HIGHEST GUST DIRECTION     N (10)
  AVERAGE WIND SPEED     6.0


SKY COVER
  POSSIBLE SUNSHINE  MM
  AVERAGE SKY COVER 0.8


WEATHER CONDITIONS
 THE FOLLOWING WEATHER WAS RECORDED YESTERDAY.
  LIGHT RAIN
  FOG


RELATIVE HUMIDITY (PERCENT)
 HIGHEST    90           100 AM
 LOWEST     47           700 PM
 AVERAGE    69

..........................................................


THE LOUISVILLE KY CLIMATE NORMALS FOR TODAY
                         NORMAL    RECORD    YEAR
 MAXIMUM TEMPERATURE (F)   79        94      1941
 MINIMUM TEMPERATURE (F)   59        36      2002


SUNRISE AND SUNSET
MAY 22 2016...........SUNRISE   626 AM EDT   SUNSET   853 PM EDT
MAY 23 2016...........SUNRISE   626 AM EDT   SUNSET   854 PM EDT


-  INDICATES NEGATIVE NUMBERS.
R  INDICATES RECORD WAS SET OR TIED.
MM INDICATES DATA IS MISSING.
T  INDICATES TRACE AMOUNT.




$$
