151
CDUS43 KLMK 191659
CLISDF


CLIMATE REPORT
NATIONAL WEATHER SERVICE LOUISVILLE KY
1258 PM EDT FRI AUG 19 2016


...................................

...THE LOUISVILLE KY CLIMATE SUMMARY FOR AUGUST 18 2016...

CLIMATE NORMAL PERIOD 1981 TO 2010
CLIMATE RECORD PERIOD 1871 TO 2016


WEATHER ITEM   OBSERVED TIME   RECORD YEAR NORMAL DEPARTURE LAST
                VALUE   (LST)  VALUE       VALUE  FROM      YEAR
                                                  NORMAL
..................................................................
TEMPERATURE (F)
 YESTERDAY
  MAXIMUM         85    357 PM  99    1988  89     -4       87
                                      1936
  MINIMUM         74    627 AM  55    1962  69      5       69
                                      1943
                                      1889
  AVERAGE         80                        79      1       78

PRECIPITATION (IN)
  YESTERDAY        T             1.77 1888   0.12  -0.12     0.00
  MONTH TO DATE    3.99                      2.09   1.90     2.91
  SINCE JUN 1     12.89                     10.11   2.78    18.38
  SINCE JAN 1     31.95                     29.98   1.97    42.50

SNOWFALL (IN)
  YESTERDAY        0.0          MM      MM   0.0    0.0      0.0
  MONTH TO DATE    0.0                       0.0    0.0      0.0
  SINCE JUN 1      0.0                       0.0    0.0      0.0
  SINCE JUL 1      0.0                       0.0    0.0      0.0
  SNOW DEPTH       0

DEGREE DAYS
 HEATING
  YESTERDAY        0                         0      0        0
  MONTH TO DATE    0                         0      0        0
  SINCE JUN 1      0                         5     -5        6
  SINCE JUL 1      0                         0      0        0

 COOLING
  YESTERDAY       15                        14      1       13
  MONTH TO DATE  302                       252     50      237
  SINCE JUN 1   1206                      1019    187     1079
  SINCE JAN 1   1399                      1193    206     1330
..................................................................


WIND (MPH)
  HIGHEST WIND SPEED    12   HIGHEST WIND DIRECTION    SW (230)
  HIGHEST GUST SPEED    13   HIGHEST GUST DIRECTION     S (190)
  AVERAGE WIND SPEED     4.6


SKY COVER
  POSSIBLE SUNSHINE  MM
  AVERAGE SKY COVER 0.9


WEATHER CONDITIONS
 THE FOLLOWING WEATHER WAS RECORDED YESTERDAY.
  FOG
  HAZE


RELATIVE HUMIDITY (PERCENT)
 HIGHEST    93           100 AM
 LOWEST     61           400 PM
 AVERAGE    77

..........................................................


THE LOUISVILLE KY CLIMATE NORMALS FOR TODAY
                         NORMAL    RECORD    YEAR
 MAXIMUM TEMPERATURE (F)   89       101      1936
 MINIMUM TEMPERATURE (F)   69        55      1953


SUNRISE AND SUNSET
AUGUST 19 2016........SUNRISE   702 AM EDT   SUNSET   830 PM EDT
AUGUST 20 2016........SUNRISE   703 AM EDT   SUNSET   829 PM EDT


-  INDICATES NEGATIVE NUMBERS.
R  INDICATES RECORD WAS SET OR TIED.
MM INDICATES DATA IS MISSING.
T  INDICATES TRACE AMOUNT.




$$
