541
CDUS43 KLMK 210629
CLISDF


CLIMATE REPORT
NATIONAL WEATHER SERVICE LOUISVILLE KY
228 AM EDT THU APR 21 2016


...................................

...THE LOUISVILLE KY CLIMATE SUMMARY FOR APRIL 20 2016...

CLIMATE NORMAL PERIOD 1981 TO 2010
CLIMATE RECORD PERIOD 1871 TO 2016


WEATHER ITEM   OBSERVED TIME   RECORD YEAR NORMAL DEPARTURE LAST
                VALUE   (LST)  VALUE       VALUE  FROM      YEAR
                                                  NORMAL
..................................................................
TEMPERATURE (F)
 YESTERDAY
  MAXIMUM         86    509 PM  87    1976  70     16       63
                                      1896
  MINIMUM         61    502 AM  28    1897  49     12       50
  AVERAGE         74                        60     14       57

PRECIPITATION (IN)
  YESTERDAY        T             2.78 1892   0.13  -0.13     0.17
  MONTH TO DATE    0.96                      2.53  -1.57    10.59
  SINCE MAR 1      6.46                      6.70  -0.24    18.39
  SINCE JAN 1     12.28                     13.12  -0.84    21.49

SNOWFALL (IN)
  YESTERDAY        0.0           T    1953   0.0    0.0      0.0
  MONTH TO DATE    0.0                       0.1   -0.1      0.0
  SINCE MAR 1      0.5                       1.5   -1.0     11.9
  SINCE JUL 1     14.9                      12.5    2.4     27.6
  SNOW DEPTH       0

DEGREE DAYS
 HEATING
  YESTERDAY        0                         7     -7        8
  MONTH TO DATE  197                       190      7       76
  SINCE MAR 1    533                       728   -195      642
  SINCE JUL 1   3155                      3969   -814     4262

 COOLING
  YESTERDAY        9                         2      7        0
  MONTH TO DATE   29                        21      8       41
  SINCE MAR 1     36                        27      9       42
  SINCE JAN 1     36                        27      9       42
..................................................................


WIND (MPH)
  HIGHEST WIND SPEED    21   HIGHEST WIND DIRECTION    NW (300)
  HIGHEST GUST SPEED    25   HIGHEST GUST DIRECTION     W (290)
  AVERAGE WIND SPEED     6.6


SKY COVER
  POSSIBLE SUNSHINE  MM
  AVERAGE SKY COVER 0.6


WEATHER CONDITIONS
 THE FOLLOWING WEATHER WAS RECORDED YESTERDAY.
  LIGHT RAIN


RELATIVE HUMIDITY (PERCENT)
 HIGHEST    64           500 AM
 LOWEST     21           400 PM
 AVERAGE    43

..........................................................


THE LOUISVILLE KY CLIMATE NORMALS FOR TODAY
                         NORMAL    RECORD    YEAR
 MAXIMUM TEMPERATURE (F)   71        86      1987
                                             1963
                                             1902
 MINIMUM TEMPERATURE (F)   49        32      1888


SUNRISE AND SUNSET
APRIL 21 2016.........SUNRISE   658 AM EDT   SUNSET   825 PM EDT
APRIL 22 2016.........SUNRISE   657 AM EDT   SUNSET   826 PM EDT


-  INDICATES NEGATIVE NUMBERS.
R  INDICATES RECORD WAS SET OR TIED.
MM INDICATES DATA IS MISSING.
T  INDICATES TRACE AMOUNT.




$$
