000
CDUS43 KLMK 070627
CLISDF


CLIMATE REPORT
NATIONAL WEATHER SERVICE LOUISVILLE KY
227 AM EDT FRI APR 7 2017


...................................

...THE LOUISVILLE KY CLIMATE SUMMARY FOR APRIL 6 2017...

CLIMATE NORMAL PERIOD 1981 TO 2010
CLIMATE RECORD PERIOD 1871 TO 2017


WEATHER ITEM   OBSERVED TIME   RECORD YEAR NORMAL DEPARTURE LAST
                VALUE   (LST)  VALUE       VALUE  FROM      YEAR
                                                  NORMAL
..................................................................
TEMPERATURE (F)
 YESTERDAY
  MAXIMUM         59   1218 AM  87    2010  66     -7       69
                                      1873
  MINIMUM         43   1159 PM  26    1982  44     -1       40
  AVERAGE         51                        55     -4       55

PRECIPITATION (IN)
  YESTERDAY        0.05          1.34 1883   0.12  -0.07      T
  MONTH TO DATE    0.42                      0.73  -0.31      T
  SINCE MAR 1      4.10                      4.90  -0.80     5.50
  SINCE JAN 1     10.37                     11.32  -0.95    11.32

SNOWFALL (IN)
  YESTERDAY        0.0           1.5  1886   0.0    0.0      0.0
  MONTH TO DATE    0.0                       0.0    0.0      0.0
  SINCE MAR 1      T                         1.4   -1.4      0.5
  SINCE JUL 1      2.7                      12.4   -9.7     14.9
  SNOW DEPTH       0

DEGREE DAYS
 HEATING
  YESTERDAY       14                        11      3       10
  MONTH TO DATE   36                        69    -33       78
  SINCE MAR 1    494                       607   -113      414
  SINCE JUL 1   2959                      3848   -889     3036

 COOLING
  YESTERDAY        0                         1     -1        0
  MONTH TO DATE    6                         6      0        0
  SINCE MAR 1     17                        12      5        7
  SINCE JAN 1     22                        12     10        7
..................................................................


WIND (MPH)
  HIGHEST WIND SPEED    31   HIGHEST WIND DIRECTION    NW (330)
  HIGHEST GUST SPEED    46   HIGHEST GUST DIRECTION    NW (300)
  AVERAGE WIND SPEED    18.6


SKY COVER
  POSSIBLE SUNSHINE  MM
  AVERAGE SKY COVER 1.0


WEATHER CONDITIONS
 THE FOLLOWING WEATHER WAS RECORDED YESTERDAY.
  THUNDERSTORM
  LIGHT RAIN
  FOG
  HAZE


RELATIVE HUMIDITY (PERCENT)
 HIGHEST    89           700 AM
 LOWEST     41           600 PM
 AVERAGE    65

..........................................................


THE LOUISVILLE KY CLIMATE NORMALS FOR TODAY
                         NORMAL    RECORD    YEAR
 MAXIMUM TEMPERATURE (F)   66        87      1959
 MINIMUM TEMPERATURE (F)   45        22      1982


SUNRISE AND SUNSET
APRIL  7 2017.........SUNRISE   719 AM EDT   SUNSET   812 PM EDT
APRIL  8 2017.........SUNRISE   717 AM EDT   SUNSET   813 PM EDT


-  INDICATES NEGATIVE NUMBERS.
R  INDICATES RECORD WAS SET OR TIED.
MM INDICATES DATA IS MISSING.
T  INDICATES TRACE AMOUNT.




$$
