000
CDUS43 KLMK 060629
CLISDF


CLIMATE REPORT
NATIONAL WEATHER SERVICE LOUISVILLE KY
128 AM EST THU NOV 6 2014


...................................

...THE LOUISVILLE KY CLIMATE SUMMARY FOR NOVEMBER 5 2014...

CLIMATE NORMAL PERIOD 1981 TO 2010
CLIMATE RECORD PERIOD 1871 TO 2014


WEATHER ITEM   OBSERVED TIME   RECORD YEAR NORMAL DEPARTURE LAST
                VALUE   (LST)  VALUE       VALUE  FROM      YEAR
                                                  NORMAL
..................................................................
TEMPERATURE (F)
 YESTERDAY
  MAXIMUM         58    230 PM  80    1975  63     -5       64
  MINIMUM         52    859 AM  18    1991  43      9       50
  AVERAGE         55                        53      2       57

PRECIPITATION (IN)
  YESTERDAY        0.10          3.58 1948   0.11  -0.01     0.00
  MONTH TO DATE    0.13                      0.56  -0.43     0.01
  SINCE SEP 1      6.95                      6.83   0.12    12.65
  SINCE JAN 1     38.12                     38.05   0.07    44.46

SNOWFALL (IN)
  YESTERDAY        0.0           T    1995   0.0    0.0      0.0
                                      1992
                                      1967
  MONTH TO DATE    T                         0.0    0.0      0.0
  SINCE SEP 1      T                         0.1   -0.1       T
  SINCE JUL 1      T                         0.1   -0.1       T
  SNOW DEPTH       0

DEGREE DAYS
 HEATING
  YESTERDAY       10                        12     -2        8
  MONTH TO DATE   73                        58     15       55
  SINCE SEP 1    274                       300    -26      288
  SINCE JUL 1    274                       300    -26      288

 COOLING
  YESTERDAY        0                         0      0        0
  MONTH TO DATE    0                         0      0        0
  SINCE SEP 1    233                       252    -19      288
  SINCE JAN 1   1625                      1609     16     1628
..................................................................


WIND (MPH)
  HIGHEST WIND SPEED    14   HIGHEST WIND DIRECTION    SW (220)
  HIGHEST GUST SPEED    16   HIGHEST GUST DIRECTION    SW (210)
  AVERAGE WIND SPEED     5.5


SKY COVER
  POSSIBLE SUNSHINE  MM
  AVERAGE SKY COVER 1.0


WEATHER CONDITIONS
 THE FOLLOWING WEATHER WAS RECORDED YESTERDAY.
  HEAVY RAIN
  LIGHT RAIN
  FOG
  HAZE


RELATIVE HUMIDITY (PERCENT)
 HIGHEST    93           100 AM
 LOWEST     80           100 PM
 AVERAGE    87

..........................................................


THE LOUISVILLE KY CLIMATE NORMALS FOR TODAY
                         NORMAL    RECORD    YEAR
 MAXIMUM TEMPERATURE (F)   62        79      1895
 MINIMUM TEMPERATURE (F)   43        24      1982


SUNRISE AND SUNSET
NOVEMBER  6 2014......SUNRISE   714 AM EST   SUNSET   538 PM EST
NOVEMBER  7 2014......SUNRISE   715 AM EST   SUNSET   537 PM EST


-  INDICATES NEGATIVE NUMBERS.
R  INDICATES RECORD WAS SET OR TIED.
MM INDICATES DATA IS MISSING.
T  INDICATES TRACE AMOUNT.




$$
