000
CDUS43 KLMK 090626
CLISDF


CLIMATE REPORT
NATIONAL WEATHER SERVICE LOUISVILLE KY
126 AM EST THU MAR 9 2017


...................................

...THE LOUISVILLE KY CLIMATE SUMMARY FOR MARCH 8 2017...

CLIMATE NORMAL PERIOD 1981 TO 2010
CLIMATE RECORD PERIOD 1871 TO 2017


WEATHER ITEM   OBSERVED TIME   RECORD YEAR NORMAL DEPARTURE LAST
                VALUE   (LST)  VALUE       VALUE  FROM      YEAR
                                                  NORMAL
..................................................................
TEMPERATURE (F)
 YESTERDAY
  MAXIMUM         65    404 PM  82    1974  55     10       76
  MINIMUM         46    735 AM   6    1960  35     11       53
  AVERAGE         56                        45     11       65

PRECIPITATION (IN)
  YESTERDAY        0.00          1.47 1909   0.13  -0.13     0.00
  MONTH TO DATE    2.43                      0.99   1.44     0.47
  SINCE MAR 1      2.43                      0.99   1.44     0.47
  SINCE JAN 1      8.70                      7.41   1.29     6.29

SNOWFALL (IN)
  YESTERDAY        0.0           6.1  2008   0.0    0.0      0.0
  MONTH TO DATE    0.0                       0.5   -0.5      0.5
  SINCE MAR 1      0.0                       0.5   -0.5      0.5
  SINCE JUL 1      2.7                      11.5   -8.8     14.9
  SNOW DEPTH       0

DEGREE DAYS
 HEATING
  YESTERDAY        9                        20    -11        0
  MONTH TO DATE  114                       169    -55      159
  SINCE MAR 1    114                       169    -55      159
  SINCE JUL 1   2579                      3410   -831     2781

 COOLING
  YESTERDAY        0                         0      0        0
  MONTH TO DATE    0                         0      0        0
  SINCE MAR 1      0                         0      0        0
  SINCE JAN 1      5                         0      5        0
..................................................................


WIND (MPH)
  HIGHEST WIND SPEED    24   HIGHEST WIND DIRECTION     W (270)
  HIGHEST GUST SPEED    33   HIGHEST GUST DIRECTION     W (280)
  AVERAGE WIND SPEED    11.4


SKY COVER
  POSSIBLE SUNSHINE  MM
  AVERAGE SKY COVER 0.3


WEATHER CONDITIONS
 THE FOLLOWING WEATHER WAS RECORDED YESTERDAY.
  NO SIGNIFICANT WEATHER WAS OBSERVED.


RELATIVE HUMIDITY (PERCENT)
 HIGHEST    53          1200 AM
 LOWEST     15           300 PM
 AVERAGE    34

..........................................................


THE LOUISVILLE KY CLIMATE NORMALS FOR TODAY
                         NORMAL    RECORD    YEAR
 MAXIMUM TEMPERATURE (F)   55        79      1925
 MINIMUM TEMPERATURE (F)   36         6      1932


SUNRISE AND SUNSET
MARCH  9 2017.........SUNRISE   703 AM EST   SUNSET   645 PM EST
MARCH 10 2017.........SUNRISE   701 AM EST   SUNSET   645 PM EST


-  INDICATES NEGATIVE NUMBERS.
R  INDICATES RECORD WAS SET OR TIED.
MM INDICATES DATA IS MISSING.
T  INDICATES TRACE AMOUNT.




$$
