687
CDUS43 KLMK 300630
CLISDF


CLIMATE REPORT
NATIONAL WEATHER SERVICE LOUISVILLE KY
130 AM EST SAT JAN 30 2016


...................................

...THE LOUISVILLE KY CLIMATE SUMMARY FOR JANUARY 29 2016...

CLIMATE NORMAL PERIOD 1981 TO 2010
CLIMATE RECORD PERIOD 1871 TO 2016


WEATHER ITEM   OBSERVED TIME   RECORD YEAR NORMAL DEPARTURE LAST
                VALUE   (LST)  VALUE       VALUE  FROM      YEAR
                                                  NORMAL
..................................................................
TEMPERATURE (F)
 YESTERDAY
  MAXIMUM         47    356 PM  73    1975  44      3       55
  MINIMUM         31    755 AM  -4    1977  27      4       34
  AVERAGE         39                        36      3       45

PRECIPITATION (IN)
  YESTERDAY        0.00          2.13 1916   0.10  -0.10     0.05
  MONTH TO DATE    0.99                      3.01  -2.02     0.87
  SINCE DEC 1      7.57                      6.84   0.73     4.44
  SINCE JAN 1      0.99                      3.01  -2.02     0.87

SNOWFALL (IN)
  YESTERDAY        0.0           3.0  1909   0.2   -0.2      0.0
  MONTH TO DATE    8.2                       3.4    4.8      1.1
  SINCE DEC 1      8.2                       6.0    2.2      1.1
  SINCE JUL 1      8.2                       6.2    2.0      4.8
  SNOW DEPTH       0

DEGREE DAYS
 HEATING
  YESTERDAY       26                        29     -3       20
  MONTH TO DATE  917                       869     48      897
  SINCE DEC 1   1375                      1710   -335     1633
  SINCE JUL 1   1899                      2445   -546     2519

 COOLING
  YESTERDAY        0                         0      0        0
  MONTH TO DATE    0                         0      0        0
  SINCE DEC 1      3                         1      2        0
  SINCE JAN 1      0                         0      0        0
..................................................................


WIND (MPH)
  HIGHEST WIND SPEED    18   HIGHEST WIND DIRECTION    NW (300)
  HIGHEST GUST SPEED    24   HIGHEST GUST DIRECTION    NW (310)
  AVERAGE WIND SPEED     7.6


SKY COVER
  POSSIBLE SUNSHINE  MM
  AVERAGE SKY COVER 0.4


WEATHER CONDITIONS
 THE FOLLOWING WEATHER WAS RECORDED YESTERDAY.
  NO SIGNIFICANT WEATHER WAS OBSERVED.


RELATIVE HUMIDITY (PERCENT)
 HIGHEST    78           700 AM
 LOWEST     37           400 PM
 AVERAGE    58

..........................................................


THE LOUISVILLE KY CLIMATE NORMALS FOR TODAY
                         NORMAL    RECORD    YEAR
 MAXIMUM TEMPERATURE (F)   44        71      2013
                                             1916
 MINIMUM TEMPERATURE (F)   27        -9      1966


SUNRISE AND SUNSET
JANUARY 30 2016.......SUNRISE   750 AM EST   SUNSET   603 PM EST
JANUARY 31 2016.......SUNRISE   749 AM EST   SUNSET   604 PM EST


-  INDICATES NEGATIVE NUMBERS.
R  INDICATES RECORD WAS SET OR TIED.
MM INDICATES DATA IS MISSING.
T  INDICATES TRACE AMOUNT.




$$
