000
CDUS43 KLMK 192026
CLISDF

CLIMATE REPORT
NATIONAL WEATHER SERVICE LOUISVILLE KY
425 PM EDT FRI JUN 19 2015


...................................

...THE LOUISVILLE KY CLIMATE SUMMARY FOR JUNE 19 2015...
VALID TODAY AS OF 0400 PM LOCAL TIME.

CLIMATE NORMAL PERIOD 1981 TO 2010
CLIMATE RECORD PERIOD 1871 TO 2015


WEATHER ITEM   OBSERVED TIME   RECORD YEAR NORMAL DEPARTURE LAST
                VALUE   (LST)  VALUE       VALUE  FROM      YEAR
                                                  NORMAL
..................................................................
TEMPERATURE (F)
 TODAY
  MAXIMUM         86    259 PM  99    1888  86      0       94
  MINIMUM         72    657 AM  53    1965  67      5       77
                                      1961
                                      1959
  AVERAGE         79                        77      2       86

PRECIPITATION (IN)
  TODAY            0.01          1.90 1946   0.11  -0.10     0.00
  MONTH TO DATE    3.24                      2.51   0.73     0.54
  SINCE JUN 1      3.24                      2.51   0.73     0.54
  SINCE JAN 1     27.36                     22.38   4.98    20.05

SNOWFALL (IN)
  TODAY            0.0          MM      MM   0.0    0.0      0.0
  MONTH TO DATE    0.0                       0.0    0.0      0.0
  SINCE JUN 1      0.0                       0.0    0.0      0.0
  SINCE JUL 1     27.6                      12.5   15.1     26.0
  SNOW DEPTH       0

DEGREE DAYS
 HEATING
  TODAY            0                         0      0        0
  MONTH TO DATE    6                         1      5        0
  SINCE JUN 1      6                         1      5        0
  SINCE JUL 1   4393                      4093    300     4547

 COOLING
  TODAY           14                        12      2       21
  MONTH TO DATE  242                       182     60      213
  SINCE JUN 1    242                       182     60      213
  SINCE JAN 1    493                       356    137      447
..................................................................


WIND (MPH)
  HIGHEST WIND SPEED    15   HIGHEST WIND DIRECTION     N (360)
  HIGHEST GUST SPEED    17   HIGHEST GUST DIRECTION     N (360)
  AVERAGE WIND SPEED     4.3


SKY COVER
  POSSIBLE SUNSHINE  MM
  AVERAGE SKY COVER 0.9


WEATHER CONDITIONS
 THE FOLLOWING WEATHER WAS RECORDED TODAY.
  LIGHT RAIN


RELATIVE HUMIDITY (PERCENT)
 HIGHEST    93           300 AM
 LOWEST     69          1100 AM
 AVERAGE    81

..........................................................


THE LOUISVILLE KY CLIMATE NORMALS FOR TOMORROW
                         NORMAL    RECORD    YEAR
 MAXIMUM TEMPERATURE (F)   87       100      1953
 MINIMUM TEMPERATURE (F)   67        50      1980


SUNRISE AND SUNSET
JUNE 19 2015..........SUNRISE   620 AM EDT   SUNSET   909 PM EDT
JUNE 20 2015..........SUNRISE   620 AM EDT   SUNSET   909 PM EDT


-  INDICATES NEGATIVE NUMBERS.
R  INDICATES RECORD WAS SET OR TIED.
MM INDICATES DATA IS MISSING.
T  INDICATES TRACE AMOUNT.




$$
