000
CDUS43 KLMK 120626
CLISDF


CLIMATE REPORT
NATIONAL WEATHER SERVICE LOUISVILLE KY
226 AM EDT SUN OCT 12 2014


...................................

...THE LOUISVILLE KY CLIMATE SUMMARY FOR OCTOBER 11 2014...

CLIMATE NORMAL PERIOD 1981 TO 2010
CLIMATE RECORD PERIOD 1871 TO 2014


WEATHER ITEM   OBSERVED TIME   RECORD YEAR NORMAL DEPARTURE LAST
                VALUE   (LST)  VALUE       VALUE  FROM      YEAR
                                                  NORMAL
..................................................................
TEMPERATURE (F)
 YESTERDAY
  MAXIMUM         59    710 PM  90    2010  72    -13       79
  MINIMUM         52    436 AM  30    1906  50      2       52
  AVERAGE         56                        61     -5       66

PRECIPITATION (IN)
  YESTERDAY        T             1.02 1898   0.11  -0.11     0.00
  MONTH TO DATE    1.21                      1.17   0.04     7.57
  SINCE SEP 1      4.52                      4.22   0.30    10.27
  SINCE JAN 1     35.69                     35.44   0.25    42.08

SNOWFALL (IN)
  YESTERDAY        0.0           0.0    MM   0.0    0.0      0.0
  MONTH TO DATE    0.0                       0.0    0.0      0.0
  SINCE SEP 1      0.0                       0.0    0.0      0.0
  SINCE JUL 1      0.0                       0.0    0.0      0.0
  SNOW DEPTH       0

DEGREE DAYS
 HEATING
  YESTERDAY        9                         6      3        0
  MONTH TO DATE   48                        50     -2       17
  SINCE SEP 1     61                        80    -19       23
  SINCE JUL 1     61                        80    -19       23

 COOLING
  YESTERDAY        0                         2     -2        1
  MONTH TO DATE   18                        26     -8       48
  SINCE SEP 1    221                       236    -15      283
  SINCE JAN 1   1613                      1593     20     1623
..................................................................


WIND (MPH)
  HIGHEST WIND SPEED    13   HIGHEST WIND DIRECTION    NE (50)
  HIGHEST GUST SPEED    18   HIGHEST GUST DIRECTION    NE (60)
  AVERAGE WIND SPEED     7.2


SKY COVER
  POSSIBLE SUNSHINE  MM
  AVERAGE SKY COVER 0.9


WEATHER CONDITIONS
 THE FOLLOWING WEATHER WAS RECORDED YESTERDAY.
  LIGHT RAIN
  FOG


RELATIVE HUMIDITY (PERCENT)
 HIGHEST    96           300 AM
 LOWEST     62           100 PM
 AVERAGE    79

..........................................................


THE LOUISVILLE KY CLIMATE NORMALS FOR TODAY
                         NORMAL    RECORD    YEAR
 MAXIMUM TEMPERATURE (F)   71        87      2008
 MINIMUM TEMPERATURE (F)   50        32      1917


SUNRISE AND SUNSET
OCTOBER 12 2014.......SUNRISE   749 AM EDT   SUNSET   709 PM EDT
OCTOBER 13 2014.......SUNRISE   750 AM EDT   SUNSET   708 PM EDT


-  INDICATES NEGATIVE NUMBERS.
R  INDICATES RECORD WAS SET OR TIED.
MM INDICATES DATA IS MISSING.
T  INDICATES TRACE AMOUNT.




$$
