985
CDUS43 KLMK 170626
CLISDF


CLIMATE REPORT
NATIONAL WEATHER SERVICE LOUISVILLE KY
226 AM EDT SAT SEP 17 2016


...................................

...THE LOUISVILLE KY CLIMATE SUMMARY FOR SEPTEMBER 16 2016...

CLIMATE NORMAL PERIOD 1981 TO 2010
CLIMATE RECORD PERIOD 1871 TO 2016


WEATHER ITEM   OBSERVED TIME   RECORD YEAR NORMAL DEPARTURE LAST
                VALUE   (LST)  VALUE       VALUE  FROM      YEAR
                                                  NORMAL
..................................................................
TEMPERATURE (F)
 YESTERDAY
  MAXIMUM         90    201 PM  96    1954  82      8       84
                                      1897
  MINIMUM         71    640 AM  44    1916  61     10       58
  AVERAGE         81                        71     10       71

PRECIPITATION (IN)
  YESTERDAY        0.10          1.47 1956   0.10   0.00     0.00
  MONTH TO DATE    0.57                      1.59  -1.02     0.80
  SINCE SEP 1      0.57                      1.59  -1.02     0.80
  SINCE JAN 1     34.24                     32.81   1.43    43.86

SNOWFALL (IN)
  YESTERDAY        0.0          MM      MM   0.0    0.0      0.0
  MONTH TO DATE    0.0                       0.0    0.0      0.0
  SINCE SEP 1      0.0                       0.0    0.0      0.0
  SINCE JUL 1      0.0                       0.0    0.0      0.0
  SNOW DEPTH       0

DEGREE DAYS
 HEATING
  YESTERDAY        0                         1     -1        0
  MONTH TO DATE    0                         2     -2        4
  SINCE SEP 1      0                         2     -2        4
  SINCE JUL 1      0                         2     -2        4

 COOLING
  YESTERDAY       16                         7      9        6
  MONTH TO DATE  207                       145     62      187
  SINCE SEP 1    207                       145     62      187
  SINCE JAN 1   1815                      1502    313     1641
..................................................................


WIND (MPH)
  HIGHEST WIND SPEED    22   HIGHEST WIND DIRECTION    NW (300)
  HIGHEST GUST SPEED    26   HIGHEST GUST DIRECTION    NW (300)
  AVERAGE WIND SPEED     6.2


SKY COVER
  POSSIBLE SUNSHINE  MM
  AVERAGE SKY COVER 0.9


WEATHER CONDITIONS
 THE FOLLOWING WEATHER WAS RECORDED YESTERDAY.
  THUNDERSTORM
  LIGHT RAIN


RELATIVE HUMIDITY (PERCENT)
 HIGHEST    79           500 AM
 LOWEST     47           100 PM
 AVERAGE    63

..........................................................


THE LOUISVILLE KY CLIMATE NORMALS FOR TODAY
                         NORMAL    RECORD    YEAR
 MAXIMUM TEMPERATURE (F)   81        96      1955
 MINIMUM TEMPERATURE (F)   60        43      2000


SUNRISE AND SUNSET
SEPTEMBER 17 2016.....SUNRISE   727 AM EDT   SUNSET   747 PM EDT
SEPTEMBER 18 2016.....SUNRISE   728 AM EDT   SUNSET   745 PM EDT


-  INDICATES NEGATIVE NUMBERS.
R  INDICATES RECORD WAS SET OR TIED.
MM INDICATES DATA IS MISSING.
T  INDICATES TRACE AMOUNT.




$$
