000
CDUS43 KLMK 132033
CLISDF


CLIMATE REPORT
NATIONAL WEATHER SERVICE LOUISVILLE KY
431 PM EDT WED APR 13 2016


...................................

...THE LOUISVILLE KY CLIMATE SUMMARY FOR APRIL 13 2016...
VALID TODAY AS OF 0400 PM LOCAL TIME.

CLIMATE NORMAL PERIOD 1981 TO 2010
CLIMATE RECORD PERIOD 1871 TO 2016


WEATHER ITEM   OBSERVED TIME   RECORD YEAR NORMAL DEPARTURE LAST
                VALUE   (LST)  VALUE       VALUE  FROM      YEAR
                                                  NORMAL
..................................................................
TEMPERATURE (F)
 TODAY
  MAXIMUM         65    258 PM  87    1887  68     -3       81
  MINIMUM         41    617 AM  26    1920  47     -6       61
  AVERAGE         53                        57     -4       71

PRECIPITATION (IN)
  TODAY            0.00          2.04 1923   0.13  -0.13     0.64
  MONTH TO DATE    0.96                      1.62  -0.66     9.26
  SINCE MAR 1      6.46                      5.79   0.67    17.06
  SINCE JAN 1     12.28                     12.21   0.07    20.16

SNOWFALL (IN)
  TODAY            0.0           0.1  2004   0.0    0.0      0.0
                                      1907
  MONTH TO DATE    0.0                       0.1   -0.1      0.0
  SINCE MAR 1      0.5                       1.5   -1.0     11.9
  SINCE JUL 1     14.9                      12.5    2.4     27.6
  SNOW DEPTH       0

DEGREE DAYS
 HEATING
  TODAY           12                         9      3        0
  MONTH TO DATE  193                       136     57       57
  SINCE MAR 1    529                       674   -145      623
  SINCE JUL 1   3151                      3915   -764     4243

 COOLING
  TODAY            0                         1     -1        6
  MONTH TO DATE    0                        13    -13       27
  SINCE MAR 1      7                        19    -12       28
  SINCE JAN 1      7                        19    -12       28
..................................................................


WIND (MPH)
  HIGHEST WIND SPEED    14   HIGHEST WIND DIRECTION     E (70)
  HIGHEST GUST SPEED    29   HIGHEST GUST DIRECTION     E (90)
  AVERAGE WIND SPEED     7.6


SKY COVER
  POSSIBLE SUNSHINE  MM
  AVERAGE SKY COVER 0.2


WEATHER CONDITIONS
 THE FOLLOWING WEATHER WAS RECORDED TODAY.
  NO SIGNIFICANT WEATHER WAS OBSERVED.


RELATIVE HUMIDITY (PERCENT)
 HIGHEST    53           400 AM
 LOWEST     26           300 PM
 AVERAGE    40

..........................................................


THE LOUISVILLE KY CLIMATE NORMALS FOR TOMORROW
                         NORMAL    RECORD    YEAR
 MAXIMUM TEMPERATURE (F)   69        89      1883
 MINIMUM TEMPERATURE (F)   47        28      1943


SUNRISE AND SUNSET
APRIL 13 2016.........SUNRISE   709 AM EDT   SUNSET   818 PM EDT
APRIL 14 2016.........SUNRISE   708 AM EDT   SUNSET   819 PM EDT


-  INDICATES NEGATIVE NUMBERS.
R  INDICATES RECORD WAS SET OR TIED.
MM INDICATES DATA IS MISSING.
T  INDICATES TRACE AMOUNT.




$$
