000
CDUS43 KLMK 022032
CLISDF


CLIMATE REPORT
NATIONAL WEATHER SERVICE LOUISVILLE KY
431 PM EDT TUE MAY 2 2017


...................................

...THE LOUISVILLE KY CLIMATE SUMMARY FOR MAY 2 2017...
VALID TODAY AS OF 0400 PM LOCAL TIME.

CLIMATE NORMAL PERIOD 1981 TO 2010
CLIMATE RECORD PERIOD 1871 TO 2017


WEATHER ITEM   OBSERVED TIME   RECORD YEAR NORMAL DEPARTURE LAST
                VALUE   (LST)  VALUE       VALUE  FROM      YEAR
                                                  NORMAL
..................................................................
TEMPERATURE (F)
 TODAY
  MAXIMUM         74    237 PM  94    1959  74      0       70
  MINIMUM         52    629 AM  32    1963  53     -1       58
  AVERAGE         63                        63      0       64

PRECIPITATION (IN)
  TODAY            T             3.44 2010   0.17  -0.17      T
  MONTH TO DATE    0.25                      0.34  -0.09     0.33
  SINCE MAR 1      8.40                      8.52  -0.12     9.01
  SINCE JAN 1     14.67                     14.94  -0.27    14.83

SNOWFALL (IN)
  TODAY            0.0           T    1940   0.0    0.0      0.0
  MONTH TO DATE    0.0                       0.0    0.0      0.0
  SINCE MAR 1      T                         1.5   -1.5      0.5
  SINCE JUL 1      2.7                      12.5   -9.8     14.9
  SNOW DEPTH       0

DEGREE DAYS
 HEATING
  TODAY            2                         4     -2        1
  MONTH TO DATE    6                         8     -2        1
  SINCE MAR 1    554                       792   -238      540
  SINCE JUL 1   3019                      4033  -1014     3162

 COOLING
  TODAY            0                         2     -2        0
  MONTH TO DATE    0                         4     -4        9
  SINCE MAR 1    118                        47     71       72
  SINCE JAN 1    123                        47     76       72
..................................................................


WIND (MPH)
  HIGHEST WIND SPEED    33   HIGHEST WIND DIRECTION     W (270)
  HIGHEST GUST SPEED    42   HIGHEST GUST DIRECTION     W (280)
  AVERAGE WIND SPEED    15.7


SKY COVER
  POSSIBLE SUNSHINE  MM
  AVERAGE SKY COVER 0.5


WEATHER CONDITIONS
 THE FOLLOWING WEATHER WAS RECORDED TODAY.
  LIGHT RAIN


RELATIVE HUMIDITY (PERCENT)
 HIGHEST    71           500 AM
 LOWEST     29           300 PM
 AVERAGE    50

..........................................................


THE LOUISVILLE KY CLIMATE NORMALS FOR TOMORROW
                         NORMAL    RECORD    YEAR
 MAXIMUM TEMPERATURE (F)   74        93      1959
 MINIMUM TEMPERATURE (F)   53        34      2005


SUNRISE AND SUNSET
MAY  2 2017...........SUNRISE   645 AM EDT   SUNSET   835 PM EDT
MAY  3 2017...........SUNRISE   644 AM EDT   SUNSET   836 PM EDT


-  INDICATES NEGATIVE NUMBERS.
R  INDICATES RECORD WAS SET OR TIED.
MM INDICATES DATA IS MISSING.
T  INDICATES TRACE AMOUNT.




$$
