000
CDUS43 KLMK 190634
CLISDF


CLIMATE REPORT
NATIONAL WEATHER SERVICE LOUISVILLE KY
133 AM EST THU FEB 19 2015


...................................

...THE LOUISVILLE KY CLIMATE SUMMARY FOR FEBRUARY 18 2015...

CLIMATE NORMAL PERIOD 1981 TO 2010
CLIMATE RECORD PERIOD 1871 TO 2015


WEATHER ITEM   OBSERVED TIME   RECORD YEAR NORMAL DEPARTURE LAST
                VALUE   (LST)  VALUE       VALUE  FROM      YEAR
                                                  NORMAL
..................................................................
TEMPERATURE (F)
 YESTERDAY
  MAXIMUM         24    651 AM  73    1948  49    -25       58
  MINIMUM          4   1159 PM  -7    1936  31    -27       35
  AVERAGE         14                        40    -26       47

PRECIPITATION (IN)
  YESTERDAY        0.05          3.53 2000   0.11  -0.06     0.00
  MONTH TO DATE    1.26                      2.03  -0.77     3.40
  SINCE DEC 1      5.70                      9.10  -3.40    11.24
  SINCE JAN 1      2.13                      5.27  -3.14     5.81

SNOWFALL (IN)
  YESTERDAY        1.9           4.7  1979   0.1    1.8      0.0
  MONTH TO DATE   10.4                       3.2    7.2      7.1
  SINCE DEC 1     11.5                       9.5    2.0     20.7
  SINCE JUL 1     15.2                       9.7    5.5     21.2
  SNOW DEPTH       7

DEGREE DAYS
 HEATING
  YESTERDAY       51                        25     26       18
  MONTH TO DATE  606                       493    113      633
  SINCE DEC 1   2302                      2267     35     2563
  SINCE JUL 1   3188                      3002    186     3393

 COOLING
  YESTERDAY        0                         0      0        0
  MONTH TO DATE    0                         0      0        0
  SINCE DEC 1      0                         1     -1        0
  SINCE JAN 1      0                         0      0        0
..................................................................


WIND (MPH)
  HIGHEST WIND SPEED    30   HIGHEST WIND DIRECTION     W (280)
  HIGHEST GUST SPEED    36   HIGHEST GUST DIRECTION     W (280)
  AVERAGE WIND SPEED    15.2


SKY COVER
  POSSIBLE SUNSHINE  MM
  AVERAGE SKY COVER 0.8


WEATHER CONDITIONS
 THE FOLLOWING WEATHER WAS RECORDED YESTERDAY.
  HEAVY SNOW
  SNOW
  LIGHT SNOW
  FOG
  HAZE
  BLOWING SNOW


RELATIVE HUMIDITY (PERCENT)
 HIGHEST    91           400 AM
 LOWEST     51           600 PM
 AVERAGE    71

..........................................................


THE LOUISVILLE KY CLIMATE NORMALS FOR TODAY
                         NORMAL    RECORD    YEAR
 MAXIMUM TEMPERATURE (F)   49        74      1939
 MINIMUM TEMPERATURE (F)   31         0      1936
                                             1903


SUNRISE AND SUNSET
FEBRUARY 19 2015......SUNRISE   729 AM EST   SUNSET   625 PM EST
FEBRUARY 20 2015......SUNRISE   727 AM EST   SUNSET   627 PM EST


-  INDICATES NEGATIVE NUMBERS.
R  INDICATES RECORD WAS SET OR TIED.
MM INDICATES DATA IS MISSING.
T  INDICATES TRACE AMOUNT.




$$
