000
CDUS43 KLMK 080628
CLISDF


CLIMATE REPORT
NATIONAL WEATHER SERVICE LOUISVILLE KY
228 AM EDT THU JUN 8 2017


...................................

...THE LOUISVILLE KY CLIMATE SUMMARY FOR JUNE 7 2017...

CLIMATE NORMAL PERIOD 1981 TO 2010
CLIMATE RECORD PERIOD 1871 TO 2017


WEATHER ITEM   OBSERVED TIME   RECORD YEAR NORMAL DEPARTURE LAST
                VALUE   (LST)  VALUE       VALUE  FROM      YEAR
                                                  NORMAL
..................................................................
TEMPERATURE (F)
 YESTERDAY
  MAXIMUM         72    245 PM  96    1933  83    -11       80
  MINIMUM         61   1153 PM  46    1998  64     -3       64
                                      1894
  AVERAGE         67                        74     -7       72

PRECIPITATION (IN)
  YESTERDAY        0.00          2.24 1990   0.14  -0.14     0.14
  MONTH TO DATE    0.29                      1.00  -0.71     0.63
  SINCE JUN 1      0.29                      1.00  -0.71     0.63
  SINCE JAN 1     19.45                     20.87  -1.42    19.69

SNOWFALL (IN)
  YESTERDAY        0.0          MM      MM   0.0    0.0      0.0
  MONTH TO DATE    0.0                       0.0    0.0      0.0
  SINCE JUN 1      0.0                       0.0    0.0      0.0
  SINCE JUL 1      2.7                      12.5   -9.8     14.9
  SNOW DEPTH       0

DEGREE DAYS
 HEATING
  YESTERDAY        0                         0      0        0
  MONTH TO DATE    0                         1     -1        0
  SINCE JUN 1      0                         1     -1        0
  SINCE JUL 1   3087                      4093  -1006     3252

 COOLING
  YESTERDAY        2                         9     -7        7
  MONTH TO DATE   60                        56      4       77
  SINCE JUN 1     60                        56      4       77
  SINCE JAN 1    352                       230    122      270
..................................................................


WIND (MPH)
  HIGHEST WIND SPEED    20   HIGHEST WIND DIRECTION     N (20)
  HIGHEST GUST SPEED    24   HIGHEST GUST DIRECTION     N (20)
  AVERAGE WIND SPEED     8.5


SKY COVER
  POSSIBLE SUNSHINE  MM
  AVERAGE SKY COVER 0.5


WEATHER CONDITIONS
 THE FOLLOWING WEATHER WAS RECORDED YESTERDAY.
  NO SIGNIFICANT WEATHER WAS OBSERVED.


RELATIVE HUMIDITY (PERCENT)
 HIGHEST    78           400 AM
 LOWEST     49          1200 PM
 AVERAGE    64

..........................................................


THE LOUISVILLE KY CLIMATE NORMALS FOR TODAY
                         NORMAL    RECORD    YEAR
 MAXIMUM TEMPERATURE (F)   84        95      1953
                                             1874
 MINIMUM TEMPERATURE (F)   64        49      1930


SUNRISE AND SUNSET
JUNE  8 2017..........SUNRISE   620 AM EDT   SUNSET   905 PM EDT
JUNE  9 2017..........SUNRISE   619 AM EDT   SUNSET   905 PM EDT


-  INDICATES NEGATIVE NUMBERS.
R  INDICATES RECORD WAS SET OR TIED.
MM INDICATES DATA IS MISSING.
T  INDICATES TRACE AMOUNT.




$$
