000
CDUS43 KLMK 150626
CLISDF


CLIMATE REPORT
NATIONAL WEATHER SERVICE LOUISVILLE KY
126 AM EST MON DEC 15 2014


...................................

...THE LOUISVILLE KY CLIMATE SUMMARY FOR DECEMBER 14 2014...

CLIMATE NORMAL PERIOD 1981 TO 2010
CLIMATE RECORD PERIOD 1871 TO 2014


WEATHER ITEM   OBSERVED TIME   RECORD YEAR NORMAL DEPARTURE LAST
                VALUE   (LST)  VALUE       VALUE  FROM      YEAR
                                                  NORMAL
..................................................................
TEMPERATURE (F)
 YESTERDAY
  MAXIMUM         49    409 PM  73    1975  46      3       42
  MINIMUM         44    735 AM   2    1914  30     14       35
                                      1901
  AVERAGE         47                        38      9       39

PRECIPITATION (IN)
  YESTERDAY        T             2.21 1901   0.12  -0.12     0.49
  MONTH TO DATE    2.59                      1.76   0.83     2.12
  SINCE DEC 1      2.59                      1.76   0.83     2.12
  SINCE JAN 1     42.29                     42.84  -0.55    50.29

SNOWFALL (IN)
  YESTERDAY        0.0           4.5  1916   0.1   -0.1       T
  MONTH TO DATE    0.0                       0.9   -0.9      5.3
  SINCE DEC 1      0.0                       0.9   -0.9      5.3
  SINCE JUL 1      3.7                       1.1    2.6      5.8
  SNOW DEPTH       0

DEGREE DAYS
 HEATING
  YESTERDAY       18                        27     -9       26
  MONTH TO DATE  313                       352    -39      382
  SINCE DEC 1    313                       352    -39      382
  SINCE JUL 1   1199                      1087    112     1212

 COOLING
  YESTERDAY        0                         0      0        0
  MONTH TO DATE    0                         0      0        0
  SINCE DEC 1      0                         0      0        0
  SINCE JAN 1   1626                      1613     13     1628
..................................................................


WIND (MPH)
  HIGHEST WIND SPEED     9   HIGHEST WIND DIRECTION    SE (150)
  HIGHEST GUST SPEED    11   HIGHEST GUST DIRECTION    SE (140)
  AVERAGE WIND SPEED     3.9


SKY COVER
  POSSIBLE SUNSHINE  MM
  AVERAGE SKY COVER 1.0


WEATHER CONDITIONS
 THE FOLLOWING WEATHER WAS RECORDED YESTERDAY.
  LIGHT RAIN
  FOG
  HAZE


RELATIVE HUMIDITY (PERCENT)
 HIGHEST    93           100 PM
 LOWEST     71           900 AM
 AVERAGE    82

..........................................................


THE LOUISVILLE KY CLIMATE NORMALS FOR TODAY
                         NORMAL    RECORD    YEAR
 MAXIMUM TEMPERATURE (F)   46        73      1984
 MINIMUM TEMPERATURE (F)   30        -7      1901


SUNRISE AND SUNSET
DECEMBER 15 2014......SUNRISE   752 AM EST   SUNSET   524 PM EST
DECEMBER 16 2014......SUNRISE   753 AM EST   SUNSET   524 PM EST


-  INDICATES NEGATIVE NUMBERS.
R  INDICATES RECORD WAS SET OR TIED.
MM INDICATES DATA IS MISSING.
T  INDICATES TRACE AMOUNT.




$$
