000
CDUS43 KLMK 102132
CLISDF


CLIMATE REPORT
NATIONAL WEATHER SERVICE LOUISVILLE KY
431 PM EST MON NOV 10 2014


...................................

...THE LOUISVILLE KY CLIMATE SUMMARY FOR NOVEMBER 10 2014...
VALID TODAY AS OF 0400 PM LOCAL TIME.

CLIMATE NORMAL PERIOD 1981 TO 2010
CLIMATE RECORD PERIOD 1871 TO 2014


WEATHER ITEM   OBSERVED TIME   RECORD YEAR NORMAL DEPARTURE LAST
                VALUE   (LST)  VALUE       VALUE  FROM      YEAR
                                                  NORMAL
..................................................................
TEMPERATURE (F)
 TODAY
  MAXIMUM         66    359 PM  78    2006  61      5       58
                                      2002
  MINIMUM         37    706 AM  21    1973  42     -5       37
                                      1957
  AVERAGE         52                        51      1       48

PRECIPITATION (IN)
  TODAY            0.00          2.35 1891   0.10  -0.10     0.00
  MONTH TO DATE    0.14                      1.08  -0.94     0.26
  SINCE SEP 1      6.96                      7.35  -0.39    12.90
  SINCE JAN 1     38.13                     38.57  -0.44    44.71

SNOWFALL (IN)
  TODAY            0.0           0.1  1894   0.0    0.0      0.0
  MONTH TO DATE    T                         0.0    0.0      0.0
  SINCE SEP 1      T                         0.1   -0.1       T
  SINCE JUL 1      T                         0.1   -0.1       T
  SNOW DEPTH       0

DEGREE DAYS
 HEATING
  TODAY           13                        14     -1       17
  MONTH TO DATE  156                       125     31      134
  SINCE SEP 1    357                       367    -10      367
  SINCE JUL 1    357                       367    -10      367

 COOLING
  TODAY            0                         0      0        0
  MONTH TO DATE    0                         0      0        0
  SINCE SEP 1    233                       252    -19      288
  SINCE JAN 1   1625                      1609     16     1628
..................................................................


WIND (MPH)
  HIGHEST WIND SPEED    22   HIGHEST WIND DIRECTION     S (170)
  HIGHEST GUST SPEED    26   HIGHEST GUST DIRECTION     S (180)
  AVERAGE WIND SPEED     9.6


SKY COVER
  POSSIBLE SUNSHINE  MM
  AVERAGE SKY COVER 0.4


WEATHER CONDITIONS
 THE FOLLOWING WEATHER WAS RECORDED TODAY.
  NO SIGNIFICANT WEATHER WAS OBSERVED.


RELATIVE HUMIDITY (PERCENT)
 HIGHEST    76           700 AM
 LOWEST     31           300 PM
 AVERAGE    54

..........................................................


THE LOUISVILLE KY CLIMATE NORMALS FOR TOMORROW
                         NORMAL    RECORD    YEAR
 MAXIMUM TEMPERATURE (F)   60        79      1902
 MINIMUM TEMPERATURE (F)   41        21      1960
                                             1957


SUNRISE AND SUNSET
NOVEMBER 10 2014......SUNRISE   719 AM EST   SUNSET   535 PM EST
NOVEMBER 11 2014......SUNRISE   720 AM EST   SUNSET   534 PM EST


-  INDICATES NEGATIVE NUMBERS.
R  INDICATES RECORD WAS SET OR TIED.
MM INDICATES DATA IS MISSING.
T  INDICATES TRACE AMOUNT.




$$
