000
CDUS43 KLMK 090626
CLISDF


CLIMATE REPORT
NATIONAL WEATHER SERVICE LOUISVILLE KY
226 AM EDT SUN APR 9 2017


...................................

...THE LOUISVILLE KY CLIMATE SUMMARY FOR APRIL 8 2017...

CLIMATE NORMAL PERIOD 1981 TO 2010
CLIMATE RECORD PERIOD 1871 TO 2017


WEATHER ITEM   OBSERVED TIME   RECORD YEAR NORMAL DEPARTURE LAST
                VALUE   (LST)  VALUE       VALUE  FROM      YEAR
                                                  NORMAL
..................................................................
TEMPERATURE (F)
 YESTERDAY
  MAXIMUM         70    339 PM  85    2011  67      3       51
  MINIMUM         37    717 AM  24    1972  45     -8       36
  AVERAGE         54                        56     -2       44

PRECIPITATION (IN)
  YESTERDAY        0.00          2.40 1942   0.13  -0.13     0.12
  MONTH TO DATE    0.42                      0.99  -0.57     0.12
  SINCE MAR 1      4.10                      5.16  -1.06     5.62
  SINCE JAN 1     10.37                     11.58  -1.21    11.44

SNOWFALL (IN)
  YESTERDAY        0.0           3.2  1917   0.0    0.0      0.0
  MONTH TO DATE    0.0                       0.1   -0.1      0.0
  SINCE MAR 1      T                         1.5   -1.5      0.5
  SINCE JUL 1      2.7                      12.5   -9.8     14.9
  SNOW DEPTH       0

DEGREE DAYS
 HEATING
  YESTERDAY       11                        10      1       21
  MONTH TO DATE   62                        89    -27      117
  SINCE MAR 1    520                       627   -107      453
  SINCE JUL 1   2985                      3868   -883     3075

 COOLING
  YESTERDAY        0                         1     -1        0
  MONTH TO DATE    6                         8     -2        0
  SINCE MAR 1     17                        14      3        7
  SINCE JAN 1     22                        14      8        7
..................................................................


WIND (MPH)
  HIGHEST WIND SPEED    14   HIGHEST WIND DIRECTION    SW (240)
  HIGHEST GUST SPEED    19   HIGHEST GUST DIRECTION     W (250)
  AVERAGE WIND SPEED     4.1


SKY COVER
  POSSIBLE SUNSHINE  MM
  AVERAGE SKY COVER 0.3


WEATHER CONDITIONS
 THE FOLLOWING WEATHER WAS RECORDED YESTERDAY.
  NO SIGNIFICANT WEATHER WAS OBSERVED.


RELATIVE HUMIDITY (PERCENT)
 HIGHEST    64           700 AM
 LOWEST     17           400 PM
 AVERAGE    41

..........................................................


THE LOUISVILLE KY CLIMATE NORMALS FOR TODAY
                         NORMAL    RECORD    YEAR
 MAXIMUM TEMPERATURE (F)   67        86      1978
 MINIMUM TEMPERATURE (F)   45        23      1997


SUNRISE AND SUNSET
APRIL  9 2017.........SUNRISE   716 AM EDT   SUNSET   814 PM EDT
APRIL 10 2017.........SUNRISE   714 AM EDT   SUNSET   815 PM EDT


-  INDICATES NEGATIVE NUMBERS.
R  INDICATES RECORD WAS SET OR TIED.
MM INDICATES DATA IS MISSING.
T  INDICATES TRACE AMOUNT.




$$
