156
CDUS43 KLMK 142059
CLISDF


CLIMATE REPORT
NATIONAL WEATHER SERVICE LOUISVILLE KY
459 PM EDT TUE MAR 14 2017


...................................

...THE LOUISVILLE KY CLIMATE SUMMARY FOR MARCH 14 2017...
VALID TODAY AS OF 0400 PM LOCAL TIME.

CLIMATE NORMAL PERIOD 1981 TO 2010
CLIMATE RECORD PERIOD 1871 TO 2017


WEATHER ITEM   OBSERVED TIME   RECORD YEAR NORMAL DEPARTURE LAST
                VALUE   (LST)  VALUE       VALUE  FROM      YEAR
                                                  NORMAL
..................................................................
TEMPERATURE (F)
 TODAY
  MAXIMUM         39    233 PM  82    2012  57    -18       73
  MINIMUM         27    839 AM  13    1960  37    -10       57
  AVERAGE         33                        47    -14       65

PRECIPITATION (IN)
  TODAY            T             1.31 1922   0.14  -0.14     0.02
  MONTH TO DATE    2.49                      1.79   0.70     2.70
  SINCE MAR 1      2.49                      1.79   0.70     2.70
  SINCE JAN 1      8.76                      8.21   0.55     8.52

SNOWFALL (IN)
  TODAY            T             2.7  1975   0.0    0.0      0.0
  MONTH TO DATE    T                         0.8   -0.8      0.5
  SINCE MAR 1      T                         0.8   -0.8      0.5
  SINCE JUL 1      2.7                      11.8   -9.1     14.9
  SNOW DEPTH       0

DEGREE DAYS
 HEATING
  TODAY           32                        18     14        0
  MONTH TO DATE  260                       282    -22      177
  SINCE MAR 1    260                       282    -22      177
  SINCE JUL 1   2725                      3523   -798     2799

 COOLING
  TODAY            0                         0      0        0
  MONTH TO DATE    0                         0      0        1
  SINCE MAR 1      0                         0      0        1
  SINCE JAN 1      5                         0      5        1
..................................................................


WIND (MPH)
  HIGHEST WIND SPEED    23   HIGHEST WIND DIRECTION     N (340)
  HIGHEST GUST SPEED    32   HIGHEST GUST DIRECTION    NW (320)
  AVERAGE WIND SPEED    16.2


SKY COVER
  POSSIBLE SUNSHINE  MM
  AVERAGE SKY COVER 0.8


WEATHER CONDITIONS
 THE FOLLOWING WEATHER WAS RECORDED TODAY.
  LIGHT SNOW
  HAZE


RELATIVE HUMIDITY (PERCENT)
 HIGHEST    89          1200 AM
 LOWEST     32           200 PM
 AVERAGE    61

..........................................................


THE LOUISVILLE KY CLIMATE NORMALS FOR TOMORROW
                         NORMAL    RECORD    YEAR
 MAXIMUM TEMPERATURE (F)   58        83      2012
 MINIMUM TEMPERATURE (F)   38        15      1890


SUNRISE AND SUNSET
MARCH 14 2017.........SUNRISE   755 AM EDT   SUNSET   749 PM EDT
MARCH 15 2017.........SUNRISE   754 AM EDT   SUNSET   750 PM EDT


-  INDICATES NEGATIVE NUMBERS.
R  INDICATES RECORD WAS SET OR TIED.
MM INDICATES DATA IS MISSING.
T  INDICATES TRACE AMOUNT.




$$
