000
CDUS43 KLMK 120627
CLISDF


CLIMATE REPORT
NATIONAL WEATHER SERVICE LOUISVILLE KY
226 AM EDT TUE MAY 12 2015


...................................

...THE LOUISVILLE KY CLIMATE SUMMARY FOR MAY 11 2015...

CLIMATE NORMAL PERIOD 1981 TO 2010
CLIMATE RECORD PERIOD 1871 TO 2015


WEATHER ITEM   OBSERVED TIME   RECORD YEAR NORMAL DEPARTURE LAST
                VALUE   (LST)  VALUE       VALUE  FROM      YEAR
                                                  NORMAL
..................................................................
TEMPERATURE (F)
 YESTERDAY
  MAXIMUM         88    217 PM  92    1896  76     12       82
  MINIMUM         67    613 AM  37    1947  56     11       62
  AVERAGE         78                        66     12       72

PRECIPITATION (IN)
  YESTERDAY        0.74          2.31 1918   0.18   0.56      T
  MONTH TO DATE    1.13                      1.93  -0.80     1.55
  SINCE MAR 1     19.77                     10.11   9.66    10.86
  SINCE JAN 1     22.87                     16.53   6.34    17.02

SNOWFALL (IN)
  YESTERDAY        0.0          MM      MM   0.0    0.0      0.0
  MONTH TO DATE    0.0                       0.0    0.0      0.0
  SINCE MAR 1     11.9                       1.5   10.4      4.2
  SINCE JUL 1     27.6                      12.5   15.1     26.0
  SNOW DEPTH       0

DEGREE DAYS
 HEATING
  YESTERDAY        0                         3     -3        0
  MONTH TO DATE    6                        37    -31       26
  SINCE MAR 1    749                       821    -72      850
  SINCE JUL 1   4369                      4062    307     4504

 COOLING
  YESTERDAY       13                         3     10        7
  MONTH TO DATE   89                        27     62       58
  SINCE MAR 1    131                        70     61       89
  SINCE JAN 1    131                        70     61       89
..................................................................


WIND (MPH)
  HIGHEST WIND SPEED    32   HIGHEST WIND DIRECTION     W (250)
  HIGHEST GUST SPEED    41   HIGHEST GUST DIRECTION     W (270)
  AVERAGE WIND SPEED    11.1


SKY COVER
  POSSIBLE SUNSHINE  MM
  AVERAGE SKY COVER 0.8


WEATHER CONDITIONS
 THE FOLLOWING WEATHER WAS RECORDED YESTERDAY.
  THUNDERSTORM
  HEAVY RAIN
  RAIN
  LIGHT RAIN
  FOG
  FOG W/VISIBILITY <= 1/4 MILE
  HAZE


RELATIVE HUMIDITY (PERCENT)
 HIGHEST    84           600 PM
 LOWEST     39           200 PM
 AVERAGE    62

..........................................................


THE LOUISVILLE KY CLIMATE NORMALS FOR TODAY
                         NORMAL    RECORD    YEAR
 MAXIMUM TEMPERATURE (F)   76        90      1902
                                             1881
 MINIMUM TEMPERATURE (F)   56        40      1917


SUNRISE AND SUNSET
MAY 12 2015...........SUNRISE   635 AM EDT   SUNSET   844 PM EDT
MAY 13 2015...........SUNRISE   634 AM EDT   SUNSET   845 PM EDT


-  INDICATES NEGATIVE NUMBERS.
R  INDICATES RECORD WAS SET OR TIED.
MM INDICATES DATA IS MISSING.
T  INDICATES TRACE AMOUNT.




$$
