000
CDUS43 KLMK 130627
CLISDF


CLIMATE REPORT
NATIONAL WEATHER SERVICE LOUISVILLE KY
227 AM EDT MON OCT 13 2014


...................................

...THE LOUISVILLE KY CLIMATE SUMMARY FOR OCTOBER 12 2014...

CLIMATE NORMAL PERIOD 1981 TO 2010
CLIMATE RECORD PERIOD 1871 TO 2014


WEATHER ITEM   OBSERVED TIME   RECORD YEAR NORMAL DEPARTURE LAST
                VALUE   (LST)  VALUE       VALUE  FROM      YEAR
                                                  NORMAL
..................................................................
TEMPERATURE (F)
 YESTERDAY
  MAXIMUM         72    451 PM  87    2008  71      1       81
  MINIMUM         54    748 AM  32    1917  50      4       53
  AVERAGE         63                        61      2       67

PRECIPITATION (IN)
  YESTERDAY        T             1.94 1970   0.10  -0.10     0.00
  MONTH TO DATE    1.21                      1.27  -0.06     7.57
  SINCE SEP 1      4.52                      4.32   0.20    10.27
  SINCE JAN 1     35.69                     35.54   0.15    42.08

SNOWFALL (IN)
  YESTERDAY        0.0           T    1907   0.0    0.0      0.0
  MONTH TO DATE    0.0                       0.0    0.0      0.0
  SINCE SEP 1      0.0                       0.0    0.0      0.0
  SINCE JUL 1      0.0                       0.0    0.0      0.0
  SNOW DEPTH       0

DEGREE DAYS
 HEATING
  YESTERDAY        2                         6     -4        0
  MONTH TO DATE   50                        56     -6       17
  SINCE SEP 1     63                        86    -23       23
  SINCE JUL 1     63                        86    -23       23

 COOLING
  YESTERDAY        0                         1     -1        2
  MONTH TO DATE   18                        27     -9       50
  SINCE SEP 1    221                       237    -16      285
  SINCE JAN 1   1613                      1594     19     1625
..................................................................


WIND (MPH)
  HIGHEST WIND SPEED    15   HIGHEST WIND DIRECTION    SE (140)
  HIGHEST GUST SPEED    19   HIGHEST GUST DIRECTION    SE (150)
  AVERAGE WIND SPEED     7.5


SKY COVER
  POSSIBLE SUNSHINE  MM
  AVERAGE SKY COVER 0.8


WEATHER CONDITIONS
 THE FOLLOWING WEATHER WAS RECORDED YESTERDAY.
  LIGHT RAIN


RELATIVE HUMIDITY (PERCENT)
 HIGHEST    87          1100 PM
 LOWEST     66           300 PM
 AVERAGE    77

..........................................................


THE LOUISVILLE KY CLIMATE NORMALS FOR TODAY
                         NORMAL    RECORD    YEAR
 MAXIMUM TEMPERATURE (F)   71        88      1975
                                             1928
                                             1897
 MINIMUM TEMPERATURE (F)   50        31      1988
                                             1909


SUNRISE AND SUNSET
OCTOBER 13 2014.......SUNRISE   750 AM EDT   SUNSET   708 PM EDT
OCTOBER 14 2014.......SUNRISE   751 AM EDT   SUNSET   707 PM EDT


-  INDICATES NEGATIVE NUMBERS.
R  INDICATES RECORD WAS SET OR TIED.
MM INDICATES DATA IS MISSING.
T  INDICATES TRACE AMOUNT.




$$
