653
CDUS43 KLMK 230921
CLISDF


CLIMATE REPORT
NATIONAL WEATHER SERVICE LOUISVILLE KY
420 AM EST WED NOV 23 2016
...................................

...THE LOUISVILLE KY CLIMATE SUMMARY FOR NOVEMBER 22 2016...

CLIMATE NORMAL PERIOD 1981 TO 2010
CLIMATE RECORD PERIOD 1871 TO 2016


WEATHER ITEM   OBSERVED TIME   RECORD YEAR NORMAL DEPARTURE LAST
                VALUE   (LST)  VALUE       VALUE  FROM      YEAR
                                                  NORMAL
..................................................................
TEMPERATURE (F)
 YESTERDAY
  MAXIMUM         53    403 PM  77    1900  55     -2       39
  MINIMUM         31    304 AM   8    1880  37     -6       27
  AVERAGE         42                        46     -4       33

PRECIPITATION (IN)
  YESTERDAY        0.00          1.82 1874   0.13  -0.13     0.00
  MONTH TO DATE    0.44                      2.56  -2.12     4.10
  SINCE SEP 1      3.37                      8.83  -5.46    11.40
  SINCE JAN 1     37.04                     40.05  -3.01    54.46

SNOWFALL (IN)
  YESTERDAY        0.0           0.7  1929   0.0    0.0      0.0
  MONTH TO DATE    0.0                       0.0    0.0      0.0
  SINCE SEP 1      0.0                       0.1   -0.1      0.0
  SINCE JUL 1      0.0                       0.1   -0.1      0.0
  SNOW DEPTH       0

DEGREE DAYS
 HEATING
  YESTERDAY       23                        19      4       32
  MONTH TO DATE  254                       325    -71      253
  SINCE SEP 1    339                       567   -228      411
  SINCE JUL 1    339                       567   -228      411

 COOLING
  YESTERDAY        0                         0      0        0
  MONTH TO DATE   19                         0     19        9
  SINCE SEP 1    474                       252    222      333
  SINCE JAN 1   2082                      1609    473     1787
..................................................................


WIND (MPH)
  HIGHEST WIND SPEED    13   HIGHEST WIND DIRECTION     E (90)
  HIGHEST GUST SPEED    16   HIGHEST GUST DIRECTION     E (90)
  AVERAGE WIND SPEED     4.7


SKY COVER
  POSSIBLE SUNSHINE  MM
  AVERAGE SKY COVER 0.7


WEATHER CONDITIONS
 THE FOLLOWING WEATHER WAS RECORDED YESTERDAY.
  NO SIGNIFICANT WEATHER WAS OBSERVED.


RELATIVE HUMIDITY (PERCENT)
 HIGHEST    75           400 AM
 LOWEST     26           300 PM
 AVERAGE    51

..........................................................


THE LOUISVILLE KY CLIMATE NORMALS FOR TODAY
                         NORMAL    RECORD    YEAR
 MAXIMUM TEMPERATURE (F)   54        75      1931
 MINIMUM TEMPERATURE (F)   37        11      1880


SUNRISE AND SUNSET
NOVEMBER 23 2016......SUNRISE   733 AM EST   SUNSET   526 PM EST
NOVEMBER 24 2016......SUNRISE   734 AM EST   SUNSET   525 PM EST


-  INDICATES NEGATIVE NUMBERS.
R  INDICATES RECORD WAS SET OR TIED.
MM INDICATES DATA IS MISSING.
T  INDICATES TRACE AMOUNT.


$$
