000
CDUS43 KLMK 020626
CLISDF


CLIMATE REPORT
NATIONAL WEATHER SERVICE LOUISVILLE KY
126 AM EST MON JAN 2 2017


...................................

...THE LOUISVILLE KY CLIMATE SUMMARY FOR JANUARY 1 2017...

CLIMATE NORMAL PERIOD 1981 TO 2010
CLIMATE RECORD PERIOD 1871 TO 2017


WEATHER ITEM   OBSERVED TIME   RECORD YEAR NORMAL DEPARTURE LAST
                VALUE   (LST)  VALUE       VALUE  FROM      YEAR
                                                  NORMAL
..................................................................
TEMPERATURE (F)
 YESTERDAY
  MAXIMUM         49    530 PM  72    1952  43      6       43
  MINIMUM         35    849 AM  -5    1928  27      8       30
  AVERAGE         42                        35      7       37

PRECIPITATION (IN)
  YESTERDAY        0.02          2.56 1966   0.11  -0.09     0.00
  MONTH TO DATE    0.02                      0.11  -0.09     0.00
  SINCE DEC 1      5.32                      3.94   1.38     6.58
  SINCE JAN 1      0.02                      0.11  -0.09     0.00

SNOWFALL (IN)
  YESTERDAY        0.0           7.2  1964   0.1   -0.1      0.0
  MONTH TO DATE    0.0                       0.1   -0.1      0.0
  SINCE DEC 1      0.1                       2.7   -2.6       T
  SINCE JUL 1      0.1                       2.9   -2.8       T
  SNOW DEPTH       0

DEGREE DAYS
 HEATING
  YESTERDAY       23                        30     -7       28
  MONTH TO DATE   23                        30     -7       28
  SINCE DEC 1    854                       871    -17      486
  SINCE JUL 1   1321                      1606   -285     1010

 COOLING
  YESTERDAY        0                         0      0        0
  MONTH TO DATE    0                         0      0        0
  SINCE DEC 1      1                         1      0        3
  SINCE JAN 1      0                         0      0        0
..................................................................


WIND (MPH)
  HIGHEST WIND SPEED    12   HIGHEST WIND DIRECTION     E (80)
  HIGHEST GUST SPEED    14   HIGHEST GUST DIRECTION     E (100)
  AVERAGE WIND SPEED     4.7


SKY COVER
  POSSIBLE SUNSHINE  MM
  AVERAGE SKY COVER 0.9


WEATHER CONDITIONS
 THE FOLLOWING WEATHER WAS RECORDED YESTERDAY.
  LIGHT RAIN
  FOG
  HAZE


RELATIVE HUMIDITY (PERCENT)
 HIGHEST    93           900 PM
 LOWEST     71          1200 PM
 AVERAGE    82

..........................................................


THE LOUISVILLE KY CLIMATE NORMALS FOR TODAY
                         NORMAL    RECORD    YEAR
 MAXIMUM TEMPERATURE (F)   43        72      2006
 MINIMUM TEMPERATURE (F)   27        -5      1887


SUNRISE AND SUNSET
JANUARY  2 2017.......SUNRISE   800 AM EST   SUNSET   535 PM EST
JANUARY  3 2017.......SUNRISE   800 AM EST   SUNSET   536 PM EST


-  INDICATES NEGATIVE NUMBERS.
R  INDICATES RECORD WAS SET OR TIED.
MM INDICATES DATA IS MISSING.
T  INDICATES TRACE AMOUNT.




$$
