000
CDUS43 KLMK 022035
CLISDF


CLIMATE REPORT
NATIONAL WEATHER SERVICE LOUISVILLE KY
435 PM EDT FRI JUN 2 2017


...................................

...THE LOUISVILLE KY CLIMATE SUMMARY FOR JUNE 2 2017...
VALID TODAY AS OF 0400 PM LOCAL TIME.

CLIMATE NORMAL PERIOD 1981 TO 2010
CLIMATE RECORD PERIOD 1871 TO 2017


WEATHER ITEM   OBSERVED TIME   RECORD YEAR NORMAL DEPARTURE LAST
                VALUE   (LST)  VALUE       VALUE  FROM      YEAR
                                                  NORMAL
..................................................................
TEMPERATURE (F)
 TODAY
  MAXIMUM         87    257 PM  97    1951  82      5       80
                                      1895
  MINIMUM         61    559 AM  45    1956  62     -1       69
  AVERAGE         74                        72      2       75

PRECIPITATION (IN)
  TODAY            0.00          1.75 2006   0.14  -0.14     0.35
  MONTH TO DATE    0.00                      0.29  -0.29     0.35
  SINCE JUN 1      0.00                      0.29  -0.29     0.35
  SINCE JAN 1     19.16                     20.16  -1.00    19.41

SNOWFALL (IN)
  TODAY            0.0          MM      MM   0.0    0.0      0.0
  MONTH TO DATE    0.0                       0.0    0.0      0.0
  SINCE JUN 1      0.0                       0.0    0.0      0.0
  SINCE JUL 1      2.7                      12.5   -9.8     14.9
  SNOW DEPTH       0

DEGREE DAYS
 HEATING
  TODAY            0                         0      0        0
  MONTH TO DATE    0                         1     -1        0
  SINCE JUN 1      0                         1     -1        0
  SINCE JUL 1   3087                      4093  -1006     3252

 COOLING
  TODAY            9                         7      2       10
  MONTH TO DATE   17                        14      3       24
  SINCE JUN 1     17                        14      3       24
  SINCE JAN 1    309                       188    121      217
..................................................................


WIND (MPH)
  HIGHEST WIND SPEED    10   HIGHEST WIND DIRECTION     E (90)
  HIGHEST GUST SPEED    13   HIGHEST GUST DIRECTION     S (170)
  AVERAGE WIND SPEED     1.2


SKY COVER
  POSSIBLE SUNSHINE  MM
  AVERAGE SKY COVER 0.1


WEATHER CONDITIONS
 THE FOLLOWING WEATHER WAS RECORDED TODAY.
  NO SIGNIFICANT WEATHER WAS OBSERVED.


RELATIVE HUMIDITY (PERCENT)
 HIGHEST    78           500 AM
 LOWEST     24           300 PM
 AVERAGE    51

..........................................................


THE LOUISVILLE KY CLIMATE NORMALS FOR TOMORROW
                         NORMAL    RECORD    YEAR
 MAXIMUM TEMPERATURE (F)   82       100      1895
 MINIMUM TEMPERATURE (F)   63        43      1910


SUNRISE AND SUNSET
JUNE  2 2017..........SUNRISE   621 AM EDT   SUNSET   901 PM EDT
JUNE  3 2017..........SUNRISE   621 AM EDT   SUNSET   902 PM EDT


-  INDICATES NEGATIVE NUMBERS.
R  INDICATES RECORD WAS SET OR TIED.
MM INDICATES DATA IS MISSING.
T  INDICATES TRACE AMOUNT.




$$
