000
CDUS43 KLMK 202132
CLISDF


CLIMATE REPORT
NATIONAL WEATHER SERVICE LOUISVILLE KY
430 PM EST FRI FEB 20 2015


...................................

...THE LOUISVILLE KY CLIMATE SUMMARY FOR FEBRUARY 20 2015...
VALID TODAY AS OF 0400 PM LOCAL TIME.

CLIMATE NORMAL PERIOD 1981 TO 2010
CLIMATE RECORD PERIOD 1871 TO 2015


WEATHER ITEM   OBSERVED TIME   RECORD YEAR NORMAL DEPARTURE LAST
                VALUE   (LST)  VALUE       VALUE  FROM      YEAR
                                                  NORMAL
..................................................................
TEMPERATURE (F)
 TODAY
  MAXIMUM         19    359 PM  74    1891  49    -30       72
  MINIMUM         -6R   722 AM   0    1885  31    -37       44
  AVERAGE          7                        40    -33       58

PRECIPITATION (IN)
  TODAY            0.00          2.97 1882   0.11  -0.11     0.28
  MONTH TO DATE    1.26                      2.26  -1.00     3.68
  SINCE DEC 1      5.70                      9.33  -3.63    11.52
  SINCE JAN 1      2.13                      5.50  -3.37     6.09

SNOWFALL (IN)
  TODAY            0.0           3.6  1927   0.1   -0.1      0.0
  MONTH TO DATE   10.4                       3.5    6.9      7.1
  SINCE DEC 1     11.5                       9.8    1.7     20.7
  SINCE JUL 1     15.2                      10.0    5.2     21.2
  SNOW DEPTH       3

DEGREE DAYS
 HEATING
  TODAY           58                        25     33        7
  MONTH TO DATE  725                       543    182      653
  SINCE DEC 1   2421                      2317    104     2583
  SINCE JUL 1   3307                      3052    255     3413

 COOLING
  TODAY            0                         0      0        0
  MONTH TO DATE    0                         0      0        0
  SINCE DEC 1      0                         1     -1        0
  SINCE JAN 1      0                         0      0        0
..................................................................


WIND (MPH)
  HIGHEST WIND SPEED    16   HIGHEST WIND DIRECTION    SE (140)
  HIGHEST GUST SPEED    19   HIGHEST GUST DIRECTION    SE (130)
  AVERAGE WIND SPEED     6.8


SKY COVER
  POSSIBLE SUNSHINE  MM
  AVERAGE SKY COVER 0.7


WEATHER CONDITIONS
 THE FOLLOWING WEATHER WAS RECORDED TODAY.
  FOG
  HAZE


RELATIVE HUMIDITY (PERCENT)
 HIGHEST    75           400 AM
 LOWEST     40           200 PM
 AVERAGE    58

..........................................................


THE LOUISVILLE KY CLIMATE NORMALS FOR TOMORROW
                         NORMAL    RECORD    YEAR
 MAXIMUM TEMPERATURE (F)   50        70      1930
                                             1922
 MINIMUM TEMPERATURE (F)   31         3      1963


SUNRISE AND SUNSET
FEBRUARY 20 2015......SUNRISE   727 AM EST   SUNSET   627 PM EST
FEBRUARY 21 2015......SUNRISE   726 AM EST   SUNSET   628 PM EST


-  INDICATES NEGATIVE NUMBERS.
R  INDICATES RECORD WAS SET OR TIED.
MM INDICATES DATA IS MISSING.
T  INDICATES TRACE AMOUNT.




$$
