000
CDUS43 KLMK 162131
CLISDF


CLIMATE REPORT
NATIONAL WEATHER SERVICE LOUISVILLE KY
429 PM EST FRI JAN 16 2015


...................................

...THE LOUISVILLE KY CLIMATE SUMMARY FOR JANUARY 16 2015...
VALID TODAY AS OF 0400 PM LOCAL TIME.

CLIMATE NORMAL PERIOD 1981 TO 2010
CLIMATE RECORD PERIOD 1871 TO 2015


WEATHER ITEM   OBSERVED TIME   RECORD YEAR NORMAL DEPARTURE LAST
                VALUE   (LST)  VALUE       VALUE  FROM      YEAR
                                                  NORMAL
..................................................................
TEMPERATURE (F)
 TODAY
  MAXIMUM         49    359 PM  71    1990  43      6       37
  MINIMUM         26    816 AM -10    1977  27     -1       20
  AVERAGE         38                        35      3       29

PRECIPITATION (IN)
  TODAY            0.00          1.35 1885   0.11  -0.11     0.01
  MONTH TO DATE    0.56                      1.69  -1.13     2.07
  SINCE DEC 1      4.13                      5.52  -1.39     7.50
  SINCE JAN 1      0.56                      1.69  -1.13     2.07

SNOWFALL (IN)
  TODAY            0.0           8.3  1978   0.1   -0.1       T
  MONTH TO DATE    T                         1.7   -1.7      0.5
  SINCE DEC 1      T                         4.3   -4.3      5.8
  SINCE JUL 1      3.7                       4.5   -0.8      6.3
  SNOW DEPTH       0

DEGREE DAYS
 HEATING
  TODAY           27                        30     -3       36
  MONTH TO DATE  563                       480     83      525
  SINCE DEC 1   1299                      1321    -22     1336
  SINCE JUL 1   2185                      2056    129     2166

 COOLING
  TODAY            0                         0      0        0
  MONTH TO DATE    0                         0      0        0
  SINCE DEC 1      0                         1     -1        0
  SINCE JAN 1      0                         0      0        0
..................................................................


WIND (MPH)
  HIGHEST WIND SPEED    10   HIGHEST WIND DIRECTION    SW (220)
  HIGHEST GUST SPEED    14   HIGHEST GUST DIRECTION    SW (230)
  AVERAGE WIND SPEED     4.5


SKY COVER
  POSSIBLE SUNSHINE  MM
  AVERAGE SKY COVER 0.2


WEATHER CONDITIONS
 THE FOLLOWING WEATHER WAS RECORDED TODAY.
  FOG
  HAZE


RELATIVE HUMIDITY (PERCENT)
 HIGHEST    92           600 AM
 LOWEST     49           300 PM
 AVERAGE    71

..........................................................


THE LOUISVILLE KY CLIMATE NORMALS FOR TOMORROW
                         NORMAL    RECORD    YEAR
 MAXIMUM TEMPERATURE (F)   43        69      1952
                                             1894
 MINIMUM TEMPERATURE (F)   27       -13      1977


SUNRISE AND SUNSET
JANUARY 16 2015.......SUNRISE   758 AM EST   SUNSET   548 PM EST
JANUARY 17 2015.......SUNRISE   757 AM EST   SUNSET   549 PM EST


-  INDICATES NEGATIVE NUMBERS.
R  INDICATES RECORD WAS SET OR TIED.
MM INDICATES DATA IS MISSING.
T  INDICATES TRACE AMOUNT.




$$
