000
CDUS43 KLMK 112038
CLISDF


CLIMATE REPORT
NATIONAL WEATHER SERVICE LOUISVILLE KY
436 PM EDT MON APR 11 2016


...................................

...THE LOUISVILLE KY CLIMATE SUMMARY FOR APRIL 11 2016...
VALID TODAY AS OF 0400 PM LOCAL TIME.

CLIMATE NORMAL PERIOD 1981 TO 2010
CLIMATE RECORD PERIOD 1871 TO 2016


WEATHER ITEM   OBSERVED TIME   RECORD YEAR NORMAL DEPARTURE LAST
                VALUE   (LST)  VALUE       VALUE  FROM      YEAR
                                                  NORMAL
..................................................................
TEMPERATURE (F)
 TODAY
  MAXIMUM         67    105 PM  89    1930  68     -1       67
  MINIMUM         59   1127 AM  27    1989  46     13       45
                                      1961
  AVERAGE         63                        57      6       56

PRECIPITATION (IN)
  TODAY            0.11          2.37 2011   0.13  -0.02     0.00
  MONTH TO DATE    0.25                      1.37  -1.12     8.62
  SINCE MAR 1      5.75                      5.54   0.21    16.42
  SINCE JAN 1     11.57                     11.96  -0.39    19.52

SNOWFALL (IN)
  TODAY            0.0           0.4  1918   0.0    0.0      0.0
  MONTH TO DATE    0.0                       0.1   -0.1      0.0
  SINCE MAR 1      0.5                       1.5   -1.0     11.9
  SINCE JUL 1     14.9                      12.5    2.4     27.6
  SNOW DEPTH       0

DEGREE DAYS
 HEATING
  TODAY            2                         9     -7        9
  MONTH TO DATE  158                       118     40       56
  SINCE MAR 1    494                       656   -162      622
  SINCE JUL 1   3116                      3897   -781     4242

 COOLING
  TODAY            0                         1     -1        0
  MONTH TO DATE    0                        11    -11       21
  SINCE MAR 1      7                        17    -10       22
  SINCE JAN 1      7                        17    -10       22
..................................................................


WIND (MPH)
  HIGHEST WIND SPEED    30   HIGHEST WIND DIRECTION     S (200)
  HIGHEST GUST SPEED    40   HIGHEST GUST DIRECTION     S (190)
  AVERAGE WIND SPEED    16.8


SKY COVER
  POSSIBLE SUNSHINE  MM
  AVERAGE SKY COVER 0.9


WEATHER CONDITIONS
 THE FOLLOWING WEATHER WAS RECORDED TODAY.
  THUNDERSTORM
  HEAVY RAIN
  RAIN
  LIGHT RAIN


RELATIVE HUMIDITY (PERCENT)
 HIGHEST    78           200 PM
 LOWEST     34           100 AM
 AVERAGE    56

..........................................................


THE LOUISVILLE KY CLIMATE NORMALS FOR TOMORROW
                         NORMAL    RECORD    YEAR
 MAXIMUM TEMPERATURE (F)   68        87      1930
                                             1896
 MINIMUM TEMPERATURE (F)   46        25      1939


SUNRISE AND SUNSET
APRIL 11 2016.........SUNRISE   712 AM EDT   SUNSET   816 PM EDT
APRIL 12 2016.........SUNRISE   711 AM EDT   SUNSET   817 PM EDT


-  INDICATES NEGATIVE NUMBERS.
R  INDICATES RECORD WAS SET OR TIED.
MM INDICATES DATA IS MISSING.
T  INDICATES TRACE AMOUNT.




$$
