000
CDUS43 KLMK 080630
CLISDF


CLIMATE REPORT
NATIONAL WEATHER SERVICE LOUISVILLE KY
129 AM EST WED MAR 8 2017


...................................

...THE LOUISVILLE KY CLIMATE SUMMARY FOR MARCH 7 2017...

CLIMATE NORMAL PERIOD 1981 TO 2010
CLIMATE RECORD PERIOD 1871 TO 2017


WEATHER ITEM   OBSERVED TIME   RECORD YEAR NORMAL DEPARTURE LAST
                VALUE   (LST)  VALUE       VALUE  FROM      YEAR
                                                  NORMAL
..................................................................
TEMPERATURE (F)
 YESTERDAY
  MAXIMUM         67    338 AM  81    2000  55     12       70
                                      1974
  MINIMUM         46   1159 PM   3    1899  35     11       43
  AVERAGE         57                        45     12       57

PRECIPITATION (IN)
  YESTERDAY        0.51          1.94 1956   0.13   0.38     0.00
  MONTH TO DATE    2.43                      0.86   1.57     0.47
  SINCE MAR 1      2.43                      0.86   1.57     0.47
  SINCE JAN 1      8.70                      7.28   1.42     6.29

SNOWFALL (IN)
  YESTERDAY        0.0           4.3  2008   0.1   -0.1      0.0
  MONTH TO DATE    0.0                       0.5   -0.5      0.5
  SINCE MAR 1      0.0                       0.5   -0.5      0.5
  SINCE JUL 1      2.7                      11.5   -8.8     14.9
  SNOW DEPTH       0

DEGREE DAYS
 HEATING
  YESTERDAY        8                        20    -12        8
  MONTH TO DATE  105                       149    -44      159
  SINCE MAR 1    105                       149    -44      159
  SINCE JUL 1   2570                      3390   -820     2781

 COOLING
  YESTERDAY        0                         0      0        0
  MONTH TO DATE    0                         0      0        0
  SINCE MAR 1      0                         0      0        0
  SINCE JAN 1      5                         0      5        0
..................................................................


WIND (MPH)
  HIGHEST WIND SPEED    26   HIGHEST WIND DIRECTION     S (190)
  HIGHEST GUST SPEED    50   HIGHEST GUST DIRECTION     S (190)
  AVERAGE WIND SPEED    15.0


SKY COVER
  POSSIBLE SUNSHINE  MM
  AVERAGE SKY COVER 0.8


WEATHER CONDITIONS
 THE FOLLOWING WEATHER WAS RECORDED YESTERDAY.
  HEAVY RAIN
  RAIN
  LIGHT RAIN
  FOG


RELATIVE HUMIDITY (PERCENT)
 HIGHEST    87          1200 PM
 LOWEST     45          1200 AM
 AVERAGE    66

..........................................................


THE LOUISVILLE KY CLIMATE NORMALS FOR TODAY
                         NORMAL    RECORD    YEAR
 MAXIMUM TEMPERATURE (F)   55        82      1974
 MINIMUM TEMPERATURE (F)   35         6      1960


SUNRISE AND SUNSET
MARCH  8 2017.........SUNRISE   704 AM EST   SUNSET   644 PM EST
MARCH  9 2017.........SUNRISE   703 AM EST   SUNSET   645 PM EST


-  INDICATES NEGATIVE NUMBERS.
R  INDICATES RECORD WAS SET OR TIED.
MM INDICATES DATA IS MISSING.
T  INDICATES TRACE AMOUNT.




$$
