000
CDUS43 KLMK 302027
CLISDF


CLIMATE REPORT
NATIONAL WEATHER SERVICE LOUISVILLE KY
426 PM EDT FRI JUN 30 2017


...................................

...THE LOUISVILLE KY CLIMATE SUMMARY FOR JUNE 30 2017...
VALID TODAY AS OF 0400 PM LOCAL TIME.

CLIMATE NORMAL PERIOD 1981 TO 2010
CLIMATE RECORD PERIOD 1871 TO 2017


WEATHER ITEM   OBSERVED TIME   RECORD YEAR NORMAL DEPARTURE LAST
                VALUE   (LST)  VALUE       VALUE  FROM      YEAR
                                                  NORMAL
..................................................................
TEMPERATURE (F)
 TODAY
  MAXIMUM         88    249 PM 104    2012  88      0       84
  MINIMUM         73    600 AM  53    1950  69      4       62
                                      1943
  AVERAGE         81                        79      2       73

PRECIPITATION (IN)
  TODAY            0.02          0.82 1942   0.12  -0.10     0.00
  MONTH TO DATE    2.82                      3.79  -0.97     4.25
  SINCE JUN 1      2.82                      3.79  -0.97     4.25
  SINCE JAN 1     21.98                     23.66  -1.68    23.31

SNOWFALL (IN)
  TODAY            0.0          MM      MM   0.0    0.0      0.0
  MONTH TO DATE    0.0                       0.0    0.0      0.0
  SINCE JUN 1      0.0                       0.0    0.0      0.0
  SINCE JUL 1      2.7                      12.5   -9.8     14.9
  SNOW DEPTH       0

DEGREE DAYS
 HEATING
  TODAY            0                         0      0        0
  MONTH TO DATE    0                         1     -1        0
  SINCE JUN 1      0                         5     -5        0
  SINCE JUL 1   3087                      4097  -1010     3252

 COOLING
  TODAY           16                        14      2        8
  MONTH TO DATE  335                       324     11      405
  SINCE JUN 1    335                       324     11      405
  SINCE JAN 1    627                       498    129      598
..................................................................


WIND (MPH)
  HIGHEST WIND SPEED    18   HIGHEST WIND DIRECTION    SW (210)
  HIGHEST GUST SPEED    26   HIGHEST GUST DIRECTION     S (200)
  AVERAGE WIND SPEED    10.1


SKY COVER
  POSSIBLE SUNSHINE  MM
  AVERAGE SKY COVER 0.6


WEATHER CONDITIONS
 THE FOLLOWING WEATHER WAS RECORDED TODAY.
  HAZE


RELATIVE HUMIDITY (PERCENT)
 HIGHEST    87           400 AM
 LOWEST     55           300 PM
 AVERAGE    71

..........................................................


THE LOUISVILLE KY CLIMATE NORMALS FOR TOMORROW
                         NORMAL    RECORD    YEAR
 MAXIMUM TEMPERATURE (F)   88       103      2012
 MINIMUM TEMPERATURE (F)   69        54      1885


SUNRISE AND SUNSET
JUNE 30 2017..........SUNRISE   623 AM EDT   SUNSET   910 PM EDT
JULY  1 2017..........SUNRISE   624 AM EDT   SUNSET   910 PM EDT


-  INDICATES NEGATIVE NUMBERS.
R  INDICATES RECORD WAS SET OR TIED.
MM INDICATES DATA IS MISSING.
T  INDICATES TRACE AMOUNT.




$$
