581
CDUS43 KLMK 260631
CLISDF


CLIMATE REPORT
NATIONAL WEATHER SERVICE LOUISVILLE KY
130 AM EST TUE JAN 26 2016


...................................

...THE LOUISVILLE KY CLIMATE SUMMARY FOR JANUARY 25 2016...

CLIMATE NORMAL PERIOD 1981 TO 2010
CLIMATE RECORD PERIOD 1871 TO 2016


WEATHER ITEM   OBSERVED TIME   RECORD YEAR NORMAL DEPARTURE LAST
                VALUE   (LST)  VALUE       VALUE  FROM      YEAR
                                                  NORMAL
..................................................................
TEMPERATURE (F)
 YESTERDAY
  MAXIMUM         54   1143 PM  77    1950  43     11       45
  MINIMUM         27    636 AM  -6    1963  27      0       36
  AVERAGE         41                        35      6       41

PRECIPITATION (IN)
  YESTERDAY        T             1.10 1976   0.10  -0.10     0.08
  MONTH TO DATE    0.97                      2.60  -1.63     0.82
  SINCE DEC 1      7.55                      6.43   1.12     4.39
  SINCE JAN 1      0.97                      2.60  -1.63     0.82

SNOWFALL (IN)
  YESTERDAY        0.0           6.4  1907   0.1   -0.1      0.0
  MONTH TO DATE    8.2                       2.8    5.4      1.0
  SINCE DEC 1      8.2                       5.4    2.8      1.0
  SINCE JUL 1      8.2                       5.6    2.6      4.7
  SNOW DEPTH       3

DEGREE DAYS
 HEATING
  YESTERDAY       24                        30     -6       24
  MONTH TO DATE  813                       750     63      776
  SINCE DEC 1   1271                      1591   -320     1512
  SINCE JUL 1   1795                      2326   -531     2398

 COOLING
  YESTERDAY        0                         0      0        0
  MONTH TO DATE    0                         0      0        0
  SINCE DEC 1      3                         1      2        0
  SINCE JAN 1      0                         0      0        0
..................................................................


WIND (MPH)
  HIGHEST WIND SPEED    24   HIGHEST WIND DIRECTION     S (180)
  HIGHEST GUST SPEED    32   HIGHEST GUST DIRECTION     S (180)
  AVERAGE WIND SPEED    11.8


SKY COVER
  POSSIBLE SUNSHINE  MM
  AVERAGE SKY COVER 0.8


WEATHER CONDITIONS
 THE FOLLOWING WEATHER WAS RECORDED YESTERDAY.
  LIGHT RAIN


RELATIVE HUMIDITY (PERCENT)
 HIGHEST    81           300 AM
 LOWEST     49          1100 AM
 AVERAGE    65

..........................................................


THE LOUISVILLE KY CLIMATE NORMALS FOR TODAY
                         NORMAL    RECORD    YEAR
 MAXIMUM TEMPERATURE (F)   44        72      1950
 MINIMUM TEMPERATURE (F)   27        -6      1948


SUNRISE AND SUNSET
JANUARY 26 2016.......SUNRISE   753 AM EST   SUNSET   558 PM EST
JANUARY 27 2016.......SUNRISE   752 AM EST   SUNSET   600 PM EST


-  INDICATES NEGATIVE NUMBERS.
R  INDICATES RECORD WAS SET OR TIED.
MM INDICATES DATA IS MISSING.
T  INDICATES TRACE AMOUNT.




$$
