442
CDUS43 KLMK 182034
CLISDF

CLIMATE REPORT
NATIONAL WEATHER SERVICE LOUISVILLE KY
434 PM EDT MON APR 18 2016


...................................

...THE LOUISVILLE KY CLIMATE SUMMARY FOR APRIL 18 2016...
VALID TODAY AS OF 0400 PM LOCAL TIME.

CLIMATE NORMAL PERIOD 1981 TO 2010
CLIMATE RECORD PERIOD 1871 TO 2016


WEATHER ITEM   OBSERVED TIME   RECORD YEAR NORMAL DEPARTURE LAST
                VALUE   (LST)  VALUE       VALUE  FROM      YEAR
                                                  NORMAL
..................................................................
TEMPERATURE (F)
 TODAY
  MAXIMUM         87    328 PM  90    1896  70     17       81
  MINIMUM         54    608 AM  21    1875  48      6       56
  AVERAGE         71                        59     12       69

PRECIPITATION (IN)
  TODAY            0.00          1.99 1887   0.14  -0.14     0.00
  MONTH TO DATE    0.96                      2.27  -1.31     9.64
  SINCE MAR 1      6.46                      6.44   0.02    17.44
  SINCE JAN 1     12.28                     12.86  -0.58    20.54

SNOWFALL (IN)
  TODAY            0.0           0.4  1953   0.0    0.0      0.0
  MONTH TO DATE    0.0                       0.1   -0.1      0.0
  SINCE MAR 1      0.5                       1.5   -1.0     11.9
  SINCE JUL 1     14.9                      12.5    2.4     27.6
  SNOW DEPTH       0

DEGREE DAYS
 HEATING
  TODAY            0                         7     -7        0
  MONTH TO DATE  197                       176     21       68
  SINCE MAR 1    533                       714   -181      634
  SINCE JUL 1   3155                      3955   -800     4254

 COOLING
  TODAY            6                         1      5        4
  MONTH TO DATE   13                        18     -5       39
  SINCE MAR 1     20                        24     -4       40
  SINCE JAN 1     20                        24     -4       40
..................................................................


WIND (MPH)
  HIGHEST WIND SPEED    15   HIGHEST WIND DIRECTION     W (270)
  HIGHEST GUST SPEED    13   HIGHEST GUST DIRECTION    SW (220)
  AVERAGE WIND SPEED     0.2


SKY COVER
  POSSIBLE SUNSHINE  MM
  AVERAGE SKY COVER 0.4


WEATHER CONDITIONS
 THE FOLLOWING WEATHER WAS RECORDED TODAY.
  HAZE


RELATIVE HUMIDITY (PERCENT)
 HIGHEST    72           500 AM
 LOWEST     19           100 PM
 AVERAGE    46

..........................................................


THE LOUISVILLE KY CLIMATE NORMALS FOR TOMORROW
                         NORMAL    RECORD    YEAR
 MAXIMUM TEMPERATURE (F)   70        86      2002
                                             1958
 MINIMUM TEMPERATURE (F)   48        27      1983


SUNRISE AND SUNSET
APRIL 18 2016.........SUNRISE   702 AM EDT   SUNSET   822 PM EDT
APRIL 19 2016.........SUNRISE   701 AM EDT   SUNSET   823 PM EDT


-  INDICATES NEGATIVE NUMBERS.
R  INDICATES RECORD WAS SET OR TIED.
MM INDICATES DATA IS MISSING.
T  INDICATES TRACE AMOUNT.




$$
