661
CDUS43 KLMK 072137
CLISDF


CLIMATE REPORT
NATIONAL WEATHER SERVICE LOUISVILLE KY
436 PM EST TUE NOV 7 2017


...................................

...THE LOUISVILLE KY CLIMATE SUMMARY FOR NOVEMBER 7 2017...
VALID TODAY AS OF 0400 PM LOCAL TIME.

CLIMATE NORMAL PERIOD 1981 TO 2010
CLIMATE RECORD PERIOD 1871 TO 2017


WEATHER ITEM   OBSERVED TIME   RECORD YEAR NORMAL DEPARTURE LAST
                VALUE   (LST)  VALUE       VALUE  FROM      YEAR
                                                  NORMAL
..................................................................
TEMPERATURE (F)
 TODAY
  MAXIMUM         52   1200 AM  79    1980  62    -10       76
  MINIMUM         47    344 PM  22    1971  43      4       44
  AVERAGE         50                        52     -2       60

PRECIPITATION (IN)
  TODAY            0.25          1.67 1925   0.10   0.15     0.00
  MONTH TO DATE    1.45                      0.77   0.68     0.09
  SINCE SEP 1     11.81                      7.04   4.77     3.02
  SINCE JAN 1     41.22                     38.26   2.96    36.69

SNOWFALL (IN)
  TODAY            0.0           0.5  1991   0.0    0.0      0.0
  MONTH TO DATE    0.0                       0.0    0.0      0.0
  SINCE SEP 1      T                         0.1   -0.1      0.0
  SINCE JUL 1      T                         0.1   -0.1      0.0
  SNOW DEPTH       0

DEGREE DAYS
 HEATING
  TODAY           15                        13      2        5
  MONTH TO DATE   36                        84    -48       31
  SINCE SEP 1    231                       326    -95      116
  SINCE JUL 1    231                       326    -95      116

 COOLING
  TODAY            0                         0      0        0
  MONTH TO DATE    8                         0      8       17
  SINCE SEP 1    295                       252     43      472
  SINCE JAN 1   1789                      1609    180     2080
..................................................................


WIND (MPH)
  HIGHEST WIND SPEED    17   HIGHEST WIND DIRECTION     N (10)
  HIGHEST GUST SPEED    23   HIGHEST GUST DIRECTION     N (20)
  AVERAGE WIND SPEED    11.7


SKY COVER
  POSSIBLE SUNSHINE  MM
  AVERAGE SKY COVER 0.9


WEATHER CONDITIONS
 THE FOLLOWING WEATHER WAS RECORDED TODAY.
  RAIN
  LIGHT RAIN
  FOG
  HAZE


RELATIVE HUMIDITY (PERCENT)
 HIGHEST    93           200 AM
 LOWEST     74           100 PM
 AVERAGE    84

..........................................................


THE LOUISVILLE KY CLIMATE NORMALS FOR TOMORROW
                         NORMAL    RECORD    YEAR
 MAXIMUM TEMPERATURE (F)   62        77      1999
 MINIMUM TEMPERATURE (F)   42        20      1971


SUNRISE AND SUNSET
NOVEMBER  7 2017......SUNRISE   716 AM EST   SUNSET   537 PM EST
NOVEMBER  8 2017......SUNRISE   717 AM EST   SUNSET   536 PM EST


-  INDICATES NEGATIVE NUMBERS.
R  INDICATES RECORD WAS SET OR TIED.
MM INDICATES DATA IS MISSING.
T  INDICATES TRACE AMOUNT.




$$
