000
CDUS43 KLMK 170628
CLISDF


CLIMATE REPORT
NATIONAL WEATHER SERVICE LOUISVILLE KY
128 AM EST MON NOV 17 2014


...................................

...THE LOUISVILLE KY CLIMATE SUMMARY FOR NOVEMBER 16 2014...

CLIMATE NORMAL PERIOD 1981 TO 2010
CLIMATE RECORD PERIOD 1871 TO 2014


WEATHER ITEM   OBSERVED TIME   RECORD YEAR NORMAL DEPARTURE LAST
                VALUE   (LST)  VALUE       VALUE  FROM      YEAR
                                                  NORMAL
..................................................................
TEMPERATURE (F)
 YESTERDAY
  MAXIMUM         43    329 PM  77    1952  58    -15       64
                                      1931
  MINIMUM         34   1159 PM  16    1883  39     -5       47
  AVERAGE         39                        49    -10       56

PRECIPITATION (IN)
  YESTERDAY        0.32          1.26 1977   0.13   0.19     0.00
  MONTH TO DATE    0.54                      1.79  -1.25     0.42
  SINCE SEP 1      7.36                      8.06  -0.70    13.06
  SINCE JAN 1     38.53                     39.28  -0.75    44.87

SNOWFALL (IN)
  YESTERDAY        T             1.5  1920   0.0    0.0      0.0
  MONTH TO DATE    T                         0.0    0.0      0.3
  SINCE SEP 1      T                         0.1   -0.1      0.3
  SINCE JUL 1      T                         0.1   -0.1      0.3
  SNOW DEPTH       0

DEGREE DAYS
 HEATING
  YESTERDAY       26                        16     10        9
  MONTH TO DATE  329                       217    112      257
  SINCE SEP 1    530                       459     71      490
  SINCE JUL 1    530                       459     71      490

 COOLING
  YESTERDAY        0                         0      0        0
  MONTH TO DATE    0                         0      0        0
  SINCE SEP 1    233                       252    -19      288
  SINCE JAN 1   1625                      1609     16     1628
..................................................................


WIND (MPH)
  HIGHEST WIND SPEED    10   HIGHEST WIND DIRECTION     S (190)
  HIGHEST GUST SPEED    14   HIGHEST GUST DIRECTION     S (200)
  AVERAGE WIND SPEED     4.9


SKY COVER
  POSSIBLE SUNSHINE  MM
  AVERAGE SKY COVER 1.0


WEATHER CONDITIONS
 THE FOLLOWING WEATHER WAS RECORDED YESTERDAY.
  RAIN
  LIGHT RAIN
  SNOW
  LIGHT SNOW
  SLEET
  FOG
  HAZE


RELATIVE HUMIDITY (PERCENT)
 HIGHEST    75           300 AM
 LOWEST     54           100 AM
 AVERAGE    65

..........................................................


THE LOUISVILLE KY CLIMATE NORMALS FOR TODAY
                         NORMAL    RECORD    YEAR
 MAXIMUM TEMPERATURE (F)   57        84      1958
 MINIMUM TEMPERATURE (F)   39        13      1959


SUNRISE AND SUNSET
NOVEMBER 17 2014......SUNRISE   726 AM EST   SUNSET   529 PM EST
NOVEMBER 18 2014......SUNRISE   727 AM EST   SUNSET   529 PM EST


-  INDICATES NEGATIVE NUMBERS.
R  INDICATES RECORD WAS SET OR TIED.
MM INDICATES DATA IS MISSING.
T  INDICATES TRACE AMOUNT.




$$
