000
CDUS43 KLMK 152033
CLISDF


CLIMATE REPORT
NATIONAL WEATHER SERVICE LOUISVILLE KY
429 PM EDT MON MAY 15 2017


...................................

...THE LOUISVILLE KY CLIMATE SUMMARY FOR MAY 15 2017...
VALID TODAY AS OF 0400 PM LOCAL TIME.

CLIMATE NORMAL PERIOD 1981 TO 2010
CLIMATE RECORD PERIOD 1871 TO 2017


WEATHER ITEM   OBSERVED TIME   RECORD YEAR NORMAL DEPARTURE LAST
                VALUE   (LST)  VALUE       VALUE  FROM      YEAR
                                                  NORMAL
..................................................................
TEMPERATURE (F)
 TODAY
  MAXIMUM         85    259 PM  92    1900  77      8       66
  MINIMUM         60    534 AM  38    1888  57      3       44
  AVERAGE         73                        67      6       55

PRECIPITATION (IN)
  TODAY            0.00          1.98 1983   0.18  -0.18     0.00
  MONTH TO DATE    2.70                      2.66   0.04     2.57
  SINCE MAR 1     10.85                     10.84   0.01    11.25
  SINCE JAN 1     17.12                     17.26  -0.14    17.07

SNOWFALL (IN)
  TODAY            0.0          MM      MM   0.0    0.0      0.0
  MONTH TO DATE    0.0                       0.0    0.0      0.0
  SINCE MAR 1      T                         1.5   -1.5      0.5
  SINCE JUL 1      2.7                      12.5   -9.8     14.9
  SNOW DEPTH       0

DEGREE DAYS
 HEATING
  TODAY            0                         2     -2       10
  MONTH TO DATE   70                        46     24       52
  SINCE MAR 1    618                       830   -212      591
  SINCE JUL 1   3083                      4071   -988     3213

 COOLING
  TODAY            8                         4      4        0
  MONTH TO DATE   39                        42     -3       38
  SINCE MAR 1    157                        85     72      101
  SINCE JAN 1    162                        85     77      101
..................................................................


WIND (MPH)
  HIGHEST WIND SPEED    13   HIGHEST WIND DIRECTION    SW (240)
  HIGHEST GUST SPEED    17   HIGHEST GUST DIRECTION    SW (210)
  AVERAGE WIND SPEED     3.2


SKY COVER
  POSSIBLE SUNSHINE  MM
  AVERAGE SKY COVER 0.2


WEATHER CONDITIONS
 THE FOLLOWING WEATHER WAS RECORDED TODAY.
  NO SIGNIFICANT WEATHER WAS OBSERVED.


RELATIVE HUMIDITY (PERCENT)
 HIGHEST    90           500 AM
 LOWEST     40           300 PM
 AVERAGE    65

..........................................................


THE LOUISVILLE KY CLIMATE NORMALS FOR TOMORROW
                         NORMAL    RECORD    YEAR
 MAXIMUM TEMPERATURE (F)   77        92      1900
 MINIMUM TEMPERATURE (F)   57        35      1997


SUNRISE AND SUNSET
MAY 15 2017...........SUNRISE   632 AM EDT   SUNSET   847 PM EDT
MAY 16 2017...........SUNRISE   631 AM EDT   SUNSET   848 PM EDT


-  INDICATES NEGATIVE NUMBERS.
R  INDICATES RECORD WAS SET OR TIED.
MM INDICATES DATA IS MISSING.
T  INDICATES TRACE AMOUNT.




$$
