566
CDUS43 KLMK 072130
CLISDF


CLIMATE REPORT
NATIONAL WEATHER SERVICE LOUISVILLE KY
430 PM EST SUN JAN 7 2018


...................................

...THE LOUISVILLE KY CLIMATE SUMMARY FOR JANUARY 7 2018...
VALID TODAY AS OF 0400 PM LOCAL TIME.

CLIMATE NORMAL PERIOD 1981 TO 2010
CLIMATE RECORD PERIOD 1871 TO 2018


WEATHER ITEM   OBSERVED TIME   RECORD YEAR NORMAL DEPARTURE LAST
                VALUE   (LST)  VALUE       VALUE  FROM      YEAR
                                                  NORMAL
..................................................................
TEMPERATURE (F)
 TODAY
  MAXIMUM         44    352 PM  72    1907  43      1       20
  MINIMUM         11    343 AM  -8    1912  27    -16        9
  AVERAGE         28                        35     -7       15

PRECIPITATION (IN)
  TODAY            0.00          1.99 1913   0.11  -0.11     0.00
  MONTH TO DATE    T                         0.75  -0.75     0.51
  SINCE DEC 1      2.73                      4.58  -1.85     5.81
  SINCE JAN 1      T                         0.75  -0.75     0.51

SNOWFALL (IN)
  TODAY            0.0           5.7  1996   0.2   -0.2      0.0
  MONTH TO DATE    0.1                       0.8   -0.7      2.3
  SINCE DEC 1      0.3                       3.4   -3.1      2.4
  SINCE JUL 1      0.3                       3.6   -3.3      2.4
  SNOW DEPTH       0

DEGREE DAYS
 HEATING
  TODAY           37                        30      7       50
  MONTH TO DATE  341                       210    131      223
  SINCE DEC 1   1204                      1051    153     1054
  SINCE JUL 1   1870                      1786     84     1521

 COOLING
  TODAY            0                         0      0        0
  MONTH TO DATE    0                         0      0        0
  SINCE DEC 1      0                         1     -1        1
  SINCE JAN 1      0                         0      0        0
..................................................................


WIND (MPH)
  HIGHEST WIND SPEED    17   HIGHEST WIND DIRECTION     S (180)
  HIGHEST GUST SPEED    21   HIGHEST GUST DIRECTION     S (180)
  AVERAGE WIND SPEED     6.8


SKY COVER
  POSSIBLE SUNSHINE  MM
  AVERAGE SKY COVER 0.6


WEATHER CONDITIONS
 THE FOLLOWING WEATHER WAS RECORDED TODAY.
  NO SIGNIFICANT WEATHER WAS OBSERVED.


RELATIVE HUMIDITY (PERCENT)
 HIGHEST    67           600 AM
 LOWEST     28           300 PM
 AVERAGE    48

..........................................................


THE LOUISVILLE KY CLIMATE NORMALS FOR TOMORROW
                         NORMAL    RECORD    YEAR
 MAXIMUM TEMPERATURE (F)   43        70      2008
 MINIMUM TEMPERATURE (F)   27        -4      1942


SUNRISE AND SUNSET
JANUARY  7 2018.......SUNRISE   800 AM EST   SUNSET   539 PM EST
JANUARY  8 2018.......SUNRISE   800 AM EST   SUNSET   540 PM EST


-  INDICATES NEGATIVE NUMBERS.
R  INDICATES RECORD WAS SET OR TIED.
MM INDICATES DATA IS MISSING.
T  INDICATES TRACE AMOUNT.




$$
