000
CDUS43 KLMK 050631
CLISDF


CLIMATE REPORT
NATIONAL WEATHER SERVICE LOUISVILLE KY
130 AM EST FRI FEB 5 2016


...................................

...THE LOUISVILLE KY CLIMATE SUMMARY FOR FEBRUARY 4 2016...

CLIMATE NORMAL PERIOD 1981 TO 2010
CLIMATE RECORD PERIOD 1871 TO 2016


WEATHER ITEM   OBSERVED TIME   RECORD YEAR NORMAL DEPARTURE LAST
                VALUE   (LST)  VALUE       VALUE  FROM      YEAR
                                                  NORMAL
..................................................................
TEMPERATURE (F)
 YESTERDAY
  MAXIMUM         40    419 PM  73    1890  45     -5       54
  MINIMUM         29   1159 PM  -7    1996  28      1       28
  AVERAGE         35                        36     -1       41

PRECIPITATION (IN)
  YESTERDAY        T             1.43 2014   0.12  -0.12     0.02
  MONTH TO DATE    1.58                      0.48   1.10     0.47
  SINCE DEC 1      9.17                      7.55   1.62     4.91
  SINCE JAN 1      2.59                      3.72  -1.13     1.34

SNOWFALL (IN)
  YESTERDAY        T            11.6  1998   0.1   -0.1      0.3
  MONTH TO DATE    T                         0.7   -0.7      0.3
  SINCE DEC 1      8.2                       7.0    1.2      1.4
  SINCE JUL 1      8.2                       7.2    1.0      5.1
  SNOW DEPTH       0

DEGREE DAYS
 HEATING
  YESTERDAY       30                        29      1       24
  MONTH TO DATE   66                       116    -50      109
  SINCE DEC 1   1458                      1890   -432     1805
  SINCE JUL 1   1982                      2625   -643     2691

 COOLING
  YESTERDAY        0                         0      0        0
  MONTH TO DATE    0                         0      0        0
  SINCE DEC 1      3                         1      2        0
  SINCE JAN 1      0                         0      0        0
..................................................................


WIND (MPH)
  HIGHEST WIND SPEED    21   HIGHEST WIND DIRECTION     W (290)
  HIGHEST GUST SPEED    24   HIGHEST GUST DIRECTION    NW (300)
  AVERAGE WIND SPEED     9.2


SKY COVER
  POSSIBLE SUNSHINE  MM
  AVERAGE SKY COVER 0.7


WEATHER CONDITIONS
 THE FOLLOWING WEATHER WAS RECORDED YESTERDAY.
  LIGHT SNOW


RELATIVE HUMIDITY (PERCENT)
 HIGHEST    64          1200 AM
 LOWEST     40           400 PM
 AVERAGE    52

..........................................................


THE LOUISVILLE KY CLIMATE NORMALS FOR TODAY
                         NORMAL    RECORD    YEAR
 MAXIMUM TEMPERATURE (F)   45        71      1927
 MINIMUM TEMPERATURE (F)   28        -4      1966
                                             1917


SUNRISE AND SUNSET
FEBRUARY  5 2016......SUNRISE   744 AM EST   SUNSET   610 PM EST
FEBRUARY  6 2016......SUNRISE   744 AM EST   SUNSET   611 PM EST


-  INDICATES NEGATIVE NUMBERS.
R  INDICATES RECORD WAS SET OR TIED.
MM INDICATES DATA IS MISSING.
T  INDICATES TRACE AMOUNT.




$$
