000
CDUS43 KLMK 282030
CLISDF


CLIMATE REPORT
NATIONAL WEATHER SERVICE LOUISVILLE KY
430 PM EDT SAT MAR 28 2015


...................................

...THE LOUISVILLE KY CLIMATE SUMMARY FOR MARCH 28 2015...
VALID TODAY AS OF 0400 PM LOCAL TIME.

CLIMATE NORMAL PERIOD 1981 TO 2010
CLIMATE RECORD PERIOD 1871 TO 2015


WEATHER ITEM   OBSERVED TIME   RECORD YEAR NORMAL DEPARTURE LAST
                VALUE   (LST)  VALUE       VALUE  FROM      YEAR
                                                  NORMAL
..................................................................
TEMPERATURE (F)
 TODAY
  MAXIMUM         43    259 PM  87    1910  62    -19       68
  MINIMUM         23    658 AM   8    1947  41    -18       50
  AVERAGE         33                        52    -19       59

PRECIPITATION (IN)
  TODAY            0.00          2.41 1975   0.14  -0.14     0.19
  MONTH TO DATE    7.79                      3.75   4.04     1.48
  SINCE MAR 1      7.79                      3.75   4.04     1.48
  SINCE JAN 1     10.89                     10.17   0.72     7.64

SNOWFALL (IN)
  TODAY            0.0           0.2  1899   0.0    0.0      0.0
  MONTH TO DATE   11.9                       1.3   10.6      4.1
  SINCE MAR 1     11.9                       1.3   10.6      4.1
  SINCE JUL 1     27.6                      12.3   15.3     25.9
  SNOW DEPTH       0

DEGREE DAYS
 HEATING
  TODAY           32                        13     19        6
  MONTH TO DATE  531                       499     32      599
  SINCE MAR 1    531                       499     32      599
  SINCE JUL 1   4151                      3740    411     4253

 COOLING
  TODAY            0                         0      0        0
  MONTH TO DATE    1                         0      1        0
  SINCE MAR 1      1                         0      1        0
  SINCE JAN 1      1                         0      1        0
..................................................................


WIND (MPH)
  HIGHEST WIND SPEED    15   HIGHEST WIND DIRECTION     N (360)
  HIGHEST GUST SPEED    18   HIGHEST GUST DIRECTION     N (350)
  AVERAGE WIND SPEED     8.3


SKY COVER
  POSSIBLE SUNSHINE  MM
  AVERAGE SKY COVER 0.2


WEATHER CONDITIONS
 THE FOLLOWING WEATHER WAS RECORDED TODAY.
  NO SIGNIFICANT WEATHER WAS OBSERVED.


RELATIVE HUMIDITY (PERCENT)
 HIGHEST    68           700 AM
 LOWEST     34           200 PM
 AVERAGE    51

..........................................................


THE LOUISVILLE KY CLIMATE NORMALS FOR TOMORROW
                         NORMAL    RECORD    YEAR
 MAXIMUM TEMPERATURE (F)   63        86      1895
 MINIMUM TEMPERATURE (F)   42        18      1887


SUNRISE AND SUNSET
MARCH 28 2015.........SUNRISE   735 AM EDT   SUNSET   802 PM EDT
MARCH 29 2015.........SUNRISE   733 AM EDT   SUNSET   803 PM EDT


-  INDICATES NEGATIVE NUMBERS.
R  INDICATES RECORD WAS SET OR TIED.
MM INDICATES DATA IS MISSING.
T  INDICATES TRACE AMOUNT.




$$
