000
CDUS43 KLMK 010628
CLISDF


CLIMATE REPORT
NATIONAL WEATHER SERVICE LOUISVILLE KY
227 AM EDT WED JUL 1 2015


...................................

...THE LOUISVILLE KY CLIMATE SUMMARY FOR JUNE 30 2015...

CLIMATE NORMAL PERIOD 1981 TO 2010
CLIMATE RECORD PERIOD 1871 TO 2015


WEATHER ITEM   OBSERVED TIME   RECORD YEAR NORMAL DEPARTURE LAST
                VALUE   (LST)  VALUE       VALUE  FROM      YEAR
                                                  NORMAL
..................................................................
TEMPERATURE (F)
 YESTERDAY
  MAXIMUM         86    314 PM 104    2012  88     -2       92
  MINIMUM         68    527 AM  53    1950  69     -1       71
                                      1943
  AVERAGE         77                        79     -2       82

PRECIPITATION (IN)
  YESTERDAY        0.00          0.82 1942   0.12  -0.12     0.03
  MONTH TO DATE    6.82                      3.79   3.03     1.65
  SINCE JUN 1      6.82                      3.79   3.03     1.65
  SINCE JAN 1     30.94                     23.66   7.28    21.16

SNOWFALL (IN)
  YESTERDAY        0.0          MM      MM   0.0    0.0      0.0
  MONTH TO DATE    0.0                       0.0    0.0      0.0
  SINCE JUN 1      0.0                       0.0    0.0      0.0
  SINCE JUL 1     27.6                      12.5   15.1     26.0
  SNOW DEPTH       0

DEGREE DAYS
 HEATING
  YESTERDAY        0                         0      0        0
  MONTH TO DATE    6                         1      5        0
  SINCE JUN 1      6                         5      1        0
  SINCE JUL 1   4393                      4097    296     4547

 COOLING
  YESTERDAY       12                        14     -2       17
  MONTH TO DATE  386                       324     62      393
  SINCE JUN 1    386                       324     62      393
  SINCE JAN 1    637                       498    139      627
..................................................................


WIND (MPH)
  HIGHEST WIND SPEED    21   HIGHEST WIND DIRECTION     W (270)
  HIGHEST GUST SPEED    27   HIGHEST GUST DIRECTION     W (270)
  AVERAGE WIND SPEED     9.4


SKY COVER
  POSSIBLE SUNSHINE  MM
  AVERAGE SKY COVER 0.6


WEATHER CONDITIONS
 THE FOLLOWING WEATHER WAS RECORDED YESTERDAY.
  THUNDERSTORM


RELATIVE HUMIDITY (PERCENT)
 HIGHEST    84           700 AM
 LOWEST     51           100 PM
 AVERAGE    68

..........................................................


THE LOUISVILLE KY CLIMATE NORMALS FOR TODAY
                         NORMAL    RECORD    YEAR
 MAXIMUM TEMPERATURE (F)   88       103      2012
 MINIMUM TEMPERATURE (F)   69        54      1885


SUNRISE AND SUNSET
JULY  1 2015..........SUNRISE   623 AM EDT   SUNSET   910 PM EDT
JULY  2 2015..........SUNRISE   624 AM EDT   SUNSET   910 PM EDT


-  INDICATES NEGATIVE NUMBERS.
R  INDICATES RECORD WAS SET OR TIED.
MM INDICATES DATA IS MISSING.
T  INDICATES TRACE AMOUNT.

$$

SCHOETTMER
