000
CDUS43 KLMK 050643
CLISDF


CLIMATE REPORT
NATIONAL WEATHER SERVICE LOUISVILLE KY
141 AM EST THU MAR 5 2015


...................................

...THE LOUISVILLE KY CLIMATE SUMMARY FOR MARCH 4 2015...

CLIMATE NORMAL PERIOD 1981 TO 2010
CLIMATE RECORD PERIOD 1871 TO 2015


WEATHER ITEM   OBSERVED TIME   RECORD YEAR NORMAL DEPARTURE LAST
                VALUE   (LST)  VALUE       VALUE  FROM      YEAR
                                                  NORMAL
..................................................................
TEMPERATURE (F)
 YESTERDAY
  MAXIMUM         47   1206 AM  84    1976  53     -6       36
  MINIMUM         23   1159 PM   3    1873  34    -11       14
  AVERAGE         35                        44     -9       25

PRECIPITATION (IN)
  YESTERDAY        2.59          4.25 1964   0.12   2.47     0.00
  MONTH TO DATE    3.13                      0.47   2.66     0.94
  SINCE MAR 1      3.13                      0.47   2.66     0.94
  SINCE JAN 1      6.23                      6.89  -0.66     7.10

SNOWFALL (IN)
  YESTERDAY        8.3 R         3.1  1917   0.1    8.2      0.0
  MONTH TO DATE    8.3                       0.3    8.0      3.0
  SINCE MAR 1      8.3                       0.3    8.0      3.0
  SINCE JUL 1     24.0                      11.3   12.7     24.8
  SNOW DEPTH       0

DEGREE DAYS
 HEATING
  YESTERDAY       30                        21      9       40
  MONTH TO DATE  109                        87     22      132
  SINCE MAR 1    109                        87     22      132
  SINCE JUL 1   3729                      3328    401     3786

 COOLING
  YESTERDAY        0                         0      0        0
  MONTH TO DATE    0                         0      0        0
  SINCE MAR 1      0                         0      0        0
  SINCE JAN 1      0                         0      0        0
..................................................................


WIND (MPH)
  HIGHEST WIND SPEED    24   HIGHEST WIND DIRECTION     N (350)
  HIGHEST GUST SPEED    29   HIGHEST GUST DIRECTION     N (360)
  AVERAGE WIND SPEED    10.4


SKY COVER
  POSSIBLE SUNSHINE  MM
  AVERAGE SKY COVER 1.0


WEATHER CONDITIONS
 THE FOLLOWING WEATHER WAS RECORDED YESTERDAY.
  HEAVY RAIN
  RAIN
  LIGHT RAIN
  HEAVY SNOW
  SNOW
  LIGHT SNOW
  SLEET
  FOG
  FOG W/VISIBILITY <= 1/4 MILE


RELATIVE HUMIDITY (PERCENT)
 HIGHEST    96           400 AM
 LOWEST     85          1100 AM
 AVERAGE    91

..........................................................


THE LOUISVILLE KY CLIMATE NORMALS FOR TODAY
                         NORMAL    RECORD    YEAR
 MAXIMUM TEMPERATURE (F)   54        77      1983
 MINIMUM TEMPERATURE (F)   35         2      1978
                                             1960


SUNRISE AND SUNSET
MARCH  5 2015.........SUNRISE   709 AM EST   SUNSET   640 PM EST
MARCH  6 2015.........SUNRISE   708 AM EST   SUNSET   641 PM EST


-  INDICATES NEGATIVE NUMBERS.
R  INDICATES RECORD WAS SET OR TIED.
MM INDICATES DATA IS MISSING.
T  INDICATES TRACE AMOUNT.




$$
