000
CDUS43 KLMK 282034
CLISDF


CLIMATE REPORT
NATIONAL WEATHER SERVICE LOUISVILLE KY
433 PM EDT TUE OCT 28 2014


...................................

...THE LOUISVILLE KY CLIMATE SUMMARY FOR OCTOBER 28 2014...
VALID TODAY AS OF 0400 PM LOCAL TIME.

CLIMATE NORMAL PERIOD 1981 TO 2010
CLIMATE RECORD PERIOD 1871 TO 2014


WEATHER ITEM   OBSERVED TIME   RECORD YEAR NORMAL DEPARTURE LAST
                VALUE   (LST)  VALUE       VALUE  FROM      YEAR
                                                  NORMAL
..................................................................
TEMPERATURE (F)
 TODAY
  MAXIMUM         73    151 AM  83    1940  66      7       68
                                      1927
                                      1900
  MINIMUM         58    210 PM  24    1976  45     13       41
  AVERAGE         66                        56     10       55

PRECIPITATION (IN)
  TODAY            0.16          1.74 1883   0.10   0.06     0.00
  MONTH TO DATE    3.38                      2.91   0.47     7.86
  SINCE SEP 1      6.69                      5.96   0.73    10.56
  SINCE JAN 1     37.86                     37.18   0.68    42.37

SNOWFALL (IN)
  TODAY            0.0           0.5  1925   0.0    0.0      0.0
  MONTH TO DATE    0.0                       0.1   -0.1       T
  SINCE SEP 1      0.0                       0.1   -0.1       T
  SINCE JUL 1      0.0                       0.1   -0.1       T
  SNOW DEPTH       0

DEGREE DAYS
 HEATING
  TODAY            0                        10    -10       10
  MONTH TO DATE  141                       181    -40      211
  SINCE SEP 1    154                       211    -57      217
  SINCE JUL 1    154                       211    -57      217

 COOLING
  TODAY            1                         1      0        0
  MONTH TO DATE   30                        43    -13       53
  SINCE SEP 1    233                       253    -20      288
  SINCE JAN 1   1625                      1610     15     1628
..................................................................


WIND (MPH)
  HIGHEST WIND SPEED    24   HIGHEST WIND DIRECTION    SW (220)
  HIGHEST GUST SPEED    30   HIGHEST GUST DIRECTION    SW (220)
  AVERAGE WIND SPEED    13.9


SKY COVER
  POSSIBLE SUNSHINE  MM
  AVERAGE SKY COVER 0.9


WEATHER CONDITIONS
 THE FOLLOWING WEATHER WAS RECORDED TODAY.
  HEAVY RAIN
  RAIN
  LIGHT RAIN
  FOG
  HAZE


RELATIVE HUMIDITY (PERCENT)
 HIGHEST    93          1200 PM
 LOWEST     57          1200 AM
 AVERAGE    75

..........................................................


THE LOUISVILLE KY CLIMATE NORMALS FOR TOMORROW
                         NORMAL    RECORD    YEAR
 MAXIMUM TEMPERATURE (F)   66        83      1900
 MINIMUM TEMPERATURE (F)   45        23      1925


SUNRISE AND SUNSET
OCTOBER 28 2014.......SUNRISE   805 AM EDT   SUNSET   648 PM EDT
OCTOBER 29 2014.......SUNRISE   806 AM EDT   SUNSET   647 PM EDT


-  INDICATES NEGATIVE NUMBERS.
R  INDICATES RECORD WAS SET OR TIED.
MM INDICATES DATA IS MISSING.
T  INDICATES TRACE AMOUNT.




$$
