000
CDUS43 KLMK 082028
CLISDF


CLIMATE REPORT
NATIONAL WEATHER SERVICE LOUISVILLE KY
428 PM EDT SUN MAY 8 2016


...................................

...THE LOUISVILLE KY CLIMATE SUMMARY FOR MAY 8 2016...
VALID TODAY AS OF 0400 PM LOCAL TIME.

CLIMATE NORMAL PERIOD 1981 TO 2010
CLIMATE RECORD PERIOD 1871 TO 2016


WEATHER ITEM   OBSERVED TIME   RECORD YEAR NORMAL DEPARTURE LAST
                VALUE   (LST)  VALUE       VALUE  FROM      YEAR
                                                  NORMAL
..................................................................
TEMPERATURE (F)
 TODAY
  MAXIMUM         66    259 PM  91    1993  75     -9       88
                                      1896
  MINIMUM         56    746 AM  33    1923  55      1       63
  AVERAGE         61                        65     -4       76

PRECIPITATION (IN)
  TODAY            0.01          2.35 1972   0.17  -0.16     0.00
  MONTH TO DATE    0.90                      1.40  -0.50     0.00
  SINCE MAR 1      9.58                      9.58   0.00    18.64
  SINCE JAN 1     15.40                     16.00  -0.60    21.74

SNOWFALL (IN)
  TODAY            0.0           T    1947   0.0    0.0      0.0
                                      1923
  MONTH TO DATE    0.0                       0.0    0.0      0.0
  SINCE MAR 1      0.5                       1.5   -1.0     11.9
  SINCE JUL 1     14.9                      12.5    2.4     27.6
  SNOW DEPTH       0

DEGREE DAYS
 HEATING
  TODAY            4                         3      1        0
  MONTH TO DATE   34                        28      6        6
  SINCE MAR 1    573                       812   -239      749
  SINCE JUL 1   3195                      4053   -858     4369

 COOLING
  TODAY            0                         3     -3       11
  MONTH TO DATE   16                        18     -2       51
  SINCE MAR 1     79                        61     18       93
  SINCE JAN 1     79                        61     18       93
..................................................................


WIND (MPH)
  HIGHEST WIND SPEED    15   HIGHEST WIND DIRECTION     N (350)
  HIGHEST GUST SPEED    18   HIGHEST GUST DIRECTION     N (10)
  AVERAGE WIND SPEED     4.8


SKY COVER
  POSSIBLE SUNSHINE  MM
  AVERAGE SKY COVER 0.8


WEATHER CONDITIONS
 THE FOLLOWING WEATHER WAS RECORDED TODAY.
  LIGHT RAIN


RELATIVE HUMIDITY (PERCENT)
 HIGHEST    80           600 AM
 LOWEST     42           300 PM
 AVERAGE    61

..........................................................


THE LOUISVILLE KY CLIMATE NORMALS FOR TOMORROW
                         NORMAL    RECORD    YEAR
 MAXIMUM TEMPERATURE (F)   75        93      1896
 MINIMUM TEMPERATURE (F)   55        33      1947
                                             1923


SUNRISE AND SUNSET
MAY  8 2016...........SUNRISE   638 AM EDT   SUNSET   841 PM EDT
MAY  9 2016...........SUNRISE   637 AM EDT   SUNSET   842 PM EDT


-  INDICATES NEGATIVE NUMBERS.
R  INDICATES RECORD WAS SET OR TIED.
MM INDICATES DATA IS MISSING.
T  INDICATES TRACE AMOUNT.




$$
