000
CDUS43 KLMK 142043
CLISDF

CLIMATE REPORT
NATIONAL WEATHER SERVICE LOUISVILLE KY
442 PM EDT THU MAY 14 2015


...................................

...THE LOUISVILLE KY CLIMATE SUMMARY FOR MAY 14 2015...
VALID TODAY AS OF 0400 PM LOCAL TIME.

CLIMATE NORMAL PERIOD 1981 TO 2010
CLIMATE RECORD PERIOD 1871 TO 2015


WEATHER ITEM   OBSERVED TIME   RECORD YEAR NORMAL DEPARTURE LAST
                VALUE   (LST)  VALUE       VALUE  FROM      YEAR
                                                  NORMAL
..................................................................
TEMPERATURE (F)
 TODAY
  MAXIMUM         75    244 PM  90    1962  77     -2       70
                                      1881
  MINIMUM         54    622 AM  35    1996  56     -2       61
  AVERAGE         65                        66     -1       66

PRECIPITATION (IN)
  TODAY            0.00          2.55 1934   0.18  -0.18     1.12
  MONTH TO DATE    1.13                      2.48  -1.35     2.74
  SINCE MAR 1     19.77                     10.66   9.11    12.05
  SINCE JAN 1     22.87                     17.08   5.79    18.21

SNOWFALL (IN)
  TODAY            0.0          MM      MM   0.0    0.0      0.0
  MONTH TO DATE    0.0                       0.0    0.0      0.0
  SINCE MAR 1     11.9                       1.5   10.4      4.2
  SINCE JUL 1     27.6                      12.5   15.1     26.0
  SNOW DEPTH       0

DEGREE DAYS
 HEATING
  TODAY            0                         2     -2        0
  MONTH TO DATE    9                        44    -35       26
  SINCE MAR 1    752                       828    -76      850
  SINCE JUL 1   4372                      4069    303     4504

 COOLING
  TODAY            0                         4     -4        1
  MONTH TO DATE   90                        38     52       85
  SINCE MAR 1    132                        81     51      116
  SINCE JAN 1    132                        81     51      116
..................................................................


WIND (MPH)
  HIGHEST WIND SPEED    16   HIGHEST WIND DIRECTION    SE (130)
  HIGHEST GUST SPEED    14   HIGHEST GUST DIRECTION    SE (130)
  AVERAGE WIND SPEED     8.9


SKY COVER
  POSSIBLE SUNSHINE  MM
  AVERAGE SKY COVER 0.8


WEATHER CONDITIONS
 THE FOLLOWING WEATHER WAS RECORDED TODAY.
  NO SIGNIFICANT WEATHER WAS OBSERVED.


RELATIVE HUMIDITY (PERCENT)
 HIGHEST    66           600 AM
 LOWEST     41           200 PM
 AVERAGE    54

..........................................................


THE LOUISVILLE KY CLIMATE NORMALS FOR TOMORROW
                         NORMAL    RECORD    YEAR
 MAXIMUM TEMPERATURE (F)   77        92      1900
 MINIMUM TEMPERATURE (F)   57        38      1888


SUNRISE AND SUNSET
MAY 14 2015...........SUNRISE   633 AM EDT   SUNSET   846 PM EDT
MAY 15 2015...........SUNRISE   632 AM EDT   SUNSET   847 PM EDT


-  INDICATES NEGATIVE NUMBERS.
R  INDICATES RECORD WAS SET OR TIED.
MM INDICATES DATA IS MISSING.
T  INDICATES TRACE AMOUNT.




$$
