000
CDUS43 KLMK 300638
CLISDF


CLIMATE REPORT
NATIONAL WEATHER SERVICE LOUISVILLE KY
138 AM EST TUE JAN 30 2018


...................................

...THE LOUISVILLE KY CLIMATE SUMMARY FOR JANUARY 29 2018...

CLIMATE NORMAL PERIOD 1981 TO 2010
CLIMATE RECORD PERIOD 1871 TO 2018


WEATHER ITEM   OBSERVED TIME   RECORD YEAR NORMAL DEPARTURE LAST
                VALUE   (LST)  VALUE       VALUE  FROM      YEAR
                                                  NORMAL
..................................................................
TEMPERATURE (F)
 YESTERDAY
  MAXIMUM         40   1107 AM  73    1975  44     -4       38
  MINIMUM         30   1159 PM  -4    1977  27      3       30
  AVERAGE         35                        36     -1       34

PRECIPITATION (IN)
  YESTERDAY        T             2.13 1916   0.10  -0.10     0.01
  MONTH TO DATE    1.76                      3.01  -1.25     4.21
  SINCE DEC 1      4.49                      6.84  -2.35     9.51
  SINCE JAN 1      1.76                      3.01  -1.25     4.21

SNOWFALL (IN)
  YESTERDAY        T             3.0  1909   0.2   -0.2      0.3
  MONTH TO DATE    5.0                       3.4    1.6      2.6
  SINCE DEC 1      5.2                       6.0   -0.8      2.7
  SINCE JUL 1      5.2                       6.2   -1.0      2.7
  SNOW DEPTH       0

DEGREE DAYS
 HEATING
  YESTERDAY       30                        29      1       31
  MONTH TO DATE  938                       869     69      674
  SINCE DEC 1   1801                      1710     91     1505
  SINCE JUL 1   2467                      2445     22     1972

 COOLING
  YESTERDAY        0                         0      0        0
  MONTH TO DATE    0                         0      0        0
  SINCE DEC 1      0                         1     -1        1
  SINCE JAN 1      0                         0      0        0
..................................................................


WIND (MPH)
  HIGHEST WIND SPEED    22   HIGHEST WIND DIRECTION    NW (330)
  HIGHEST GUST SPEED    30   HIGHEST GUST DIRECTION    NW (320)
  AVERAGE WIND SPEED    10.1


SKY COVER
  POSSIBLE SUNSHINE  MM
  AVERAGE SKY COVER 0.9


WEATHER CONDITIONS
 THE FOLLOWING WEATHER WAS RECORDED YESTERDAY.
  LIGHT SNOW


RELATIVE HUMIDITY (PERCENT)
 HIGHEST    82           200 AM
 LOWEST     52           400 PM
 AVERAGE    67

..........................................................


THE LOUISVILLE KY CLIMATE NORMALS FOR TODAY
                         NORMAL    RECORD    YEAR
 MAXIMUM TEMPERATURE (F)   44        71      2013
                                             1916
 MINIMUM TEMPERATURE (F)   27        -9      1966


SUNRISE AND SUNSET
JANUARY 30 2018.......SUNRISE   749 AM EST   SUNSET   604 PM EST
JANUARY 31 2018.......SUNRISE   749 AM EST   SUNSET   605 PM EST


-  INDICATES NEGATIVE NUMBERS.
R  INDICATES RECORD WAS SET OR TIED.
MM INDICATES DATA IS MISSING.
T  INDICATES TRACE AMOUNT.




$$
