861
CDUS43 KLMK 240627
CLISDF


CLIMATE REPORT
NATIONAL WEATHER SERVICE LOUISVILLE KY
127 AM EST THU NOV 24 2016


...................................

...THE LOUISVILLE KY CLIMATE SUMMARY FOR NOVEMBER 23 2016...

CLIMATE NORMAL PERIOD 1981 TO 2010
CLIMATE RECORD PERIOD 1871 TO 2016


WEATHER ITEM   OBSERVED TIME   RECORD YEAR NORMAL DEPARTURE LAST
                VALUE   (LST)  VALUE       VALUE  FROM      YEAR
                                                  NORMAL
..................................................................
TEMPERATURE (F)
 YESTERDAY
  MAXIMUM         65    254 PM  75    1931  54     11       51
  MINIMUM         41    711 AM  11    1880  37      4       26
  AVERAGE         53                        46      7       39

PRECIPITATION (IN)
  YESTERDAY        0.32          1.69 1983   0.13   0.19     0.00
  MONTH TO DATE    0.76                      2.69  -1.93     4.10
  SINCE SEP 1      3.69                      8.96  -5.27    11.40
  SINCE JAN 1     37.36                     40.18  -2.82    54.46

SNOWFALL (IN)
  YESTERDAY        0.0           2.2  1971   0.0    0.0      0.0
  MONTH TO DATE    0.0                       0.0    0.0      0.0
  SINCE SEP 1      0.0                       0.1   -0.1      0.0
  SINCE JUL 1      0.0                       0.1   -0.1      0.0
  SNOW DEPTH       0

DEGREE DAYS
 HEATING
  YESTERDAY       12                        19     -7       26
  MONTH TO DATE  266                       344    -78      279
  SINCE SEP 1    351                       586   -235      437
  SINCE JUL 1    351                       586   -235      437

 COOLING
  YESTERDAY        0                         0      0        0
  MONTH TO DATE   19                         0     19        9
  SINCE SEP 1    474                       252    222      333
  SINCE JAN 1   2082                      1609    473     1787
..................................................................


WIND (MPH)
  HIGHEST WIND SPEED    24   HIGHEST WIND DIRECTION    SW (220)
  HIGHEST GUST SPEED    32   HIGHEST GUST DIRECTION    SW (210)
  AVERAGE WIND SPEED     7.5


SKY COVER
  POSSIBLE SUNSHINE  MM
  AVERAGE SKY COVER 1.0


WEATHER CONDITIONS
 THE FOLLOWING WEATHER WAS RECORDED YESTERDAY.
  HEAVY RAIN
  RAIN
  LIGHT RAIN
  FOG


RELATIVE HUMIDITY (PERCENT)
 HIGHEST    93           900 PM
 LOWEST     22           300 PM
 AVERAGE    58

..........................................................


THE LOUISVILLE KY CLIMATE NORMALS FOR TODAY
                         NORMAL    RECORD    YEAR
 MAXIMUM TEMPERATURE (F)   54        70      1908
                                             1896
 MINIMUM TEMPERATURE (F)   37         4      1950


SUNRISE AND SUNSET
NOVEMBER 24 2016......SUNRISE   734 AM EST   SUNSET   525 PM EST
NOVEMBER 25 2016......SUNRISE   735 AM EST   SUNSET   525 PM EST


-  INDICATES NEGATIVE NUMBERS.
R  INDICATES RECORD WAS SET OR TIED.
MM INDICATES DATA IS MISSING.
T  INDICATES TRACE AMOUNT.




$$
