000
CDUS43 KLMK 052134
CLISDF

CLIMATE REPORT
NATIONAL WEATHER SERVICE LOUISVILLE KY
428 PM EST FRI DEC 5 2014


...................................

...THE LOUISVILLE KY CLIMATE SUMMARY FOR DECEMBER 5 2014...
VALID TODAY AS OF 0400 PM LOCAL TIME.

CLIMATE NORMAL PERIOD 1981 TO 2010
CLIMATE RECORD PERIOD 1871 TO 2014


WEATHER ITEM   OBSERVED TIME   RECORD YEAR NORMAL DEPARTURE LAST
                VALUE   (LST)  VALUE       VALUE  FROM      YEAR
                                                  NORMAL
..................................................................
TEMPERATURE (F)
 TODAY
  MAXIMUM         52    348 PM  73    2001  49      3       70
  MINIMUM         41    236 AM  12    1895  33      8       34
  AVERAGE         47                        41      6       52

PRECIPITATION (IN)
  TODAY            0.27          2.33 2011   0.12   0.15     0.56
  MONTH TO DATE    1.16                      0.62   0.54     0.56
  SINCE DEC 1      1.16                      0.62   0.54     0.56
  SINCE JAN 1     40.86                     41.70  -0.84    48.73

SNOWFALL (IN)
  TODAY            0.0           5.0  1910   0.0    0.0      0.0
  MONTH TO DATE    0.0                       0.2   -0.2      0.0
  SINCE DEC 1      0.0                       0.2   -0.2      0.0
  SINCE JUL 1      3.7                       0.4    3.3      0.5
  SNOW DEPTH       0

DEGREE DAYS
 HEATING
  TODAY           18                        24     -6       13
  MONTH TO DATE  109                       118     -9       63
  SINCE DEC 1    109                       118     -9       63
  SINCE JUL 1    995                       853    142      893

 COOLING
  TODAY            0                         0      0        0
  MONTH TO DATE    0                         0      0        0
  SINCE DEC 1      0                         0      0        0
  SINCE JAN 1   1626                      1613     13     1628
..................................................................


WIND (MPH)
  HIGHEST WIND SPEED     7   HIGHEST WIND DIRECTION    SE (130)
  HIGHEST GUST SPEED     8   HIGHEST GUST DIRECTION     E (90)
  AVERAGE WIND SPEED     1.2


SKY COVER
  POSSIBLE SUNSHINE  MM
  AVERAGE SKY COVER 1.0


WEATHER CONDITIONS
 THE FOLLOWING WEATHER WAS RECORDED TODAY.
  LIGHT RAIN
  FOG


RELATIVE HUMIDITY (PERCENT)
 HIGHEST    96           400 AM
 LOWEST     89           300 PM
 AVERAGE    93

..........................................................


THE LOUISVILLE KY CLIMATE NORMALS FOR TOMORROW
                         NORMAL    RECORD    YEAR
 MAXIMUM TEMPERATURE (F)   49        72      1998
                                             1956
 MINIMUM TEMPERATURE (F)   32         6      1984
                                             1977


SUNRISE AND SUNSET
DECEMBER  5 2014......SUNRISE   744 AM EST   SUNSET   523 PM EST
DECEMBER  6 2014......SUNRISE   745 AM EST   SUNSET   523 PM EST


-  INDICATES NEGATIVE NUMBERS.
R  INDICATES RECORD WAS SET OR TIED.
MM INDICATES DATA IS MISSING.
T  INDICATES TRACE AMOUNT.




$$
