000
CDUS43 KLMK 172026
CLISDF


CLIMATE REPORT
NATIONAL WEATHER SERVICE LOUISVILLE KY
426 PM EDT TUE MAR 17 2015


...................................

...THE LOUISVILLE KY CLIMATE SUMMARY FOR MARCH 17 2015...
VALID TODAY AS OF 0400 PM LOCAL TIME.

CLIMATE NORMAL PERIOD 1981 TO 2010
CLIMATE RECORD PERIOD 1871 TO 2015


WEATHER ITEM   OBSERVED TIME   RECORD YEAR NORMAL DEPARTURE LAST
                VALUE   (LST)  VALUE       VALUE  FROM      YEAR
                                                  NORMAL
..................................................................
TEMPERATURE (F)
 TODAY
  MAXIMUM         64    104 AM  79    1894  58      6       46
  MINIMUM         53    707 AM   9    1900  38     15       29
  AVERAGE         59                        48     11       38

PRECIPITATION (IN)
  TODAY            0.00          1.73 1898   0.14  -0.14     0.00
  MONTH TO DATE    6.89                      2.20   4.69     1.19
  SINCE MAR 1      6.89                      2.20   4.69     1.19
  SINCE JAN 1      9.99                      8.62   1.37     7.35

SNOWFALL (IN)
  TODAY            0.0           3.7  1970   0.1   -0.1      0.0
  MONTH TO DATE   11.9                       1.0   10.9      3.8
  SINCE MAR 1     11.9                       1.0   10.9      3.8
  SINCE JUL 1     27.6                      12.0   15.6     25.6
  SNOW DEPTH       0

DEGREE DAYS
 HEATING
  TODAY            6                        17    -11       27
  MONTH TO DATE  327                       334     -7      385
  SINCE MAR 1    327                       334     -7      385
  SINCE JUL 1   3947                      3575    372     4039

 COOLING
  TODAY            0                         0      0        0
  MONTH TO DATE    1                         0      1        0
  SINCE MAR 1      1                         0      1        0
  SINCE JAN 1      1                         0      1        0
..................................................................


WIND (MPH)
  HIGHEST WIND SPEED    26   HIGHEST WIND DIRECTION     N (340)
  HIGHEST GUST SPEED    32   HIGHEST GUST DIRECTION     N (360)
  AVERAGE WIND SPEED    13.6


SKY COVER
  POSSIBLE SUNSHINE  MM
  AVERAGE SKY COVER 0.3


WEATHER CONDITIONS
 THE FOLLOWING WEATHER WAS RECORDED TODAY.
  FOG
  HAZE


RELATIVE HUMIDITY (PERCENT)
 HIGHEST    80           600 AM
 LOWEST     42           200 PM
 AVERAGE    61

..........................................................


THE LOUISVILLE KY CLIMATE NORMALS FOR TOMORROW
                         NORMAL    RECORD    YEAR
 MAXIMUM TEMPERATURE (F)   59        82      2012
                                             1982
 MINIMUM TEMPERATURE (F)   38        12      1941
                                             1902


SUNRISE AND SUNSET
MARCH 17 2015.........SUNRISE   751 AM EDT   SUNSET   752 PM EDT
MARCH 18 2015.........SUNRISE   750 AM EDT   SUNSET   753 PM EDT


-  INDICATES NEGATIVE NUMBERS.
R  INDICATES RECORD WAS SET OR TIED.
MM INDICATES DATA IS MISSING.
T  INDICATES TRACE AMOUNT.




$$
