000
CDUS43 KLMK 032127
CLISDF


CLIMATE REPORT
NATIONAL WEATHER SERVICE LOUISVILLE KY
426 PM EST FRI FEB 3 2017


...................................

...THE LOUISVILLE KY CLIMATE SUMMARY FOR FEBRUARY 3 2017...
VALID TODAY AS OF 0400 PM LOCAL TIME.

CLIMATE NORMAL PERIOD 1981 TO 2010
CLIMATE RECORD PERIOD 1871 TO 2017


WEATHER ITEM   OBSERVED TIME   RECORD YEAR NORMAL DEPARTURE LAST
                VALUE   (LST)  VALUE       VALUE  FROM      YEAR
                                                  NORMAL
..................................................................
TEMPERATURE (F)
 TODAY
  MAXIMUM         35    353 PM  72    1890  45    -10       63
  MINIMUM         25    807 AM  -9    1951  28     -3       38
  AVERAGE         30                        36     -6       51

PRECIPITATION (IN)
  TODAY            0.00          1.29 1887   0.12  -0.12     0.21
  MONTH TO DATE    0.00                      0.36  -0.36     1.58
  SINCE DEC 1      9.51                      7.43   2.08     9.17
  SINCE JAN 1      4.21                      3.60   0.61     2.59

SNOWFALL (IN)
  TODAY            0.0           4.5  1939   0.2   -0.2      0.0
  MONTH TO DATE    0.0                       0.6   -0.6      0.0
  SINCE DEC 1      2.7                       6.9   -4.2      8.2
  SINCE JUL 1      2.7                       7.1   -4.4      8.2
  SNOW DEPTH       0

DEGREE DAYS
 HEATING
  TODAY           35                        29      6       14
  MONTH TO DATE   83                        87     -4       36
  SINCE DEC 1   1635                      1861   -226     1428
  SINCE JUL 1   2102                      2596   -494     1952

 COOLING
  TODAY            0                         0      0        0
  MONTH TO DATE    0                         0      0        0
  SINCE DEC 1      1                         1      0        3
  SINCE JAN 1      0                         0      0        0
..................................................................


WIND (MPH)
  HIGHEST WIND SPEED    17   HIGHEST WIND DIRECTION    NW (330)
  HIGHEST GUST SPEED    21   HIGHEST GUST DIRECTION     N (350)
  AVERAGE WIND SPEED     9.0


SKY COVER
  POSSIBLE SUNSHINE  MM
  AVERAGE SKY COVER 0.6


WEATHER CONDITIONS
 THE FOLLOWING WEATHER WAS RECORDED TODAY.
  NO SIGNIFICANT WEATHER WAS OBSERVED.


RELATIVE HUMIDITY (PERCENT)
 HIGHEST    60           800 AM
 LOWEST     28           400 PM
 AVERAGE    44

..........................................................


THE LOUISVILLE KY CLIMATE NORMALS FOR TOMORROW
                         NORMAL    RECORD    YEAR
 MAXIMUM TEMPERATURE (F)   45        73      1890
 MINIMUM TEMPERATURE (F)   28        -7      1996


SUNRISE AND SUNSET
FEBRUARY  3 2017......SUNRISE   746 AM EST   SUNSET   608 PM EST
FEBRUARY  4 2017......SUNRISE   745 AM EST   SUNSET   609 PM EST


-  INDICATES NEGATIVE NUMBERS.
R  INDICATES RECORD WAS SET OR TIED.
MM INDICATES DATA IS MISSING.
T  INDICATES TRACE AMOUNT.




$$
