000
CDUS43 KLMK 010627
CLISDF


CLIMATE REPORT
NATIONAL WEATHER SERVICE LOUISVILLE KY
227 AM EDT TUE APR 1 2014


...................................

...THE LOUISVILLE KY CLIMATE SUMMARY FOR MARCH 31 2014...

CLIMATE NORMAL PERIOD 1981 TO 2010
CLIMATE RECORD PERIOD 1871 TO 2014


WEATHER ITEM   OBSERVED TIME   RECORD YEAR NORMAL DEPARTURE LAST
                VALUE   (LST)  VALUE       VALUE  FROM      YEAR
                                                  NORMAL
..................................................................
TEMPERATURE (F)
 YESTERDAY
  MAXIMUM         71    527 PM  86    1981  64      7       63
  MINIMUM         36    650 AM  18    1923  42     -6       49
  AVERAGE         54                        53      1       56

PRECIPITATION (IN)
  YESTERDAY        T             2.04 1908   0.14  -0.14     0.05
  MONTH TO DATE    2.30                      4.17  -1.87     4.25
  SINCE MAR 1      2.30                      4.17  -1.87     4.25
  SINCE JAN 1      8.46                     10.59  -2.13    11.27

SNOWFALL (IN)
  YESTERDAY        0.0           2.0  1887   0.0    0.0      0.0
  MONTH TO DATE    4.1                       1.4    2.7      1.7
  SINCE MAR 1      4.1                       1.4    2.7      1.7
  SINCE JUL 1     25.9                      12.4   13.5      9.8
  SNOW DEPTH       0

DEGREE DAYS
 HEATING
  YESTERDAY       11                        13     -2        9
  MONTH TO DATE  648                       538    110      735
  SINCE MAR 1    648                       538    110      735
  SINCE JUL 1   4302                      3779    523     3817

 COOLING
  YESTERDAY        0                         1     -1        0
  MONTH TO DATE    0                         6     -6        0
  SINCE MAR 1      0                         6     -6        0
  SINCE JAN 1      0                         6     -6        0
..................................................................


WIND (MPH)
  HIGHEST WIND SPEED    16   HIGHEST WIND DIRECTION    SE (140)
  HIGHEST GUST SPEED    20   HIGHEST GUST DIRECTION    SE (130)
  AVERAGE WIND SPEED     6.4


SKY COVER
  POSSIBLE SUNSHINE  MM
  AVERAGE SKY COVER 0.7


WEATHER CONDITIONS
 THE FOLLOWING WEATHER WAS RECORDED YESTERDAY.
  NO SIGNIFICANT WEATHER WAS OBSERVED.


RELATIVE HUMIDITY (PERCENT)
 HIGHEST    76           600 AM
 LOWEST     19           500 PM
 AVERAGE    48

..........................................................


THE LOUISVILLE KY CLIMATE NORMALS FOR TODAY
                         NORMAL    RECORD    YEAR
 MAXIMUM TEMPERATURE (F)   64        85      1963
 MINIMUM TEMPERATURE (F)   43        22      1923


SUNRISE AND SUNSET
APRIL  1 2014.........SUNRISE   728 AM EDT   SUNSET   806 PM EDT
APRIL  2 2014.........SUNRISE   727 AM EDT   SUNSET   807 PM EDT


-  INDICATES NEGATIVE NUMBERS.
R  INDICATES RECORD WAS SET OR TIED.
MM INDICATES DATA IS MISSING.
T  INDICATES TRACE AMOUNT.




$$
