650
CDUS43 KLMK 170628
CLISDF


CLIMATE REPORT
NATIONAL WEATHER SERVICE LOUISVILLE KY
227 AM EDT MON APR 17 2017


...................................

...THE LOUISVILLE KY CLIMATE SUMMARY FOR APRIL 16 2017...

CLIMATE NORMAL PERIOD 1981 TO 2010
CLIMATE RECORD PERIOD 1871 TO 2017


WEATHER ITEM   OBSERVED TIME   RECORD YEAR NORMAL DEPARTURE LAST
                VALUE   (LST)  VALUE       VALUE  FROM      YEAR
                                                  NORMAL
..................................................................
TEMPERATURE (F)
 YESTERDAY
  MAXIMUM         81   1254 PM  88    1896  69     12       79
  MINIMUM         62    729 PM  27    1875  48     14       56
  AVERAGE         72                        58     14       68

PRECIPITATION (IN)
  YESTERDAY        1.39          1.91 1910   0.13   1.26     0.00
  MONTH TO DATE    2.31                      2.00   0.31     0.96
  SINCE MAR 1      5.99                      6.17  -0.18     6.46
  SINCE JAN 1     12.26                     12.59  -0.33    12.28

SNOWFALL (IN)
  YESTERDAY        0.0           0.4  1905   0.0    0.0      0.0
  MONTH TO DATE    0.0                       0.1   -0.1      0.0
  SINCE MAR 1      T                         1.5   -1.5      0.5
  SINCE JUL 1      2.7                      12.5   -9.8     14.9
  SNOW DEPTH       0

DEGREE DAYS
 HEATING
  YESTERDAY        0                         8     -8        0
  MONTH TO DATE   66                       161    -95      197
  SINCE MAR 1    524                       699   -175      533
  SINCE JUL 1   2989                      3940   -951     3155

 COOLING
  YESTERDAY        7                         1      6        3
  MONTH TO DATE   44                        16     28        4
  SINCE MAR 1     55                        22     33       11
  SINCE JAN 1     60                        22     38       11
..................................................................


WIND (MPH)
  HIGHEST WIND SPEED    32   HIGHEST WIND DIRECTION    NW (320)
  HIGHEST GUST SPEED    47   HIGHEST GUST DIRECTION    NW (320)
  AVERAGE WIND SPEED    10.0


SKY COVER
  POSSIBLE SUNSHINE  MM
  AVERAGE SKY COVER 0.7


WEATHER CONDITIONS
 THE FOLLOWING WEATHER WAS RECORDED YESTERDAY.
  THUNDERSTORM
  HEAVY RAIN
  LIGHT RAIN
  FOG
  HAZE


RELATIVE HUMIDITY (PERCENT)
 HIGHEST   100          1000 PM
 LOWEST     43          1200 AM
 AVERAGE    72

..........................................................


THE LOUISVILLE KY CLIMATE NORMALS FOR TODAY
                         NORMAL    RECORD    YEAR
 MAXIMUM TEMPERATURE (F)   69        90      1896
 MINIMUM TEMPERATURE (F)   48        21      1875


SUNRISE AND SUNSET
APRIL 17 2017.........SUNRISE   704 AM EDT   SUNSET   821 PM EDT
APRIL 18 2017.........SUNRISE   703 AM EDT   SUNSET   822 PM EDT


-  INDICATES NEGATIVE NUMBERS.
R  INDICATES RECORD WAS SET OR TIED.
MM INDICATES DATA IS MISSING.
T  INDICATES TRACE AMOUNT.




$$
