000
CDUS43 KLMK 150627
CLISDF


CLIMATE REPORT
NATIONAL WEATHER SERVICE LOUISVILLE KY
126 AM EST THU JAN 15 2015


...................................

...THE LOUISVILLE KY CLIMATE SUMMARY FOR JANUARY 14 2015...

CLIMATE NORMAL PERIOD 1981 TO 2010
CLIMATE RECORD PERIOD 1871 TO 2015


WEATHER ITEM   OBSERVED TIME   RECORD YEAR NORMAL DEPARTURE LAST
                VALUE   (LST)  VALUE       VALUE  FROM      YEAR
                                                  NORMAL
..................................................................
TEMPERATURE (F)
 YESTERDAY
  MAXIMUM         34    442 PM  69    1932  43     -9       54
  MINIMUM         26    904 AM  -1    1964  27     -1       31
  AVERAGE         30                        35     -5       43

PRECIPITATION (IN)
  YESTERDAY        0.00          2.71 1937   0.10  -0.10     0.01
  MONTH TO DATE    0.56                      1.48  -0.92     2.06
  SINCE DEC 1      4.13                      5.31  -1.18     7.49
  SINCE JAN 1      0.56                      1.48  -0.92     2.06

SNOWFALL (IN)
  YESTERDAY        0.0          10.4  1918   0.1   -0.1      0.0
  MONTH TO DATE    T                         1.5   -1.5      0.5
  SINCE DEC 1      T                         4.1   -4.1      5.8
  SINCE JUL 1      3.7                       4.3   -0.6      6.3
  SNOW DEPTH       0

DEGREE DAYS
 HEATING
  YESTERDAY       35                        30      5       22
  MONTH TO DATE  505                       420     85      453
  SINCE DEC 1   1241                      1261    -20     1264
  SINCE JUL 1   2127                      1996    131     2094

 COOLING
  YESTERDAY        0                         0      0        0
  MONTH TO DATE    0                         0      0        0
  SINCE DEC 1      0                         1     -1        0
  SINCE JAN 1      0                         0      0        0
..................................................................


WIND (MPH)
  HIGHEST WIND SPEED    12   HIGHEST WIND DIRECTION     W (280)
  HIGHEST GUST SPEED    13   HIGHEST GUST DIRECTION     W (280)
  AVERAGE WIND SPEED     4.6


SKY COVER
  POSSIBLE SUNSHINE  MM
  AVERAGE SKY COVER 0.9


WEATHER CONDITIONS
 THE FOLLOWING WEATHER WAS RECORDED YESTERDAY.
  NO SIGNIFICANT WEATHER WAS OBSERVED.


RELATIVE HUMIDITY (PERCENT)
 HIGHEST    68           400 AM
 LOWEST     47           400 PM
 AVERAGE    58

..........................................................


THE LOUISVILLE KY CLIMATE NORMALS FOR TODAY
                         NORMAL    RECORD    YEAR
 MAXIMUM TEMPERATURE (F)   43        68      1950
                                             1932
 MINIMUM TEMPERATURE (F)   27       -11      1893


SUNRISE AND SUNSET
JANUARY 15 2015.......SUNRISE   758 AM EST   SUNSET   547 PM EST
JANUARY 16 2015.......SUNRISE   758 AM EST   SUNSET   548 PM EST


-  INDICATES NEGATIVE NUMBERS.
R  INDICATES RECORD WAS SET OR TIED.
MM INDICATES DATA IS MISSING.
T  INDICATES TRACE AMOUNT.




$$
