000
CDUS43 KLMK 060627
CLISDF


CLIMATE REPORT
NATIONAL WEATHER SERVICE LOUISVILLE KY
127 AM EST MON MAR 6 2017


...................................

...THE LOUISVILLE KY CLIMATE SUMMARY FOR MARCH 5 2017...

CLIMATE NORMAL PERIOD 1981 TO 2010
CLIMATE RECORD PERIOD 1871 TO 2017


WEATHER ITEM   OBSERVED TIME   RECORD YEAR NORMAL DEPARTURE LAST
                VALUE   (LST)  VALUE       VALUE  FROM      YEAR
                                                  NORMAL
..................................................................
TEMPERATURE (F)
 YESTERDAY
  MAXIMUM         71    305 PM  77    1983  54     17       47
  MINIMUM         34    731 AM   2    1978  35     -1       33
                                      1960
  AVERAGE         53                        44      9       40

PRECIPITATION (IN)
  YESTERDAY        T             4.93 2015   0.13  -0.13     0.03
  MONTH TO DATE    1.83                      0.60   1.23     0.47
  SINCE MAR 1      1.83                      0.60   1.23     0.47
  SINCE JAN 1      8.10                      7.02   1.08     6.29

SNOWFALL (IN)
  YESTERDAY        0.0           8.2  2015   0.0    0.0      0.0
  MONTH TO DATE    0.0                       0.3   -0.3      0.5
  SINCE MAR 1      0.0                       0.3   -0.3      0.5
  SINCE JUL 1      2.7                      11.3   -8.6     14.9
  SNOW DEPTH       0

DEGREE DAYS
 HEATING
  YESTERDAY       12                        21     -9       25
  MONTH TO DATE   91                       108    -17      130
  SINCE MAR 1     91                       108    -17      130
  SINCE JUL 1   2556                      3349   -793     2752

 COOLING
  YESTERDAY        0                         0      0        0
  MONTH TO DATE    0                         0      0        0
  SINCE MAR 1      0                         0      0        0
  SINCE JAN 1      5                         0      5        0
..................................................................


WIND (MPH)
  HIGHEST WIND SPEED    29   HIGHEST WIND DIRECTION    SW (210)
  HIGHEST GUST SPEED    43   HIGHEST GUST DIRECTION    SW (210)
  AVERAGE WIND SPEED     8.2


SKY COVER
  POSSIBLE SUNSHINE  MM
  AVERAGE SKY COVER 0.4


WEATHER CONDITIONS
 THE FOLLOWING WEATHER WAS RECORDED YESTERDAY.
  LIGHT RAIN


RELATIVE HUMIDITY (PERCENT)
 HIGHEST    61           700 AM
 LOWEST     18           200 PM
 AVERAGE    40

..........................................................


THE LOUISVILLE KY CLIMATE NORMALS FOR TODAY
                         NORMAL    RECORD    YEAR
 MAXIMUM TEMPERATURE (F)   54        77      1956
                                             1910
 MINIMUM TEMPERATURE (F)   35        -1      1960


SUNRISE AND SUNSET
MARCH  6 2017.........SUNRISE   707 AM EST   SUNSET   642 PM EST
MARCH  7 2017.........SUNRISE   706 AM EST   SUNSET   643 PM EST


-  INDICATES NEGATIVE NUMBERS.
R  INDICATES RECORD WAS SET OR TIED.
MM INDICATES DATA IS MISSING.
T  INDICATES TRACE AMOUNT.




$$
