417
CDUS43 KLMK 040629
CLISDF


CLIMATE REPORT
NATIONAL WEATHER SERVICE LOUISVILLE KY
129 AM EST MON DEC 4 2017


...................................

...THE LOUISVILLE KY CLIMATE SUMMARY FOR DECEMBER 3 2017...

CLIMATE NORMAL PERIOD 1981 TO 2010
CLIMATE RECORD PERIOD 1871 TO 2017


WEATHER ITEM   OBSERVED TIME   RECORD YEAR NORMAL DEPARTURE LAST
                VALUE   (LST)  VALUE       VALUE  FROM      YEAR
                                                  NORMAL
..................................................................
TEMPERATURE (F)
 YESTERDAY
  MAXIMUM         62    309 PM  76    1982  50     12       45
  MINIMUM         33    708 AM   2    1929  33      0       41
  AVERAGE         48                        42      6       43

PRECIPITATION (IN)
  YESTERDAY        0.00          3.87 1873   0.13  -0.13     0.00
  MONTH TO DATE    0.00                      0.37  -0.37     0.00
  SINCE DEC 1      0.00                      0.37  -0.37     0.00
  SINCE JAN 1     41.83                     41.45   0.38    38.25

SNOWFALL (IN)
  YESTERDAY        0.0           1.3  2000   0.0    0.0      0.0
  MONTH TO DATE    0.0                       0.1   -0.1      0.0
  SINCE DEC 1      0.0                       0.1   -0.1      0.0
  SINCE JUL 1      T                         0.3   -0.3      0.0
  SNOW DEPTH       0

DEGREE DAYS
 HEATING
  YESTERDAY       17                        24     -7       22
  MONTH TO DATE   54                        70    -16       68
  SINCE DEC 1     54                        70    -16       68
  SINCE JUL 1    720                       805    -85      535

 COOLING
  YESTERDAY        0                         0      0        0
  MONTH TO DATE    0                         0      0        0
  SINCE DEC 1      0                         0      0        0
  SINCE JAN 1   1789                      1613    176     2082
..................................................................


WIND (MPH)
  HIGHEST WIND SPEED     6   HIGHEST WIND DIRECTION    SE (120)
  HIGHEST GUST SPEED     9   HIGHEST GUST DIRECTION     E (110)
  AVERAGE WIND SPEED     2.3


SKY COVER
  POSSIBLE SUNSHINE  MM
  AVERAGE SKY COVER 0.4


WEATHER CONDITIONS
 THE FOLLOWING WEATHER WAS RECORDED YESTERDAY.
  HAZE


RELATIVE HUMIDITY (PERCENT)
 HIGHEST    89           700 AM
 LOWEST     34           200 PM
 AVERAGE    62

..........................................................


THE LOUISVILLE KY CLIMATE NORMALS FOR TODAY
                         NORMAL    RECORD    YEAR
 MAXIMUM TEMPERATURE (F)   49        72      1998
 MINIMUM TEMPERATURE (F)   33        13      1893


SUNRISE AND SUNSET
DECEMBER  4 2017......SUNRISE   744 AM EST   SUNSET   523 PM EST
DECEMBER  5 2017......SUNRISE   745 AM EST   SUNSET   523 PM EST


-  INDICATES NEGATIVE NUMBERS.
R  INDICATES RECORD WAS SET OR TIED.
MM INDICATES DATA IS MISSING.
T  INDICATES TRACE AMOUNT.




$$
