360
CDUS43 KLMK 232037
CLISDF


CLIMATE REPORT
NATIONAL WEATHER SERVICE LOUISVILLE KY
437 PM EDT FRI JUN 23 2017


...................................

...THE LOUISVILLE KY CLIMATE SUMMARY FOR JUNE 23 2017...
VALID TODAY AS OF 0400 PM LOCAL TIME.

CLIMATE NORMAL PERIOD 1981 TO 2010
CLIMATE RECORD PERIOD 1871 TO 2017


WEATHER ITEM   OBSERVED TIME   RECORD YEAR NORMAL DEPARTURE LAST
                VALUE   (LST)  VALUE       VALUE  FROM      YEAR
                                                  NORMAL
..................................................................
TEMPERATURE (F)
 TODAY
  MAXIMUM         86   1248 PM  98    1988  87     -1       94
                                      1914
                                      1908
  MINIMUM         75    226 AM  47    1972  68      7       74
  AVERAGE         81                        78      3       84

PRECIPITATION (IN)
  TODAY            0.29          5.12 1960   0.12   0.17     1.77
  MONTH TO DATE    1.83                      3.00  -1.17     4.20
  SINCE JUN 1      1.83                      3.00  -1.17     4.20
  SINCE JAN 1     20.99                     22.87  -1.88    23.26

SNOWFALL (IN)
  TODAY            0.0          MM      MM   0.0    0.0      0.0
  MONTH TO DATE    0.0                       0.0    0.0      0.0
  SINCE JUN 1      0.0                       0.0    0.0      0.0
  SINCE JUL 1      2.7                      12.5   -9.8     14.9
  SNOW DEPTH       0

DEGREE DAYS
 HEATING
  TODAY            0                         0      0        0
  MONTH TO DATE    0                         1     -1        0
  SINCE JUN 1      0                         1     -1        0
  SINCE JUL 1   3087                      4093  -1006     3252

 COOLING
  TODAY           16                        13      3       19
  MONTH TO DATE  274                       231     43      308
  SINCE JUN 1    274                       231     43      308
  SINCE JAN 1    566                       405    161      501
..................................................................


WIND (MPH)
  HIGHEST WIND SPEED    20   HIGHEST WIND DIRECTION     S (190)
  HIGHEST GUST SPEED    27   HIGHEST GUST DIRECTION     S (200)
  AVERAGE WIND SPEED    11.2


SKY COVER
  POSSIBLE SUNSHINE  MM
  AVERAGE SKY COVER 1.0


WEATHER CONDITIONS
 THE FOLLOWING WEATHER WAS RECORDED TODAY.
  RAIN
  LIGHT RAIN
  FOG


RELATIVE HUMIDITY (PERCENT)
 HIGHEST    94           100 AM
 LOWEST     65          1200 PM
 AVERAGE    80

..........................................................


THE LOUISVILLE KY CLIMATE NORMALS FOR TOMORROW
                         NORMAL    RECORD    YEAR
 MAXIMUM TEMPERATURE (F)   87       100      1914
 MINIMUM TEMPERATURE (F)   68        51      1961


SUNRISE AND SUNSET
JUNE 23 2017..........SUNRISE   621 AM EDT   SUNSET   910 PM EDT
JUNE 24 2017..........SUNRISE   621 AM EDT   SUNSET   910 PM EDT


-  INDICATES NEGATIVE NUMBERS.
R  INDICATES RECORD WAS SET OR TIED.
MM INDICATES DATA IS MISSING.
T  INDICATES TRACE AMOUNT.




$$
