000
CDUS43 KLMK 290628
CLISDF


CLIMATE REPORT
NATIONAL WEATHER SERVICE LOUISVILLE KY
228 AM EDT MON SEP 29 2014


...................................

...THE LOUISVILLE KY CLIMATE SUMMARY FOR SEPTEMBER 28 2014...

CLIMATE NORMAL PERIOD 1981 TO 2010
CLIMATE RECORD PERIOD 1871 TO 2014


WEATHER ITEM   OBSERVED TIME   RECORD YEAR NORMAL DEPARTURE LAST
                VALUE   (LST)  VALUE       VALUE  FROM      YEAR
                                                  NORMAL
..................................................................
TEMPERATURE (F)
 YESTERDAY
  MAXIMUM         85    356 PM  93    1959  77      8       83
                                      1939
  MINIMUM         65    734 AM  36    1942  55     10       57
  AVERAGE         75                        66      9       70

PRECIPITATION (IN)
  YESTERDAY        T             1.69 1944   0.11  -0.11     0.00
  MONTH TO DATE    3.31                      2.83   0.48     2.66
  SINCE SEP 1      3.31                      2.83   0.48     2.66
  SINCE JAN 1     34.48                     34.05   0.43    34.47

SNOWFALL (IN)
  YESTERDAY        0.0          MM      MM   0.0    0.0      0.0
  MONTH TO DATE    0.0                       0.0    0.0      0.0
  SINCE SEP 1      0.0                       0.0    0.0      0.0
  SINCE JUL 1      0.0                       0.0    0.0      0.0
  SNOW DEPTH       0

DEGREE DAYS
 HEATING
  YESTERDAY        0                         3     -3        0
  MONTH TO DATE   13                        23    -10        5
  SINCE SEP 1     13                        23    -10        5
  SINCE JUL 1     13                        23    -10        5

 COOLING
  YESTERDAY       10                         4      6        5
  MONTH TO DATE  185                       204    -19      229
  SINCE SEP 1    185                       204    -19      229
  SINCE JAN 1   1577                      1561     16     1569
..................................................................


WIND (MPH)
  HIGHEST WIND SPEED    10   HIGHEST WIND DIRECTION    SW (230)
  HIGHEST GUST SPEED    13   HIGHEST GUST DIRECTION    SW (220)
  AVERAGE WIND SPEED     3.8


SKY COVER
  POSSIBLE SUNSHINE  MM
  AVERAGE SKY COVER 0.8


WEATHER CONDITIONS
 THE FOLLOWING WEATHER WAS RECORDED YESTERDAY.
  LIGHT RAIN


RELATIVE HUMIDITY (PERCENT)
 HIGHEST    87           700 AM
 LOWEST     37           300 PM
 AVERAGE    62

..........................................................


THE LOUISVILLE KY CLIMATE NORMALS FOR TODAY
                         NORMAL    RECORD    YEAR
 MAXIMUM TEMPERATURE (F)   76        99      1953
 MINIMUM TEMPERATURE (F)   55        38      1967


SUNRISE AND SUNSET
SEPTEMBER 29 2014.....SUNRISE   737 AM EDT   SUNSET   729 PM EDT
SEPTEMBER 30 2014.....SUNRISE   738 AM EDT   SUNSET   727 PM EDT


-  INDICATES NEGATIVE NUMBERS.
R  INDICATES RECORD WAS SET OR TIED.
MM INDICATES DATA IS MISSING.
T  INDICATES TRACE AMOUNT.




$$
