000
CDUS43 KLMK 310633
CLISDF


CLIMATE REPORT
NATIONAL WEATHER SERVICE LOUISVILLE KY
233 AM EDT THU JUL 31 2014


...................................

...THE LOUISVILLE KY CLIMATE SUMMARY FOR JULY 30 2014...

CLIMATE NORMAL PERIOD 1981 TO 2010
CLIMATE RECORD PERIOD 1871 TO 2014


WEATHER ITEM   OBSERVED TIME   RECORD YEAR NORMAL DEPARTURE LAST
                VALUE   (LST)  VALUE       VALUE  FROM      YEAR
                                                  NORMAL
..................................................................
TEMPERATURE (F)
 YESTERDAY
  MAXIMUM         83    422 PM 104    1999  89     -6       80
  MINIMUM         62    607 AM  55    1965  70     -8       66
  AVERAGE         73                        79     -6       73

PRECIPITATION (IN)
  YESTERDAY        0.00          2.54 1998   0.13  -0.13     0.12
  MONTH TO DATE    3.61                      4.09  -0.48     5.26
  SINCE JUN 1      5.26                      7.88  -2.62     9.56
  SINCE JAN 1     24.77                     27.75  -2.98    28.61

SNOWFALL (IN)
  YESTERDAY        0.0          MM      MM   0.0    0.0      0.0
  MONTH TO DATE    0.0                       0.0    0.0      0.0
  SINCE JUN 1      0.0                       0.0    0.0      0.0
  SINCE JUL 1      0.0                       0.0    0.0      0.0
  SNOW DEPTH       0

DEGREE DAYS
 HEATING
  YESTERDAY        0                         0      0        0
  MONTH TO DATE    0                         0      0        0
  SINCE JUN 1      0                         5     -5        0
  SINCE JUL 1      0                         0      0        0

 COOLING
  YESTERDAY        8                        14     -6        8
  MONTH TO DATE  331                       420    -89      366
  SINCE JUN 1    724                       744    -20      701
  SINCE JAN 1    958                       918     40      929
..................................................................


WIND (MPH)
  HIGHEST WIND SPEED    15   HIGHEST WIND DIRECTION     W (260)
  HIGHEST GUST SPEED    19   HIGHEST GUST DIRECTION     W (290)
  AVERAGE WIND SPEED     6.1


SKY COVER
  POSSIBLE SUNSHINE  MM
  AVERAGE SKY COVER 0.2


WEATHER CONDITIONS
 THE FOLLOWING WEATHER WAS RECORDED YESTERDAY.
  HAZE


RELATIVE HUMIDITY (PERCENT)
 HIGHEST    84           200 AM
 LOWEST     40           200 PM
 AVERAGE    62

..........................................................


THE LOUISVILLE KY CLIMATE NORMALS FOR TODAY
                         NORMAL    RECORD    YEAR
 MAXIMUM TEMPERATURE (F)   89       101      1913
 MINIMUM TEMPERATURE (F)   70        53      1971


SUNRISE AND SUNSET
JULY 31 2014..........SUNRISE   645 AM EDT   SUNSET   853 PM EDT
AUGUST  1 2014........SUNRISE   646 AM EDT   SUNSET   852 PM EDT


-  INDICATES NEGATIVE NUMBERS.
R  INDICATES RECORD WAS SET OR TIED.
MM INDICATES DATA IS MISSING.
T  INDICATES TRACE AMOUNT.




$$
