000
CDUS43 KLMK 140631
CLISDF


CLIMATE REPORT
NATIONAL WEATHER SERVICE LOUISVILLE KY
230 AM EDT MON APR 14 2014


...................................

...THE LOUISVILLE KY CLIMATE SUMMARY FOR APRIL 13 2014...

CLIMATE NORMAL PERIOD 1981 TO 2010
CLIMATE RECORD PERIOD 1871 TO 2014


WEATHER ITEM   OBSERVED TIME   RECORD YEAR NORMAL DEPARTURE LAST
                VALUE   (LST)  VALUE       VALUE  FROM      YEAR
                                                  NORMAL
..................................................................
TEMPERATURE (F)
 YESTERDAY
  MAXIMUM         84    258 PM  87    1887  68     16       63
  MINIMUM         69    703 AM  26    1920  47     22       37
  AVERAGE         77                        57     20       50

PRECIPITATION (IN)
  YESTERDAY        0.00          2.04 1923   0.13  -0.13     0.00
  MONTH TO DATE    3.75                      1.62   2.13     1.19
  SINCE MAR 1      6.05                      5.79   0.26     5.44
  SINCE JAN 1     12.21                     12.21   0.00    12.46

SNOWFALL (IN)
  YESTERDAY        0.0           0.1  2004   0.0    0.0      0.0
                                      1907
  MONTH TO DATE    0.0                       0.1   -0.1      0.0
  SINCE MAR 1      4.1                       1.5    2.6      1.7
  SINCE JUL 1     25.9                      12.5   13.4      9.8
  SNOW DEPTH       0

DEGREE DAYS
 HEATING
  YESTERDAY        0                         9     -9       15
  MONTH TO DATE   89                       136    -47      134
  SINCE MAR 1    737                       674     63      869
  SINCE JUL 1   4391                      3915    476     3951

 COOLING
  YESTERDAY       12                         1     11        0
  MONTH TO DATE   21                        13      8       24
  SINCE MAR 1     21                        19      2       24
  SINCE JAN 1     21                        19      2       24
..................................................................


WIND (MPH)
  HIGHEST WIND SPEED    28   HIGHEST WIND DIRECTION     S (190)
  HIGHEST GUST SPEED    36   HIGHEST GUST DIRECTION     S (190)
  AVERAGE WIND SPEED    17.1


SKY COVER
  POSSIBLE SUNSHINE  MM
  AVERAGE SKY COVER 0.9


WEATHER CONDITIONS
 THE FOLLOWING WEATHER WAS RECORDED YESTERDAY.
  NO SIGNIFICANT WEATHER WAS OBSERVED.


RELATIVE HUMIDITY (PERCENT)
 HIGHEST    61           800 AM
 LOWEST     33           800 PM
 AVERAGE    47

..........................................................


THE LOUISVILLE KY CLIMATE NORMALS FOR TODAY
                         NORMAL    RECORD    YEAR
 MAXIMUM TEMPERATURE (F)   69        89      1883
 MINIMUM TEMPERATURE (F)   47        28      1943


SUNRISE AND SUNSET
APRIL 14 2014.........SUNRISE   709 AM EDT   SUNSET   818 PM EDT
APRIL 15 2014.........SUNRISE   707 AM EDT   SUNSET   819 PM EDT


-  INDICATES NEGATIVE NUMBERS.
R  INDICATES RECORD WAS SET OR TIED.
MM INDICATES DATA IS MISSING.
T  INDICATES TRACE AMOUNT.

$$

SCHOETTMER
