000
CDUS43 KLMK 150627
CLISDF


CLIMATE REPORT
NATIONAL WEATHER SERVICE LOUISVILLE KY
227 AM EDT MON SEP 15 2014


...................................

...THE LOUISVILLE KY CLIMATE SUMMARY FOR SEPTEMBER 14 2014...

CLIMATE NORMAL PERIOD 1981 TO 2010
CLIMATE RECORD PERIOD 1871 TO 2014


WEATHER ITEM   OBSERVED TIME   RECORD YEAR NORMAL DEPARTURE LAST
                VALUE   (LST)  VALUE       VALUE  FROM      YEAR
                                                  NORMAL
..................................................................
TEMPERATURE (F)
 YESTERDAY
  MAXIMUM         75    524 PM 100    1897  82     -7       75
  MINIMUM         50    644 AM  40    1902  61    -11       50
  AVERAGE         63                        72     -9       63

PRECIPITATION (IN)
  YESTERDAY        0.00          1.06 1938   0.11  -0.11     0.00
  MONTH TO DATE    3.31                      1.38   1.93     0.80
  SINCE SEP 1      3.31                      1.38   1.93     0.80
  SINCE JAN 1     34.48                     32.60   1.88    32.61

SNOWFALL (IN)
  YESTERDAY        0.0          MM      MM   0.0    0.0      0.0
  MONTH TO DATE    0.0                       0.0    0.0      0.0
  SINCE SEP 1      0.0                       0.0    0.0      0.0
  SINCE JUL 1      0.0                       0.0    0.0      0.0
  SNOW DEPTH       0

DEGREE DAYS
 HEATING
  YESTERDAY        2                         0      2        2
  MONTH TO DATE    5                         0      5        2
  SINCE SEP 1      5                         0      5        2
  SINCE JUL 1      5                         0      5        2

 COOLING
  YESTERDAY        0                         7     -7        0
  MONTH TO DATE  138                       131      7      162
  SINCE SEP 1    138                       131      7      162
  SINCE JAN 1   1530                      1488     42     1502
..................................................................


WIND (MPH)
  HIGHEST WIND SPEED     8   HIGHEST WIND DIRECTION    SW (240)
  HIGHEST GUST SPEED    12   HIGHEST GUST DIRECTION     E (90)
  AVERAGE WIND SPEED     3.3


SKY COVER
  POSSIBLE SUNSHINE  MM
  AVERAGE SKY COVER 0.4


WEATHER CONDITIONS
 THE FOLLOWING WEATHER WAS RECORDED YESTERDAY.
  NO SIGNIFICANT WEATHER WAS OBSERVED.


RELATIVE HUMIDITY (PERCENT)
 HIGHEST    89           700 AM
 LOWEST     38           500 PM
 AVERAGE    64

..........................................................


THE LOUISVILLE KY CLIMATE NORMALS FOR TODAY
                         NORMAL    RECORD    YEAR
 MAXIMUM TEMPERATURE (F)   82        99      1897
 MINIMUM TEMPERATURE (F)   61        44      1902


SUNRISE AND SUNSET
SEPTEMBER 15 2014.....SUNRISE   725 AM EDT   SUNSET   751 PM EDT
SEPTEMBER 16 2014.....SUNRISE   725 AM EDT   SUNSET   749 PM EDT


-  INDICATES NEGATIVE NUMBERS.
R  INDICATES RECORD WAS SET OR TIED.
MM INDICATES DATA IS MISSING.
T  INDICATES TRACE AMOUNT.




$$
