000
CDUS43 KLMK 182130
CLISDF


CLIMATE REPORT
NATIONAL WEATHER SERVICE LOUISVILLE KY
429 PM EST THU DEC 18 2014


...................................

...THE LOUISVILLE KY CLIMATE SUMMARY FOR DECEMBER 18 2014...
VALID TODAY AS OF 0400 PM LOCAL TIME.

CLIMATE NORMAL PERIOD 1981 TO 2010
CLIMATE RECORD PERIOD 1871 TO 2014


WEATHER ITEM   OBSERVED TIME   RECORD YEAR NORMAL DEPARTURE LAST
                VALUE   (LST)  VALUE       VALUE  FROM      YEAR
                                                  NORMAL
..................................................................
TEMPERATURE (F)
 TODAY
  MAXIMUM         34    359 PM  67    1877  45    -11       45
  MINIMUM         29    324 AM   1    1884  29      0       25
  AVERAGE         32                        37     -5       35

PRECIPITATION (IN)
  TODAY            0.00          2.15 1990   0.12  -0.12     0.00
  MONTH TO DATE    2.83                      2.23   0.60     2.12
  SINCE DEC 1      2.83                      2.23   0.60     2.12
  SINCE JAN 1     42.53                     43.31  -0.78    50.29

SNOWFALL (IN)
  TODAY            0.0           1.7  1945   0.1   -0.1      0.0
  MONTH TO DATE    0.0                       1.2   -1.2      5.3
  SINCE DEC 1      0.0                       1.2   -1.2      5.3
  SINCE JUL 1      3.7                       1.4    2.3      5.8
  SNOW DEPTH       0

DEGREE DAYS
 HEATING
  TODAY           33                        28      5       30
  MONTH TO DATE  412                       463    -51      498
  SINCE DEC 1    412                       463    -51      498
  SINCE JUL 1   1298                      1198    100     1328

 COOLING
  TODAY            0                         0      0        0
  MONTH TO DATE    0                         0      0        0
  SINCE DEC 1      0                         0      0        0
  SINCE JAN 1   1626                      1613     13     1628
..................................................................


WIND (MPH)
  HIGHEST WIND SPEED    10   HIGHEST WIND DIRECTION    NE (30)
  HIGHEST GUST SPEED    15   HIGHEST GUST DIRECTION     N (360)
  AVERAGE WIND SPEED     4.7


SKY COVER
  POSSIBLE SUNSHINE  MM
  AVERAGE SKY COVER 1.0


WEATHER CONDITIONS
 THE FOLLOWING WEATHER WAS RECORDED TODAY.
  HAZE


RELATIVE HUMIDITY (PERCENT)
 HIGHEST    75           300 AM
 LOWEST     64           200 PM
 AVERAGE    70

..........................................................


THE LOUISVILLE KY CLIMATE NORMALS FOR TOMORROW
                         NORMAL    RECORD    YEAR
 MAXIMUM TEMPERATURE (F)   45        69      2008
 MINIMUM TEMPERATURE (F)   29        -5      1884


SUNRISE AND SUNSET
DECEMBER 18 2014......SUNRISE   754 AM EST   SUNSET   525 PM EST
DECEMBER 19 2014......SUNRISE   755 AM EST   SUNSET   525 PM EST


-  INDICATES NEGATIVE NUMBERS.
R  INDICATES RECORD WAS SET OR TIED.
MM INDICATES DATA IS MISSING.
T  INDICATES TRACE AMOUNT.




$$
