370
CDUS43 KLMK 260631
CLISDF


CLIMATE REPORT
NATIONAL WEATHER SERVICE LOUISVILLE KY
229 AM EDT FRI MAY 26 2017


...................................

...THE LOUISVILLE KY CLIMATE SUMMARY FOR MAY 25 2017...

CLIMATE NORMAL PERIOD 1981 TO 2010
CLIMATE RECORD PERIOD 1871 TO 2017


WEATHER ITEM   OBSERVED TIME   RECORD YEAR NORMAL DEPARTURE LAST
                VALUE   (LST)  VALUE       VALUE  FROM      YEAR
                                                  NORMAL
..................................................................
TEMPERATURE (F)
 YESTERDAY
  MAXIMUM         70    618 PM  94    1911  79     -9       84
  MINIMUM         58    534 AM  35    1925  60     -2       68
  AVERAGE         64                        70     -6       76

PRECIPITATION (IN)
  YESTERDAY        0.10          1.52 1927   0.16  -0.06      T
  MONTH TO DATE    4.74                      4.30   0.44     4.08
  SINCE MAR 1     12.89                     12.48   0.41    12.76
  SINCE JAN 1     19.16                     18.90   0.26    18.58

SNOWFALL (IN)
  YESTERDAY        0.0          MM      MM   0.0    0.0      0.0
  MONTH TO DATE    0.0                       0.0    0.0      0.0
  SINCE MAR 1      T                         1.5   -1.5      0.5
  SINCE JUL 1      2.7                      12.5   -9.8     14.9
  SNOW DEPTH       0

DEGREE DAYS
 HEATING
  YESTERDAY        1                         1      0        0
  MONTH TO DATE   74                        62     12       91
  SINCE MAR 1    622                       846   -224      630
  SINCE JUL 1   3087                      4087  -1000     3252

 COOLING
  YESTERDAY        0                         6     -6       11
  MONTH TO DATE  117                        91     26       58
  SINCE MAR 1    235                       134    101      121
  SINCE JAN 1    240                       134    106      121
..................................................................


WIND (MPH)
  HIGHEST WIND SPEED    24   HIGHEST WIND DIRECTION    NW (300)
  HIGHEST GUST SPEED    30   HIGHEST GUST DIRECTION    NW (300)
  AVERAGE WIND SPEED    11.4


SKY COVER
  POSSIBLE SUNSHINE  MM
  AVERAGE SKY COVER 0.8


WEATHER CONDITIONS
 THE FOLLOWING WEATHER WAS RECORDED YESTERDAY.
  RAIN
  LIGHT RAIN
  FOG
  HAZE


RELATIVE HUMIDITY (PERCENT)
 HIGHEST    93           300 AM
 LOWEST     61           500 PM
 AVERAGE    77

..........................................................


THE LOUISVILLE KY CLIMATE NORMALS FOR TODAY
                         NORMAL    RECORD    YEAR
 MAXIMUM TEMPERATURE (F)   80        96      1911
 MINIMUM TEMPERATURE (F)   60        40      1979
                                             1925


SUNRISE AND SUNSET
MAY 26 2017...........SUNRISE   624 AM EDT   SUNSET   856 PM EDT
MAY 27 2017...........SUNRISE   624 AM EDT   SUNSET   857 PM EDT


-  INDICATES NEGATIVE NUMBERS.
R  INDICATES RECORD WAS SET OR TIED.
MM INDICATES DATA IS MISSING.
T  INDICATES TRACE AMOUNT.

$$

SCHOETTMER
