000
CDUS43 KLMK 242037
CLISDF


CLIMATE REPORT
NATIONAL WEATHER SERVICE LOUISVILLE KY
436 PM EDT SAT SEP 24 2016


...................................

...THE LOUISVILLE KY CLIMATE SUMMARY FOR SEPTEMBER 24 2016...
VALID TODAY AS OF 0400 PM LOCAL TIME.

CLIMATE NORMAL PERIOD 1981 TO 2010
CLIMATE RECORD PERIOD 1871 TO 2016


WEATHER ITEM   OBSERVED TIME   RECORD YEAR NORMAL DEPARTURE LAST
                VALUE   (LST)  VALUE       VALUE  FROM      YEAR
                                                  NORMAL
..................................................................
TEMPERATURE (F)
 TODAY
  MAXIMUM         91    256 PM  96    2010  78     13       87
  MINIMUM         69    659 AM  39    1989  57     12       60
                                      1983
                                      1949
  AVERAGE         80                        68     12       74

PRECIPITATION (IN)
  TODAY            0.00          1.75 1926   0.10  -0.10     0.00
  MONTH TO DATE    0.68                      2.39  -1.71     0.80
  SINCE SEP 1      0.68                      2.39  -1.71     0.80
  SINCE JAN 1     34.35                     33.61   0.74    43.86

SNOWFALL (IN)
  TODAY            0.0          MM      MM   0.0    0.0      0.0
  MONTH TO DATE    0.0                       0.0    0.0      0.0
  SINCE SEP 1      0.0                       0.0    0.0      0.0
  SINCE JUL 1      0.0                       0.0    0.0      0.0
  SNOW DEPTH       0

DEGREE DAYS
 HEATING
  TODAY            0                         2     -2        0
  MONTH TO DATE    0                        13    -13        4
  SINCE SEP 1      0                        13    -13        4
  SINCE JUL 1      0                        13    -13        4

 COOLING
  TODAY           15                         4     11        9
  MONTH TO DATE  315                       188    127      239
  SINCE SEP 1    315                       188    127      239
  SINCE JAN 1   1923                      1545    378     1693
..................................................................


WIND (MPH)
  HIGHEST WIND SPEED     8   HIGHEST WIND DIRECTION     N (350)
  HIGHEST GUST SPEED    10   HIGHEST GUST DIRECTION    NE (30)
  AVERAGE WIND SPEED     0.9


SKY COVER
  POSSIBLE SUNSHINE  MM
  AVERAGE SKY COVER 0.1


WEATHER CONDITIONS
 THE FOLLOWING WEATHER WAS RECORDED TODAY.
  FOG
  HAZE


RELATIVE HUMIDITY (PERCENT)
 HIGHEST    84           200 AM
 LOWEST     36           300 PM
 AVERAGE    60

..........................................................


THE LOUISVILLE KY CLIMATE NORMALS FOR TOMORROW
                         NORMAL    RECORD    YEAR
 MAXIMUM TEMPERATURE (F)   78        95      2007
 MINIMUM TEMPERATURE (F)   57        36      1950


SUNRISE AND SUNSET
SEPTEMBER 24 2016.....SUNRISE   733 AM EDT   SUNSET   736 PM EDT
SEPTEMBER 25 2016.....SUNRISE   734 AM EDT   SUNSET   734 PM EDT


-  INDICATES NEGATIVE NUMBERS.
R  INDICATES RECORD WAS SET OR TIED.
MM INDICATES DATA IS MISSING.
T  INDICATES TRACE AMOUNT.




$$
