000
CDUS43 KLMK 260627
CLISDF


CLIMATE REPORT
NATIONAL WEATHER SERVICE LOUISVILLE KY
126 AM EST WED NOV 26 2014


...................................

...THE LOUISVILLE KY CLIMATE SUMMARY FOR NOVEMBER 25 2014...

CLIMATE NORMAL PERIOD 1981 TO 2010
CLIMATE RECORD PERIOD 1871 TO 2014


WEATHER ITEM   OBSERVED TIME   RECORD YEAR NORMAL DEPARTURE LAST
                VALUE   (LST)  VALUE       VALUE  FROM      YEAR
                                                  NORMAL
..................................................................
TEMPERATURE (F)
 YESTERDAY
  MAXIMUM         47    319 PM  75    1896  53     -6       42
  MINIMUM         33   1159 PM  -1    1950  36     -3       26
  AVERAGE         40                        45     -5       34

PRECIPITATION (IN)
  YESTERDAY        0.00          2.19 2010   0.12  -0.12     0.01
  MONTH TO DATE    1.68                      2.94  -1.26     3.65
  SINCE SEP 1      8.50                      9.21  -0.71    16.29
  SINCE JAN 1     39.67                     40.43  -0.76    48.10

SNOWFALL (IN)
  YESTERDAY        0.0           0.5  1891   0.0    0.0      0.1
  MONTH TO DATE    3.3                       0.1    3.2      0.4
  SINCE SEP 1      3.3                       0.2    3.1      0.4
  SINCE JUL 1      3.3                       0.2    3.1      0.4
  SNOW DEPTH       0

DEGREE DAYS
 HEATING
  YESTERDAY       25                        20      5       31
  MONTH TO DATE  575                       384    191      446
  SINCE SEP 1    776                       626    150      679
  SINCE JUL 1    776                       626    150      679

 COOLING
  YESTERDAY        0                         0      0        0
  MONTH TO DATE    0                         0      0        0
  SINCE SEP 1    233                       252    -19      288
  SINCE JAN 1   1625                      1609     16     1628
..................................................................


WIND (MPH)
  HIGHEST WIND SPEED    14   HIGHEST WIND DIRECTION     W (250)
  HIGHEST GUST SPEED    20   HIGHEST GUST DIRECTION     W (270)
  AVERAGE WIND SPEED     8.1


SKY COVER
  POSSIBLE SUNSHINE  MM
  AVERAGE SKY COVER 0.5


WEATHER CONDITIONS
 THE FOLLOWING WEATHER WAS RECORDED YESTERDAY.
  NO SIGNIFICANT WEATHER WAS OBSERVED.


RELATIVE HUMIDITY (PERCENT)
 HIGHEST    76           300 AM
 LOWEST     45           200 PM
 AVERAGE    61

..........................................................


THE LOUISVILLE KY CLIMATE NORMALS FOR TODAY
                         NORMAL    RECORD    YEAR
 MAXIMUM TEMPERATURE (F)   53        73      1896
 MINIMUM TEMPERATURE (F)   36        14      1930
                                             1898


SUNRISE AND SUNSET
NOVEMBER 26 2014......SUNRISE   736 AM EST   SUNSET   525 PM EST
NOVEMBER 27 2014......SUNRISE   737 AM EST   SUNSET   524 PM EST


-  INDICATES NEGATIVE NUMBERS.
R  INDICATES RECORD WAS SET OR TIED.
MM INDICATES DATA IS MISSING.
T  INDICATES TRACE AMOUNT.




$$
