032
CDUS43 KLMK 220627
CLISDF


CLIMATE REPORT
NATIONAL WEATHER SERVICE LOUISVILLE KY
227 AM EDT SAT JUL 22 2017


...................................

...THE LOUISVILLE KY CLIMATE SUMMARY FOR JULY 21 2017...

CLIMATE NORMAL PERIOD 1981 TO 2010
CLIMATE RECORD PERIOD 1871 TO 2017


WEATHER ITEM   OBSERVED TIME   RECORD YEAR NORMAL DEPARTURE LAST
                VALUE   (LST)  VALUE       VALUE  FROM      YEAR
                                                  NORMAL
..................................................................
TEMPERATURE (F)
 YESTERDAY
  MAXIMUM         98    417 PM 103    1901  89      9       93
  MINIMUM         80    603 AM  56    1970  70     10       75
  AVERAGE         89                        79     10       84

PRECIPITATION (IN)
  YESTERDAY        0.00          5.09 1973   0.14  -0.14     0.00
  MONTH TO DATE    1.59                      2.80  -1.21     3.12
  SINCE JUN 1      4.85                      6.59  -1.74     7.37
  SINCE JAN 1     24.01                     26.46  -2.45    26.43

SNOWFALL (IN)
  YESTERDAY        0.0          MM      MM   0.0    0.0      0.0
  MONTH TO DATE    0.0                       0.0    0.0      0.0
  SINCE JUN 1      0.0                       0.0    0.0      0.0
  SINCE JUL 1      0.0                       0.0    0.0      0.0
  SNOW DEPTH       0

DEGREE DAYS
 HEATING
  YESTERDAY        0                         0      0        0
  MONTH TO DATE    0                         0      0        0
  SINCE JUN 1      0                         5     -5        0
  SINCE JUL 1      0                         0      0        0

 COOLING
  YESTERDAY       24                        14     10       19
  MONTH TO DATE  337                       294     43      315
  SINCE JUN 1    671                       618     53      720
  SINCE JAN 1    963                       792    171      913
..................................................................


WIND (MPH)
  HIGHEST WIND SPEED    15   HIGHEST WIND DIRECTION    SW (220)
  HIGHEST GUST SPEED    20   HIGHEST GUST DIRECTION     S (190)
  AVERAGE WIND SPEED     7.0


SKY COVER
  POSSIBLE SUNSHINE  MM
  AVERAGE SKY COVER 0.7


WEATHER CONDITIONS
 THE FOLLOWING WEATHER WAS RECORDED YESTERDAY.
  HAZE


RELATIVE HUMIDITY (PERCENT)
 HIGHEST    79           300 AM
 LOWEST     48           300 PM
 AVERAGE    64

..........................................................


THE LOUISVILLE KY CLIMATE NORMALS FOR TODAY
                         NORMAL    RECORD    YEAR
 MAXIMUM TEMPERATURE (F)   89       105      1901
 MINIMUM TEMPERATURE (F)   70        53      1947


SUNRISE AND SUNSET
JULY 22 2017..........SUNRISE   637 AM EDT   SUNSET   901 PM EDT
JULY 23 2017..........SUNRISE   638 AM EDT   SUNSET   900 PM EDT


-  INDICATES NEGATIVE NUMBERS.
R  INDICATES RECORD WAS SET OR TIED.
MM INDICATES DATA IS MISSING.
T  INDICATES TRACE AMOUNT.




$$
