000
CDUS43 KLMK 232127
CLISDF

CLIMATE REPORT
NATIONAL WEATHER SERVICE LOUISVILLE KY
425 PM EST TUE DEC 23 2014


...................................

...THE LOUISVILLE KY CLIMATE SUMMARY FOR DECEMBER 23 2014...
VALID TODAY AS OF 0400 PM LOCAL TIME.

CLIMATE NORMAL PERIOD 1981 TO 2010
CLIMATE RECORD PERIOD 1871 TO 2014


WEATHER ITEM   OBSERVED TIME   RECORD YEAR NORMAL DEPARTURE LAST
                VALUE   (LST)  VALUE       VALUE  FROM      YEAR
                                                  NORMAL
..................................................................
TEMPERATURE (F)
 TODAY
  MAXIMUM         57   1248 PM  67    1933  44     13       38
  MINIMUM         52    232 AM  -8    1989  28     24       28
  AVERAGE         55                        36     19       33

PRECIPITATION (IN)
  TODAY            0.05          2.17 1921   0.13  -0.08     0.01
  MONTH TO DATE    3.09                      2.86   0.23     4.90
  SINCE DEC 1      3.09                      2.86   0.23     4.90
  SINCE JAN 1     42.79                     43.94  -1.15    53.07

SNOWFALL (IN)
  TODAY            0.0           7.8  1939   0.1   -0.1       T
  MONTH TO DATE    T                         1.7   -1.7      5.3
  SINCE DEC 1      T                         1.7   -1.7      5.3
  SINCE JUL 1      3.7                       1.9    1.8      5.8
  SNOW DEPTH       0

DEGREE DAYS
 HEATING
  TODAY           10                        29    -19       32
  MONTH TO DATE  537                       606    -69      563
  SINCE DEC 1    537                       606    -69      563
  SINCE JUL 1   1423                      1341     82     1393

 COOLING
  TODAY            0                         0      0        0
  MONTH TO DATE    0                         0      0        0
  SINCE DEC 1      0                         0      0        0
  SINCE JAN 1   1626                      1613     13     1628
..................................................................


WIND (MPH)
  HIGHEST WIND SPEED    16   HIGHEST WIND DIRECTION    SE (150)
  HIGHEST GUST SPEED    20   HIGHEST GUST DIRECTION    SE (140)
  AVERAGE WIND SPEED     9.2


SKY COVER
  POSSIBLE SUNSHINE  MM
  AVERAGE SKY COVER 1.0


WEATHER CONDITIONS
 THE FOLLOWING WEATHER WAS RECORDED TODAY.
  LIGHT RAIN
  FOG


RELATIVE HUMIDITY (PERCENT)
 HIGHEST    96           200 AM
 LOWEST     89          1200 AM
 AVERAGE    93

..........................................................


THE LOUISVILLE KY CLIMATE NORMALS FOR TOMORROW
                         NORMAL    RECORD    YEAR
 MAXIMUM TEMPERATURE (F)   44        71      1889
 MINIMUM TEMPERATURE (F)   28        -8      1983


SUNRISE AND SUNSET
DECEMBER 23 2014......SUNRISE   757 AM EST   SUNSET   527 PM EST
DECEMBER 24 2014......SUNRISE   757 AM EST   SUNSET   528 PM EST


-  INDICATES NEGATIVE NUMBERS.
R  INDICATES RECORD WAS SET OR TIED.
MM INDICATES DATA IS MISSING.
T  INDICATES TRACE AMOUNT.




$$
