000
CDUS43 KLMK 220633
CLISDF


CLIMATE REPORT
NATIONAL WEATHER SERVICE LOUISVILLE KY
232 AM EDT MON AUG 22 2016


...................................

...THE LOUISVILLE KY CLIMATE SUMMARY FOR AUGUST 21 2016...

CLIMATE NORMAL PERIOD 1981 TO 2010
CLIMATE RECORD PERIOD 1871 TO 2016


WEATHER ITEM   OBSERVED TIME   RECORD YEAR NORMAL DEPARTURE LAST
                VALUE   (LST)  VALUE       VALUE  FROM      YEAR
                                                  NORMAL
..................................................................
TEMPERATURE (F)
 YESTERDAY
  MAXIMUM         83    408 PM 100    1983  88     -5       82
                                      1936
  MINIMUM         67   1158 PM  50    1950  68     -1       61
  AVERAGE         75                        78     -3       72

PRECIPITATION (IN)
  YESTERDAY        T             2.37 1888   0.11  -0.11     0.00
  MONTH TO DATE    5.68                      2.41   3.27     3.47
  SINCE JUN 1     14.58                     10.43   4.15    18.94
  SINCE JAN 1     33.64                     30.30   3.34    43.06

SNOWFALL (IN)
  YESTERDAY        0.0          MM      MM   0.0    0.0      0.0
  MONTH TO DATE    0.0                       0.0    0.0      0.0
  SINCE JUN 1      0.0                       0.0    0.0      0.0
  SINCE JUL 1      0.0                       0.0    0.0      0.0
  SNOW DEPTH       0

DEGREE DAYS
 HEATING
  YESTERDAY        0                         0      0        0
  MONTH TO DATE    0                         0      0        0
  SINCE JUN 1      0                         5     -5        6
  SINCE JUL 1      0                         0      0        0

 COOLING
  YESTERDAY       10                        13     -3        7
  MONTH TO DATE  342                       291     51      267
  SINCE JUN 1   1246                      1058    188     1109
  SINCE JAN 1   1439                      1232    207     1360
..................................................................


WIND (MPH)
  HIGHEST WIND SPEED    16   HIGHEST WIND DIRECTION     W (290)
  HIGHEST GUST SPEED    21   HIGHEST GUST DIRECTION    NW (310)
  AVERAGE WIND SPEED     8.3


SKY COVER
  POSSIBLE SUNSHINE  MM
  AVERAGE SKY COVER 0.5


WEATHER CONDITIONS
 THE FOLLOWING WEATHER WAS RECORDED YESTERDAY.
  LIGHT RAIN


RELATIVE HUMIDITY (PERCENT)
 HIGHEST    90           500 AM
 LOWEST     42           200 PM
 AVERAGE    66

..........................................................


THE LOUISVILLE KY CLIMATE NORMALS FOR TODAY
                         NORMAL    RECORD    YEAR
 MAXIMUM TEMPERATURE (F)   88       101      1936
 MINIMUM TEMPERATURE (F)   68        49      1950


SUNRISE AND SUNSET
AUGUST 22 2016........SUNRISE   704 AM EDT   SUNSET   826 PM EDT
AUGUST 23 2016........SUNRISE   705 AM EDT   SUNSET   825 PM EDT


-  INDICATES NEGATIVE NUMBERS.
R  INDICATES RECORD WAS SET OR TIED.
MM INDICATES DATA IS MISSING.
T  INDICATES TRACE AMOUNT.




$$
