000
CDUS43 KLMK 232028
CLISDF


CLIMATE REPORT
NATIONAL WEATHER SERVICE LOUISVILLE KY
428 PM EDT FRI SEP 23 2016


...................................

...THE LOUISVILLE KY CLIMATE SUMMARY FOR SEPTEMBER 23 2016...
VALID TODAY AS OF 0400 PM LOCAL TIME.

CLIMATE NORMAL PERIOD 1981 TO 2010
CLIMATE RECORD PERIOD 1871 TO 2016


WEATHER ITEM   OBSERVED TIME   RECORD YEAR NORMAL DEPARTURE LAST
                VALUE   (LST)  VALUE       VALUE  FROM      YEAR
                                                  NORMAL
..................................................................
TEMPERATURE (F)
 TODAY
  MAXIMUM         92    200 PM  97    2010  79     13       85
  MINIMUM         68    705 AM  39    1995  57     11       58
                                      1974
  AVERAGE         80                        68     12       72

PRECIPITATION (IN)
  TODAY            0.00          2.14 1936   0.11  -0.11     0.00
  MONTH TO DATE    0.68                      2.29  -1.61     0.80
  SINCE SEP 1      0.68                      2.29  -1.61     0.80
  SINCE JAN 1     34.35                     33.51   0.84    43.86

SNOWFALL (IN)
  TODAY            0.0          MM      MM   0.0    0.0      0.0
  MONTH TO DATE    0.0                       0.0    0.0      0.0
  SINCE SEP 1      0.0                       0.0    0.0      0.0
  SINCE JUL 1      0.0                       0.0    0.0      0.0
  SNOW DEPTH       0

DEGREE DAYS
 HEATING
  TODAY            0                         2     -2        0
  MONTH TO DATE    0                        11    -11        4
  SINCE SEP 1      0                        11    -11        4
  SINCE JUL 1      0                        11    -11        4

 COOLING
  TODAY           15                         5     10        7
  MONTH TO DATE  300                       184    116      230
  SINCE SEP 1    300                       184    116      230
  SINCE JAN 1   1908                      1541    367     1684
..................................................................


WIND (MPH)
  HIGHEST WIND SPEED     9   HIGHEST WIND DIRECTION    SW (240)
  HIGHEST GUST SPEED    13   HIGHEST GUST DIRECTION    SW (220)
  AVERAGE WIND SPEED     2.7


SKY COVER
  POSSIBLE SUNSHINE  MM
  AVERAGE SKY COVER 0.4


WEATHER CONDITIONS
 THE FOLLOWING WEATHER WAS RECORDED TODAY.
  NO SIGNIFICANT WEATHER WAS OBSERVED.


RELATIVE HUMIDITY (PERCENT)
 HIGHEST    87           700 AM
 LOWEST     38           200 PM
 AVERAGE    63

..........................................................


THE LOUISVILLE KY CLIMATE NORMALS FOR TOMORROW
                         NORMAL    RECORD    YEAR
 MAXIMUM TEMPERATURE (F)   78        96      2010
 MINIMUM TEMPERATURE (F)   57        39      1989
                                             1983
                                             1949


SUNRISE AND SUNSET
SEPTEMBER 23 2016.....SUNRISE   732 AM EDT   SUNSET   738 PM EDT
SEPTEMBER 24 2016.....SUNRISE   733 AM EDT   SUNSET   736 PM EDT


-  INDICATES NEGATIVE NUMBERS.
R  INDICATES RECORD WAS SET OR TIED.
MM INDICATES DATA IS MISSING.
T  INDICATES TRACE AMOUNT.




$$
