000
CDUS43 KLMK 160632
CLISDF


CLIMATE REPORT
NATIONAL WEATHER SERVICE LOUISVILLE KY
230 AM EDT WED APR 16 2014


...................................

...THE LOUISVILLE KY CLIMATE SUMMARY FOR APRIL 15 2014...

CLIMATE NORMAL PERIOD 1981 TO 2010
CLIMATE RECORD PERIOD 1871 TO 2014


WEATHER ITEM   OBSERVED TIME   RECORD YEAR NORMAL DEPARTURE LAST
                VALUE   (LST)  VALUE       VALUE  FROM      YEAR
                                                  NORMAL
..................................................................
TEMPERATURE (F)
 YESTERDAY
  MAXIMUM         47    430 PM  86    2010  69    -22       73
                                      2006
  MINIMUM         34    242 AM  30    1928  47    -13       59
                                      1907
  AVERAGE         41                        58    -17       66

PRECIPITATION (IN)
  YESTERDAY        0.18          2.28 1880   0.12   0.06     0.00
  MONTH TO DATE    4.62                      1.87   2.75     1.19
  SINCE MAR 1      6.92                      6.04   0.88     5.44
  SINCE JAN 1     13.08                     12.46   0.62    12.46

SNOWFALL (IN)
  YESTERDAY       MM             T    1980   0.0   MM        0.0
  MONTH TO DATE    0.0                       0.1   -0.1      0.0
  SINCE MAR 1      4.1                       1.5    2.6      1.7
  SINCE JUL 1     25.9                      12.5   13.4      9.8
  SNOW DEPTH       0

DEGREE DAYS
 HEATING
  YESTERDAY       24                         8     16        0
  MONTH TO DATE  120                       153    -33      139
  SINCE MAR 1    768                       691     77      874
  SINCE JUL 1   4422                      3932    490     3956

 COOLING
  YESTERDAY        0                         1     -1        1
  MONTH TO DATE   21                        15      6       25
  SINCE MAR 1     21                        21      0       25
  SINCE JAN 1     21                        21      0       25
..................................................................


WIND (MPH)
  HIGHEST WIND SPEED    23   HIGHEST WIND DIRECTION     N (340)
  HIGHEST GUST SPEED    32   HIGHEST GUST DIRECTION     N (10)
  AVERAGE WIND SPEED    12.0


SKY COVER
  POSSIBLE SUNSHINE  MM
  AVERAGE SKY COVER 0.7


WEATHER CONDITIONS
 THE FOLLOWING WEATHER WAS RECORDED YESTERDAY.
  LIGHT RAIN
  SNOW
  LIGHT SNOW
  FOG


RELATIVE HUMIDITY (PERCENT)
 HIGHEST    92           400 AM
 LOWEST     36           700 PM
 AVERAGE    64

..........................................................


THE LOUISVILLE KY CLIMATE NORMALS FOR TODAY
                         NORMAL    RECORD    YEAR
 MAXIMUM TEMPERATURE (F)   69        88      1896
 MINIMUM TEMPERATURE (F)   48        27      1875


SUNRISE AND SUNSET
APRIL 16 2014.........SUNRISE   706 AM EDT   SUNSET   820 PM EDT
APRIL 17 2014.........SUNRISE   705 AM EDT   SUNSET   821 PM EDT


-  INDICATES NEGATIVE NUMBERS.
R  INDICATES RECORD WAS SET OR TIED.
MM INDICATES DATA IS MISSING.
T  INDICATES TRACE AMOUNT.




$$
