000
CDUS43 KLMK 212125
CLISDF


CLIMATE REPORT
NATIONAL WEATHER SERVICE LOUISVILLE KY
425 PM EST SUN DEC 21 2014


...................................

...THE LOUISVILLE KY CLIMATE SUMMARY FOR DECEMBER 21 2014...
VALID TODAY AS OF 0400 PM LOCAL TIME.

CLIMATE NORMAL PERIOD 1981 TO 2010
CLIMATE RECORD PERIOD 1871 TO 2014


WEATHER ITEM   OBSERVED TIME   RECORD YEAR NORMAL DEPARTURE LAST
                VALUE   (LST)  VALUE       VALUE  FROM      YEAR
                                                  NORMAL
..................................................................
TEMPERATURE (F)
 TODAY
  MAXIMUM         44    358 PM  70    2013  44      0       70
  MINIMUM         25    821 AM  -9    1989  29     -4       60
  AVERAGE         35                        36     -1       65

PRECIPITATION (IN)
  TODAY            0.00          2.52 2013   0.13  -0.13     2.52
  MONTH TO DATE    2.83                      2.60   0.23     4.67
  SINCE DEC 1      2.83                      2.60   0.23     4.67
  SINCE JAN 1     42.53                     43.68  -1.15    52.84

SNOWFALL (IN)
  TODAY            0.0           2.8  1969   0.1   -0.1      0.0
  MONTH TO DATE    T                         1.5   -1.5      5.3
  SINCE DEC 1      T                         1.5   -1.5      5.3
  SINCE JUL 1      3.7                       1.7    2.0      5.8
  SNOW DEPTH       0

DEGREE DAYS
 HEATING
  TODAY           30                        29      1        0
  MONTH TO DATE  506                       548    -42      517
  SINCE DEC 1    506                       548    -42      517
  SINCE JUL 1   1392                      1283    109     1347

 COOLING
  TODAY            0                         0      0        0
  MONTH TO DATE    0                         0      0        0
  SINCE DEC 1      0                         0      0        0
  SINCE JAN 1   1626                      1613     13     1628
..................................................................


WIND (MPH)
  HIGHEST WIND SPEED    12   HIGHEST WIND DIRECTION     E (80)
  HIGHEST GUST SPEED    15   HIGHEST GUST DIRECTION     E (80)
  AVERAGE WIND SPEED     2.7


SKY COVER
  POSSIBLE SUNSHINE  MM
  AVERAGE SKY COVER 0.3


WEATHER CONDITIONS
 THE FOLLOWING WEATHER WAS RECORDED TODAY.
  FOG
  HAZE


RELATIVE HUMIDITY (PERCENT)
 HIGHEST    92           400 AM
 LOWEST     57           200 PM
 AVERAGE    75

..........................................................


THE LOUISVILLE KY CLIMATE NORMALS FOR TOMORROW
                         NORMAL    RECORD    YEAR
 MAXIMUM TEMPERATURE (F)   44        64      1949
                                             1893
 MINIMUM TEMPERATURE (F)   29       -15      1989


SUNRISE AND SUNSET
DECEMBER 21 2014......SUNRISE   756 AM EST   SUNSET   526 PM EST
DECEMBER 22 2014......SUNRISE   756 AM EST   SUNSET   527 PM EST


-  INDICATES NEGATIVE NUMBERS.
R  INDICATES RECORD WAS SET OR TIED.
MM INDICATES DATA IS MISSING.
T  INDICATES TRACE AMOUNT.




$$
