596
CDUS43 KLMK 152030
CLISDF

CLIMATE REPORT
NATIONAL WEATHER SERVICE LOUISVILLE KY
429 PM EDT SUN OCT 15 2017


...................................

...THE LOUISVILLE KY CLIMATE SUMMARY FOR OCTOBER 15 2017...
VALID TODAY AS OF 0400 PM LOCAL TIME.

CLIMATE NORMAL PERIOD 1981 TO 2010
CLIMATE RECORD PERIOD 1871 TO 2017


WEATHER ITEM   OBSERVED TIME   RECORD YEAR NORMAL DEPARTURE LAST
                VALUE   (LST)  VALUE       VALUE  FROM      YEAR
                                                  NORMAL
..................................................................
TEMPERATURE (F)
 TODAY
  MAXIMUM         80   1247 PM  91    1897  70     10       82
  MINIMUM         62    259 PM  28    1876  49     13       61
  AVERAGE         71                        60     11       72

PRECIPITATION (IN)
  TODAY            T             2.64 1880   0.10  -0.10     0.00
  MONTH TO DATE    2.91                      1.58   1.33      T
  SINCE SEP 1      8.38                      4.63   3.75     2.28
  SINCE JAN 1     37.79                     35.85   1.94    35.95

SNOWFALL (IN)
  TODAY            0.0           0.0    MM   0.0    0.0      0.0
  MONTH TO DATE    0.0                       0.0    0.0      0.0
  SINCE SEP 1      0.0                       0.0    0.0      0.0
  SINCE JUL 1      0.0                       0.0    0.0      0.0
  SNOW DEPTH       0

DEGREE DAYS
 HEATING
  TODAY            0                         6     -6        0
  MONTH TO DATE    2                        74    -72       18
  SINCE SEP 1     15                       104    -89       30
  SINCE JUL 1     15                       104    -89       30

 COOLING
  TODAY            6                         1      5        7
  MONTH TO DATE   76                        30     46       58
  SINCE SEP 1    286                       240     46      392
  SINCE JAN 1   1780                      1597    183     2000
..................................................................


WIND (MPH)
  HIGHEST WIND SPEED    32   HIGHEST WIND DIRECTION    NW (310)
  HIGHEST GUST SPEED    45   HIGHEST GUST DIRECTION    NW (310)
  AVERAGE WIND SPEED    13.8


SKY COVER
  POSSIBLE SUNSHINE  MM
  AVERAGE SKY COVER 0.6


WEATHER CONDITIONS
 THE FOLLOWING WEATHER WAS RECORDED TODAY.
  NO SIGNIFICANT WEATHER WAS OBSERVED.


RELATIVE HUMIDITY (PERCENT)
 HIGHEST    84           300 AM
 LOWEST     58           100 PM
 AVERAGE    71

..........................................................


THE LOUISVILLE KY CLIMATE NORMALS FOR TOMORROW
                         NORMAL    RECORD    YEAR
 MAXIMUM TEMPERATURE (F)   70        89      1947
 MINIMUM TEMPERATURE (F)   49        30      1876


SUNRISE AND SUNSET
OCTOBER 15 2017.......SUNRISE   752 AM EDT   SUNSET   705 PM EDT
OCTOBER 16 2017.......SUNRISE   753 AM EDT   SUNSET   703 PM EDT


-  INDICATES NEGATIVE NUMBERS.
R  INDICATES RECORD WAS SET OR TIED.
MM INDICATES DATA IS MISSING.
T  INDICATES TRACE AMOUNT.




$$
