000
CDUS43 KLMK 150640
CLISDF


CLIMATE REPORT
NATIONAL WEATHER SERVICE LOUISVILLE KY
137 AM EST SUN JAN 15 2017


...................................

...THE LOUISVILLE KY CLIMATE SUMMARY FOR JANUARY 14 2017...

CLIMATE NORMAL PERIOD 1981 TO 2010
CLIMATE RECORD PERIOD 1871 TO 2017


WEATHER ITEM   OBSERVED TIME   RECORD YEAR NORMAL DEPARTURE LAST
                VALUE   (LST)  VALUE       VALUE  FROM      YEAR
                                                  NORMAL
..................................................................
TEMPERATURE (F)
 YESTERDAY
  MAXIMUM         42    702 PM  69    1932  43     -1       60
  MINIMUM         38    651 AM  -1    1964  27     11       31
  AVERAGE         40                        35      5       46

PRECIPITATION (IN)
  YESTERDAY        0.33          2.71 1937   0.10   0.23     0.00
  MONTH TO DATE    2.30                      1.48   0.82     0.47
  SINCE DEC 1      7.60                      5.31   2.29     7.05
  SINCE JAN 1      2.30                      1.48   0.82     0.47

SNOWFALL (IN)
  YESTERDAY        0.0          10.4  1918   0.1   -0.1      0.0
  MONTH TO DATE    2.3                       1.5    0.8      2.6
  SINCE DEC 1      2.4                       4.1   -1.7      2.6
  SINCE JUL 1      2.4                       4.3   -1.9      2.6
  SNOW DEPTH       0

DEGREE DAYS
 HEATING
  YESTERDAY       25                        30     -5       19
  MONTH TO DATE  396                       420    -24      401
  SINCE DEC 1   1227                      1261    -34      859
  SINCE JUL 1   1694                      1996   -302     1383

 COOLING
  YESTERDAY        0                         0      0        0
  MONTH TO DATE    0                         0      0        0
  SINCE DEC 1      1                         1      0        3
  SINCE JAN 1      0                         0      0        0
..................................................................


WIND (MPH)
  HIGHEST WIND SPEED     9   HIGHEST WIND DIRECTION     N (360)
  HIGHEST GUST SPEED    11   HIGHEST GUST DIRECTION     N (360)
  AVERAGE WIND SPEED     4.1


SKY COVER
  POSSIBLE SUNSHINE  MM
  AVERAGE SKY COVER 1.0


WEATHER CONDITIONS
 THE FOLLOWING WEATHER WAS RECORDED YESTERDAY.
  HEAVY RAIN
  RAIN
  LIGHT RAIN
  FOG


RELATIVE HUMIDITY (PERCENT)
 HIGHEST    92          1200 AM
 LOWEST     82           500 PM
 AVERAGE    87

..........................................................


THE LOUISVILLE KY CLIMATE NORMALS FOR TODAY
                         NORMAL    RECORD    YEAR
 MAXIMUM TEMPERATURE (F)   43        68      1950
                                             1932
 MINIMUM TEMPERATURE (F)   27       -11      1893


SUNRISE AND SUNSET
JANUARY 15 2017.......SUNRISE   758 AM EST   SUNSET   547 PM EST
JANUARY 16 2017.......SUNRISE   758 AM EST   SUNSET   548 PM EST


-  INDICATES NEGATIVE NUMBERS.
R  INDICATES RECORD WAS SET OR TIED.
MM INDICATES DATA IS MISSING.
T  INDICATES TRACE AMOUNT.




$$
