918
CDUS43 KLMK 240636
CLISDF


CLIMATE REPORT
NATIONAL WEATHER SERVICE LOUISVILLE KY
235 AM EDT TUE MAY 24 2016


...................................

...THE LOUISVILLE KY CLIMATE SUMMARY FOR MAY 23 2016...

CLIMATE NORMAL PERIOD 1981 TO 2010
CLIMATE RECORD PERIOD 1871 TO 2016


WEATHER ITEM   OBSERVED TIME   RECORD YEAR NORMAL DEPARTURE LAST
                VALUE   (LST)  VALUE       VALUE  FROM      YEAR
                                                  NORMAL
..................................................................
TEMPERATURE (F)
 YESTERDAY
  MAXIMUM         80    537 PM  93    1921  79      1       80
  MINIMUM         55    533 AM  40    1963  59     -4       56
                                      1917
  AVERAGE         68                        69     -1       68

PRECIPITATION (IN)
  YESTERDAY        0.00          3.53 1902   0.16  -0.16     0.00
  MONTH TO DATE    4.08                      3.98   0.10     1.54
  SINCE MAR 1     12.76                     12.16   0.60    20.18
  SINCE JAN 1     18.58                     18.58   0.00    23.28

SNOWFALL (IN)
  YESTERDAY        0.0          MM      MM   0.0    0.0      0.0
  MONTH TO DATE    0.0                       0.0    0.0      0.0
  SINCE MAR 1      0.5                       1.5   -1.0     11.9
  SINCE JUL 1     14.9                      12.5    2.4     27.6
  SNOW DEPTH       0

DEGREE DAYS
 HEATING
  YESTERDAY        0                         1     -1        0
  MONTH TO DATE   91                        60     31       24
  SINCE MAR 1    630                       844   -214      767
  SINCE JUL 1   3252                      4085   -833     4387

 COOLING
  YESTERDAY        3                         5     -2        3
  MONTH TO DATE   42                        79    -37      136
  SINCE MAR 1    105                       122    -17      178
  SINCE JAN 1    105                       122    -17      178
..................................................................


WIND (MPH)
  HIGHEST WIND SPEED    13   HIGHEST WIND DIRECTION     E (90)
  HIGHEST GUST SPEED    16   HIGHEST GUST DIRECTION     E (100)
  AVERAGE WIND SPEED     3.9


SKY COVER
  POSSIBLE SUNSHINE  MM
  AVERAGE SKY COVER 0.0


WEATHER CONDITIONS
 THE FOLLOWING WEATHER WAS RECORDED YESTERDAY.
  NO SIGNIFICANT WEATHER WAS OBSERVED.


RELATIVE HUMIDITY (PERCENT)
 HIGHEST    72           400 AM
 LOWEST     23           200 PM
 AVERAGE    48

..........................................................


THE LOUISVILLE KY CLIMATE NORMALS FOR TODAY
                         NORMAL    RECORD    YEAR
 MAXIMUM TEMPERATURE (F)   79        92      1921
 MINIMUM TEMPERATURE (F)   60        40      1925


SUNRISE AND SUNSET
MAY 24 2016...........SUNRISE   625 AM EDT   SUNSET   855 PM EDT
MAY 25 2016...........SUNRISE   625 AM EDT   SUNSET   856 PM EDT


-  INDICATES NEGATIVE NUMBERS.
R  INDICATES RECORD WAS SET OR TIED.
MM INDICATES DATA IS MISSING.
T  INDICATES TRACE AMOUNT.




$$
