000
CDUS43 KLMK 230627
CLISDF


CLIMATE REPORT
NATIONAL WEATHER SERVICE LOUISVILLE KY
226 AM EDT WED AUG 23 2017


...................................

...THE LOUISVILLE KY CLIMATE SUMMARY FOR AUGUST 22 2017...

CLIMATE NORMAL PERIOD 1981 TO 2010
CLIMATE RECORD PERIOD 1871 TO 2017


WEATHER ITEM   OBSERVED TIME   RECORD YEAR NORMAL DEPARTURE LAST
                VALUE   (LST)  VALUE       VALUE  FROM      YEAR
                                                  NORMAL
..................................................................
TEMPERATURE (F)
 YESTERDAY
  MAXIMUM         91   1137 AM 101    1936  88      3       83
  MINIMUM         72   1114 PM  49    1950  68      4       63
  AVERAGE         82                        78      4       73

PRECIPITATION (IN)
  YESTERDAY        0.39          1.32 1970   0.10   0.29     0.00
  MONTH TO DATE    3.93                      2.51   1.42     5.68
  SINCE JUN 1      9.98                     10.53  -0.55    14.58
  SINCE JAN 1     29.14                     30.40  -1.26    33.64

SNOWFALL (IN)
  YESTERDAY        0.0          MM      MM   0.0    0.0      0.0
  MONTH TO DATE    0.0                       0.0    0.0      0.0
  SINCE JUN 1      0.0                       0.0    0.0      0.0
  SINCE JUL 1      0.0                       0.0    0.0      0.0
  SNOW DEPTH       0

DEGREE DAYS
 HEATING
  YESTERDAY        0                         0      0        0
  MONTH TO DATE    0                         0      0        0
  SINCE JUN 1      0                         5     -5        0
  SINCE JUL 1      0                         0      0        0

 COOLING
  YESTERDAY       17                        13      4        8
  MONTH TO DATE  293                       304    -11      350
  SINCE JUN 1   1120                      1071     49     1254
  SINCE JAN 1   1412                      1245    167     1447
..................................................................


WIND (MPH)
  HIGHEST WIND SPEED    26   HIGHEST WIND DIRECTION    NW (300)
  HIGHEST GUST SPEED    37   HIGHEST GUST DIRECTION    NW (300)
  AVERAGE WIND SPEED     9.2


SKY COVER
  POSSIBLE SUNSHINE  MM
  AVERAGE SKY COVER 0.8


WEATHER CONDITIONS
 THE FOLLOWING WEATHER WAS RECORDED YESTERDAY.
  THUNDERSTORM
  HEAVY RAIN
  RAIN
  LIGHT RAIN
  FOG
  HAZE


RELATIVE HUMIDITY (PERCENT)
 HIGHEST    93           800 PM
 LOWEST     59          1100 AM
 AVERAGE    76

..........................................................


THE LOUISVILLE KY CLIMATE NORMALS FOR TODAY
                         NORMAL    RECORD    YEAR
 MAXIMUM TEMPERATURE (F)   88        99      2007
 MINIMUM TEMPERATURE (F)   68        51      1950


SUNRISE AND SUNSET
AUGUST 23 2017........SUNRISE   705 AM EDT   SUNSET   825 PM EDT
AUGUST 24 2017........SUNRISE   706 AM EDT   SUNSET   824 PM EDT


-  INDICATES NEGATIVE NUMBERS.
R  INDICATES RECORD WAS SET OR TIED.
MM INDICATES DATA IS MISSING.
T  INDICATES TRACE AMOUNT.




$$
