000
CDUS43 KLMK 230628
CLISDF


CLIMATE REPORT
NATIONAL WEATHER SERVICE LOUISVILLE KY
227 AM EDT MON OCT 23 2017


...................................

...THE LOUISVILLE KY CLIMATE SUMMARY FOR OCTOBER 22 2017...

CLIMATE NORMAL PERIOD 1981 TO 2010
CLIMATE RECORD PERIOD 1871 TO 2017


WEATHER ITEM   OBSERVED TIME   RECORD YEAR NORMAL DEPARTURE LAST
                VALUE   (LST)  VALUE       VALUE  FROM      YEAR
                                                  NORMAL
..................................................................
TEMPERATURE (F)
 YESTERDAY
  MAXIMUM         78    318 PM  88    1947  68     10       63
  MINIMUM         57    716 AM  23    1952  47     10       42
  AVERAGE         68                        58     10       53

PRECIPITATION (IN)
  YESTERDAY        0.00          2.77 2007   0.10  -0.10     0.00
  MONTH TO DATE    2.92                      2.30   0.62     0.65
  SINCE SEP 1      8.39                      5.35   3.04     2.93
  SINCE JAN 1     37.80                     36.57   1.23    36.60

SNOWFALL (IN)
  YESTERDAY        0.0           0.0    MM   0.1   -0.1      0.0
  MONTH TO DATE    0.0                       0.1   -0.1      0.0
  SINCE SEP 1      0.0                       0.1   -0.1      0.0
  SINCE JUL 1      0.0                       0.1   -0.1      0.0
  SNOW DEPTH       0

DEGREE DAYS
 HEATING
  YESTERDAY        0                         8     -8       12
  MONTH TO DATE   31                       126    -95       42
  SINCE SEP 1     44                       156   -112       54
  SINCE JUL 1     44                       156   -112       54

 COOLING
  YESTERDAY        3                         1      2        0
  MONTH TO DATE   77                        37     40      110
  SINCE SEP 1    287                       247     40      444
  SINCE JAN 1   1781                      1604    177     2052
..................................................................


WIND (MPH)
  HIGHEST WIND SPEED    24   HIGHEST WIND DIRECTION     S (170)
  HIGHEST GUST SPEED    29   HIGHEST GUST DIRECTION     S (180)
  AVERAGE WIND SPEED     9.5


SKY COVER
  POSSIBLE SUNSHINE  MM
  AVERAGE SKY COVER 0.7


WEATHER CONDITIONS
 THE FOLLOWING WEATHER WAS RECORDED YESTERDAY.
  NO SIGNIFICANT WEATHER WAS OBSERVED.


RELATIVE HUMIDITY (PERCENT)
 HIGHEST    77           500 AM
 LOWEST     45           200 PM
 AVERAGE    61

..........................................................


THE LOUISVILLE KY CLIMATE NORMALS FOR TODAY
                         NORMAL    RECORD    YEAR
 MAXIMUM TEMPERATURE (F)   68        86      1920
 MINIMUM TEMPERATURE (F)   47        28      1997
                                             1952


SUNRISE AND SUNSET
OCTOBER 23 2017.......SUNRISE   800 AM EDT   SUNSET   654 PM EDT
OCTOBER 24 2017.......SUNRISE   801 AM EDT   SUNSET   653 PM EDT


-  INDICATES NEGATIVE NUMBERS.
R  INDICATES RECORD WAS SET OR TIED.
MM INDICATES DATA IS MISSING.
T  INDICATES TRACE AMOUNT.




$$
