000
CDUS43 KLMK 200628
CLISDF


CLIMATE REPORT
NATIONAL WEATHER SERVICE LOUISVILLE KY
127 AM EST SAT JAN 20 2018


...................................

...THE LOUISVILLE KY CLIMATE SUMMARY FOR JANUARY 19 2018...

CLIMATE NORMAL PERIOD 1981 TO 2010
CLIMATE RECORD PERIOD 1871 TO 2018


WEATHER ITEM   OBSERVED TIME   RECORD YEAR NORMAL DEPARTURE LAST
                VALUE   (LST)  VALUE       VALUE  FROM      YEAR
                                                  NORMAL
..................................................................
TEMPERATURE (F)
 YESTERDAY
  MAXIMUM         44    421 PM  74    1907  43      1       55
  MINIMUM         22    805 AM -22    1994  27     -5       40
  AVERAGE         33                        35     -2       48

PRECIPITATION (IN)
  YESTERDAY        0.00          3.00 1988   0.11  -0.11     0.87
  MONTH TO DATE    1.15                      1.99  -0.84     3.92
  SINCE DEC 1      3.88                      5.82  -1.94     9.22
  SINCE JAN 1      1.15                      1.99  -0.84     3.92

SNOWFALL (IN)
  YESTERDAY        0.0           4.0  1956   0.2   -0.2      0.0
  MONTH TO DATE    5.0                       2.1    2.9      2.3
  SINCE DEC 1      5.2                       4.7    0.5      2.4
  SINCE JUL 1      5.2                       4.9    0.3      2.4
  SNOW DEPTH       3

DEGREE DAYS
 HEATING
  YESTERDAY       32                        30      2       17
  MONTH TO DATE  743                       570    173      486
  SINCE DEC 1   1606                      1411    195     1317
  SINCE JUL 1   2272                      2146    126     1784

 COOLING
  YESTERDAY        0                         0      0        0
  MONTH TO DATE    0                         0      0        0
  SINCE DEC 1      0                         1     -1        1
  SINCE JAN 1      0                         0      0        0
..................................................................


WIND (MPH)
  HIGHEST WIND SPEED    17   HIGHEST WIND DIRECTION     S (200)
  HIGHEST GUST SPEED    23   HIGHEST GUST DIRECTION    SW (220)
  AVERAGE WIND SPEED     9.4


SKY COVER
  POSSIBLE SUNSHINE  MM
  AVERAGE SKY COVER 0.3


WEATHER CONDITIONS
 THE FOLLOWING WEATHER WAS RECORDED YESTERDAY.
  NO SIGNIFICANT WEATHER WAS OBSERVED.


RELATIVE HUMIDITY (PERCENT)
 HIGHEST    60           500 AM
 LOWEST     39           300 PM
 AVERAGE    50

..........................................................


THE LOUISVILLE KY CLIMATE NORMALS FOR TODAY
                         NORMAL    RECORD    YEAR
 MAXIMUM TEMPERATURE (F)   43        73      1906
 MINIMUM TEMPERATURE (F)   27       -16      1985


SUNRISE AND SUNSET
JANUARY 20 2018.......SUNRISE   756 AM EST   SUNSET   552 PM EST
JANUARY 21 2018.......SUNRISE   755 AM EST   SUNSET   553 PM EST


-  INDICATES NEGATIVE NUMBERS.
R  INDICATES RECORD WAS SET OR TIED.
MM INDICATES DATA IS MISSING.
T  INDICATES TRACE AMOUNT.




$$
