000
CXUS53 KLMK 011216
CLMSDF


CLIMATE REPORT
NATIONAL WEATHER SERVICE LOUISVILLE KY
815 AM EDT SAT NOV 1 2014

...................................

...THE LOUISVILLE KY CLIMATE SUMMARY FOR THE MONTH OF OCTOBER 2014...

CLIMATE NORMAL PERIOD 1981 TO 2010
CLIMATE RECORD PERIOD 1871 TO 2014

WEATHER         OBSERVED          NORMAL  DEPART  LAST YEAR`S
                 VALUE   DATE(S)  VALUE   FROM    VALUE  DATE(S)
                                          NORMAL
................................................................
TEMPERATURE (F)
RECORD
 HIGH              93   10/08/2007
                        10/07/2007
 LOW               23   10/22/1952
                        10/29/1925
HIGHEST            88   10/02        MM      MM       86  10/04
LOWEST             36   10/31        MM      MM       30  10/25
AVG. MAXIMUM     69.2              70.1    -0.9     69.0
AVG. MINIMUM     50.1              48.9     1.2     49.2
MEAN             59.7              59.5     0.2     59.1
DAYS MAX >= 90      0               0.2    -0.2        0
DAYS MAX <= 32      0               0.0     0.0        0
DAYS MIN <= 32      0               0.4    -0.4        2
DAYS MIN <= 0       0               0.0     0.0        0

PRECIPITATION (INCHES)
RECORD
 MAXIMUM         9.94   2013
 MINIMUM         0.07   1908
TOTALS           3.51              3.22    0.29     9.94
DAILY AVG.       0.11              0.10    0.01     0.32
DAYS >= .01        12               7.7     4.3       12
DAYS >= .10        10               4.9     5.1        7
DAYS >= .50         3               2.1     0.9        3
DAYS >= 1.00        0               1.0    -1.0        3
GREATEST
 24 HR. TOTAL    1.17   10/13 TO 10/14           10/05 TO 10/06
                                                          10/24 TO 10/24
                                                          10/24 TO 10/24
 STORM TOTAL       MM                                 MM
 (MM/DD(HH))            MM                    10/06(00) TO 10/06(00)
                                                 10/24(00) TO 10/24(00)4
                                                 10/24(00) TO 10/24(00)4

SNOWFALL (INCHES)
RECORDS
 TOTAL            3.5   5
                        0
 24 HR TOTAL      3.0   MM
 SNOW DEPTH         1   10/19/1989
TOTALS              T               0.1    -0.1        T
 LIQUID EQUIV       T                 T    0.00       MM
SINCE 7/1           T               0.1    -0.1        T
 LIQUID 7/1        MM              0.00      MM       MM
SNOWDEPTH AVG.      0                MM      MM        0
DAYS >= TRACE       1               0.1     0.9        1
DAYS >= 1.0         0               0.1    -0.1        0
GREATEST
 SNOW DEPTH         0   MM                             0  MM
 24 HR TOTAL        T   10/31 TO 10/31           10/24 TO 10/24
                                                          10/24 TO 10/24
                                                          10/24 TO 10/24
 STORM TOTAL       MM                                 MM
 (MM/DD(HH))            MM                    10/24(00) TO 10/24(00)
                                                 10/24(00) TO 10/24(00)4
                                                 10/24(00) TO 10/24(00)4

DEGREE_DAYS
HEATING TOTAL     188               212     -24      227
 SINCE 7/1        201               242     -41      233
COOLING TOTAL      30                42     -12       53
 SINCE 1/1       1625              1609      16     1628

FREEZE DATES
RECORD
 EARLIEST     10/03/1974
 LATEST       05/10/1966
EARLIEST                        10/25
LATEST                          04/15
.....................................................

WIND (MPH)
AVERAGE WIND SPEED              9.3
RESULTANT WIND SPEED/DIRECTION   4/200
HIGHEST WIND SPEED/DIRECTION    33/130    DATE  10/14
HIGHEST GUST SPEED/DIRECTION    42/150    DATE  10/14

SKY COVER
POSSIBLE SUNSHINE (PERCENT)   MM
AVERAGE SKY COVER           0.60
NUMBER OF DAYS FAIR            7
NUMBER OF DAYS PC             11
NUMBER OF DAYS CLOUDY         13

AVERAGE RH (PERCENT)     69

WEATHER CONDITIONS. NUMBER OF DAYS WITH
THUNDERSTORM              0     MIXED PRECIP               0
HEAVY RAIN                6     RAIN                       9
LIGHT RAIN               16     FREEZING RAIN              0
LT FREEZING RAIN          0     HAIL                       0
HEAVY SNOW                0     SNOW                       1
LIGHT SNOW                0     SLEET                      1
FOG                      16     FOG W/VIS <= 1/4 MILE      0
HAZE                      3

-  INDICATES NEGATIVE NUMBERS.
R  INDICATES RECORD WAS SET OR TIED.
MM INDICATES DATA IS MISSING.
T  INDICATES TRACE AMOUNT.

$$
