000
CXUS53 KLMK 172123
CLMSDF
CLIMATE REPORT
NATIONAL WEATHER SERVICE LOUISVILLE KY
523 PM EDT THU AUG 17 2023
...................................
...THE LOUISVILLE KY CLIMATE SUMMARY FOR THE MONTH OF JULY 2023...
CLIMATE NORMAL PERIOD 1991 TO 2020
CLIMATE RECORD PERIOD 1871 TO 2023
WEATHER OBSERVED NORMAL DEPART LAST YEAR`S
VALUE DATE(S) VALUE FROM VALUE DATE(S)
NORMAL
................................................................
TEMPERATURE (F)
RECORD
HIGH 107 07/14/1936
07/28/1930
07/24/1901
LOW 49 07/23/1947
HIGHEST 96 07/27 MM MM 101 07/05
07/28
LOWEST 64 07/10 MM MM 65 07/10
AVG. MAXIMUM 88.9 89.0 -0.1 90.7
AVG. MINIMUM 72.0 70.8 1.2 73.2
MEAN 80.5 79.9 0.6 82.0
DAYS MAX >= 90 11 14.3 -3.3 21
DAYS MAX <= 32 0 0.0 0.0 0
DAYS MIN <= 32 0 0.0 0.0 0
DAYS MIN <= 0 0 0.0 0.0 0
PRECIPITATION (INCHES)
RECORD
MAXIMUM 16.46 1875
MINIMUM 0.25 1930
TOTALS 3.77 4.05 -0.28 5.71
DAILY AVG. 0.12 0.13 -0.01 0.18
DAYS >= .01 9 10.2 -1.2 12
DAYS >= .10 7 7.0 0.0 10
DAYS >= .50 4 3.1 0.9 3
DAYS >= 1.00 1 1.0 0.0 2
GREATEST
24 HR. TOTAL 1.10 07/08 TO 07/08
SNOWFALL (INCHES)
RECORDS
TOTAL MM 5
TOTALS 0.0 0.0 0.0 0.0
SINCE 7/1 0.0 0.0 0.0 MM
SNOWDEPTH AVG. 0 0
DAYS >= 1.0 0 0.0 0.0 0
GREATEST
SNOW DEPTH 0 0 MM
DEGREE DAYS
HEATING TOTAL 0 0 0 0
SINCE 7/1 0 0 0 MM
COOLING TOTAL 485 462 23 533
SINCE 1/1 943 1021 -78 MM
................................................................
WIND (MPH)
AVERAGE WIND SPEED 7.1
RESULTANT WIND SPEED/DIRECTION 3/230
HIGHEST WIND SPEED/DIRECTION 33/280 DATE 07/02
HIGHEST GUST SPEED/DIRECTION 45/260 DATE 07/02
SKY COVER
POSSIBLE SUNSHINE (PERCENT) MM
AVERAGE SKY COVER 0.59
NUMBER OF DAYS FAIR 6
NUMBER OF DAYS PC 17
NUMBER OF DAYS CLOUDY 8
AVERAGE RH (PERCENT) 67
WEATHER CONDITIONS. NUMBER OF DAYS WITH
THUNDERSTORM 12 MIXED PRECIP 0
HEAVY RAIN 3 RAIN 5
LIGHT RAIN 13 FREEZING RAIN 0
LT FREEZING RAIN 0 HAIL 0
HEAVY SNOW 0 SNOW 0
LIGHT SNOW 0 SLEET 0
FOG 7 FOG W/VIS <= 1/4 MILE 0
HAZE 6
- INDICATES NEGATIVE NUMBERS.
R INDICATES RECORD WAS SET OR TIED.
MM INDICATES DATA IS MISSING.
T INDICATES TRACE AMOUNT.
$$