606
CXUS53 KLMK 011301
CLMSDF


CLIMATE REPORT
NATIONAL WEATHER SERVICE LOUISVILLE KY
800 AM EST TUE DEC 1 2015

...................................

...THE LOUISVILLE KY CLIMATE SUMMARY FOR THE MONTH OF NOVEMBER 2015...

CLIMATE NORMAL PERIOD 1981 TO 2010
CLIMATE RECORD PERIOD 1871 TO 2015

WEATHER         OBSERVED          NORMAL  DEPART  LAST YEAR`S
                 VALUE   DATE(S)  VALUE   FROM    VALUE  DATE(S)
                                          NORMAL
................................................................
TEMPERATURE (F)
RECORD
 HIGH              84   11/17/1958
 LOW                    11/25/1950
HIGHEST            79   11/04        MM      MM       72  11/30
                        11/03
LOWEST             26   11/23        MM      MM       16  11/19
                                                          11/18
AVG. MAXIMUM     62.0              57.9     4.1     50.5
AVG. MINIMUM     43.7              39.5     4.2     33.2
MEAN             52.9              48.7     4.2     41.9
DAYS MAX >= 90      0               0.0     0.0        0
DAYS MAX <= 32      0               0.1    -0.1        1
DAYS MIN <= 32      3               7.1    -4.1       12
DAYS MIN <= 0       0               0.0     0.0        0

PRECIPITATION (INCHES)
RECORD
 MAXIMUM         9.12   1957
 MINIMUM         0.25   1904
TOTALS           5.47              3.59    1.88     1.71
DAILY AVG.       0.18              0.12    0.06     0.06
DAYS >= .01        12              10.1     1.9        9
DAYS >= .10         9               6.3     2.7        4
DAYS >= .50         4               2.9     1.1        1
DAYS >= 1.00        2               0.8     1.2        0
GREATEST
 24 HR. TOTAL    1.94   11/18 TO 11/18           11/23 TO 11/24
                        11/17 TO 11/18                    11/17 TO 11/17
                        11/18 TO 11/18                    11/17 TO 11/17
 STORM TOTAL       MM                                 MM
 (MM/DD(HH))            MM                    11/24(00) TO 11/24(00)
                                                 11/17(00) TO 11/17(00)7
                                                 11/17(00) TO 11/17(00)7

SNOWFALL (INCHES)
RECORDS
 TOTAL           13.2   5
                        0
 24 HR TOTAL     13.1   11/02/1966 TO 11/03/1966
 SNOW DEPTH         8   11/02/1966
TOTALS            0.0               0.1    -0.1      3.7
 LIQUID EQUIV    0.00              0.00    0.00     0.37
SINCE 7/1         0.0               0.2    -0.2      3.7
 LIQUID 7/1      0.00              0.00    0.00     0.37
SNOWDEPTH AVG.      0                MM      MM        0
DAYS >= TRACE       0               0.3    -0.3        6
DAYS >= 1.0         0               0.0     0.0        1
GREATEST
 SNOW DEPTH         0   MM                             2  11/18
                                                          11/17
 24 HR TOTAL      0.0   11/30 TO 11/30           11/17 TO 11/17
                                                          11/17 TO 11/17
                                                          11/17 TO 11/17
 STORM TOTAL       MM                                 MM
 (MM/DD(HH))            MM                    11/17(00) TO 11/17(00)
                                                 11/17(00) TO 11/17(00)7
                                                 11/17(00) TO 11/17(00)7

DEGREE_DAYS
HEATING TOTAL     366               493    -127      685
 SINCE 7/1        524               735    -211      886
COOLING TOTAL       9                 4       5        1
 SINCE 1/1       1787              1613     174     1626

FREEZE DATES
RECORD
 EARLIEST     10/03/1974
 LATEST       05/10/1966
EARLIEST      11/14             10/25
LATEST                          04/15
........................................................

WIND (MPH)
AVERAGE WIND SPEED              7.3
RESULTANT WIND SPEED/DIRECTION   2/179
HIGHEST WIND SPEED/DIRECTION    36/280    DATE  11/21
HIGHEST GUST SPEED/DIRECTION    45/280    DATE  11/21

SKY COVER
POSSIBLE SUNSHINE (PERCENT)   MM
AVERAGE SKY COVER           0.60
NUMBER OF DAYS FAIR            7
NUMBER OF DAYS PC             12
NUMBER OF DAYS CLOUDY         11

AVERAGE RH (PERCENT)     64

WEATHER CONDITIONS. NUMBER OF DAYS WITH
THUNDERSTORM              0     MIXED PRECIP               0
HEAVY RAIN                5     RAIN                       6
LIGHT RAIN               13     FREEZING RAIN              0
LT FREEZING RAIN          0     HAIL                       0
HEAVY SNOW                0     SNOW                       0
LIGHT SNOW                0     SLEET                      0
FOG                      13     FOG W/VIS <= 1/4 MILE      1
HAZE                      7

-  INDICATES NEGATIVE NUMBERS.
R  INDICATES RECORD WAS SET OR TIED.
MM INDICATES DATA IS MISSING.
T  INDICATES TRACE AMOUNT.

$$
