000
CXUS53 KLMK 011011
CLMSDF


CLIMATE REPORT
NATIONAL WEATHER SERVICE LOUISVILLE KY
611 AM EDT TUE APR 1 2014

...................................

...THE LOUISVILLE KY CLIMATE SUMMARY FOR THE MONTH OF MARCH 2014...

CLIMATE NORMAL PERIOD 1981 TO 2010
CLIMATE RECORD PERIOD 1871 TO 2014

WEATHER         OBSERVED          NORMAL  DEPART  LAST YEAR`S
                 VALUE   DATE(S)  VALUE   FROM    VALUE  DATE(S)
                                          NORMAL
................................................................
TEMPERATURE (F)
RECORD
 HIGH              88   03/25/1929
                        03/24/1929
                        03/24/1910
 LOW                    03/06/1960
HIGHEST            77   03/11        MM      MM       73  03/16
LOWEST             14   03/04        MM      MM       21  03/21
AVG. MAXIMUM     55.5              57.9    -2.4     49.6
AVG. MINIMUM     32.2              37.8    -5.6     32.6
MEAN             43.9              47.8    -3.9     41.1
DAYS MAX >= 90      0               0.0     0.0        0
DAYS MAX <= 32      1               0.3     0.7        0
DAYS MIN <= 32     16               9.5     6.5       16
DAYS MIN <= 0       0               0.0     0.0        0

PRECIPITATION (INCHES)
RECORD
 MAXIMUM        17.52   1997
 MINIMUM         0.12   1910
TOTALS           2.30              4.17   -1.87     4.25
DAILY AVG.       0.07              0.13   -0.06     0.14
DAYS >= .01        10              11.9    -1.9       12
DAYS >= .10         5               7.9    -2.9        5
DAYS >= .50         2               2.8    -0.8        4
DAYS >= 1.00        0               0.8    -0.8        2
GREATEST
 24 HR. TOTAL    0.82   03/29 TO 03/29           03/11 TO 03/11
                                                          03/11 TO 03/11
                                                          03/11 TO 03/11
 STORM TOTAL       MM                                 MM
 (MM/DD(HH))            MM                    03/11(00) TO 03/11(00)
                                                 03/11(00) TO 03/11(00)1
                                                 03/11(00) TO 03/11(00)1

SNOWFALL (INCHES)
RECORDS
 TOTAL           22.9   5
                        0
 24 HR TOTAL     12.1   03/22/1968 TO 03/22/1968
 SNOW DEPTH        11   03/23/1968
TOTALS            4.1               1.4     2.7      1.7
 LIQUID EQUIV    0.41              0.10    0.31     0.17
SINCE 7/1        25.9              12.4    13.5      9.5
 LIQUID 7/1      2.59              1.20    1.39     0.95
SNOWDEPTH AVG.      0                MM      MM        0
DAYS >= TRACE       5               1.2     3.8       11
DAYS >= 1.0         1               0.4     0.6        0
GREATEST
 SNOW DEPTH         3   03/04                          0  MM
                        03/03
 24 HR TOTAL      2.3   MM                       03/11 TO 03/11
                                                          03/11 TO 03/11
                                                          03/11 TO 03/11
 STORM TOTAL       MM                                 MM
 (MM/DD(HH))            MM                    03/11(00) TO 03/11(00)
                                                 03/11(00) TO 03/11(00)1
                                                 03/11(00) TO 03/11(00)1

DEGREE_DAYS
HEATING TOTAL     648               538     110      735
 SINCE 7/1       4302              3779     523     3817
COOLING TOTAL       0                 6      -6        0
 SINCE 1/1          0                 6      -6        0

FREEZE DATES
RECORD
 EARLIEST     10/03/1974
 LATEST       05/10/1966
EARLIEST                        10/25
LATEST                          04/15
..................................................

WIND (MPH)
AVERAGE WIND SPEED              9.0
RESULTANT WIND SPEED/DIRECTION   1/300
HIGHEST WIND SPEED/DIRECTION    33/280    DATE  03/12
HIGHEST GUST SPEED/DIRECTION    45/200    DATE  03/27

SKY COVER
POSSIBLE SUNSHINE (PERCENT)   MM
AVERAGE SKY COVER           0.60
NUMBER OF DAYS FAIR            9
NUMBER OF DAYS PC             11
NUMBER OF DAYS CLOUDY         11

AVERAGE RH (PERCENT)     56

WEATHER CONDITIONS. NUMBER OF DAYS WITH
THUNDERSTORM              0     MIXED PRECIP               0
HEAVY RAIN                0     RAIN                       2
LIGHT RAIN                9     FREEZING RAIN              0
LT FREEZING RAIN          2     HAIL                       0
HEAVY SNOW                0     SNOW                       2
LIGHT SNOW                5     SLEET                      2
FOG                       9     FOG W/VIS <= 1/4 MILE      0
HAZE                     10

-  INDICATES NEGATIVE NUMBERS.
R  INDICATES RECORD WAS SET OR TIED.
MM INDICATES DATA IS MISSING.
T  INDICATES TRACE AMOUNT.

$$
