512
CXUS53 KLMK 021411
CLMSDF


CLIMATE REPORT
NATIONAL WEATHER SERVICE LOUISVILLE KY
909 AM EST MON NOV 2 2015

...................................

...THE LOUISVILLE KY CLIMATE SUMMARY FOR THE MONTH OF OCTOBER 2015...

CLIMATE NORMAL PERIOD 1981 TO 2010
CLIMATE RECORD PERIOD 1871 TO 2015

WEATHER         OBSERVED          NORMAL  DEPART  LAST YEAR`S
                 VALUE   DATE(S)  VALUE   FROM    VALUE  DATE(S)
                                          NORMAL
................................................................
TEMPERATURE (F)
RECORD
 HIGH              93   10/08/2007
                        10/07/2007
 LOW               23   10/22/1952
                        10/29/1925
HIGHEST            85   10/08        MM      MM       88  10/02
LOWEST             37   10/19        MM      MM       36  10/31
                        10/18
AVG. MAXIMUM     70.5              70.1     0.4     69.2
AVG. MINIMUM     51.6              48.9     2.7     50.1
MEAN             61.0              59.5     1.5     59.7
DAYS MAX >= 90      0               0.2    -0.2        0
DAYS MAX <= 32      0               0.0     0.0        0
DAYS MIN <= 32      0               0.4    -0.4        0
DAYS MIN <= 0       0               0.0     0.0        0

PRECIPITATION (INCHES)
RECORD
 MAXIMUM         9.94   2013
 MINIMUM         0.07   1908
TOTALS           4.95              3.22    1.73     3.51
DAILY AVG.       0.16              0.10    0.06     0.11
DAYS >= .01        10               7.7     2.3       12
DAYS >= .10         9               4.9     4.1       10
DAYS >= .50         3               2.1     0.9        3
DAYS >= 1.00        1               1.0     0.0        0
GREATEST
 24 HR. TOTAL    2.20   10/27 TO 10/28           10/13 TO 10/14
                                                          10/31 TO 10/31
                                                          10/31 TO 10/31
 STORM TOTAL       MM                                 MM
 (MM/DD(HH))            MM                    10/14(00) TO 10/14(00)
                                                 10/31(00) TO 10/31(00)1
                                                 10/31(00) TO 10/31(00)1

SNOWFALL (INCHES)
RECORDS
 TOTAL            3.5   5
                        0
 24 HR TOTAL      3.0   MM
 SNOW DEPTH         1   10/19/1989
TOTALS            0.0               0.1    -0.1        T
 LIQUID EQUIV    0.00                 T    0.00        T
SINCE 7/1         0.0               0.1    -0.1        T
 LIQUID 7/1      0.00              0.00    0.00       MM
SNOWDEPTH AVG.      0                MM      MM        0
DAYS >= TRACE       0               0.1    -0.1        1
DAYS >= 1.0         0               0.1    -0.1        0
GREATEST
 SNOW DEPTH         0   MM                             0  MM
 24 HR TOTAL      0.0   10/31 TO 10/31           10/31 TO 10/31
                                                          10/31 TO 10/31
                                                          10/31 TO 10/31
 STORM TOTAL       MM                                 MM
 (MM/DD(HH))            MM                    10/31(00) TO 10/31(00)
                                                 10/31(00) TO 10/31(00)1
                                                 10/31(00) TO 10/31(00)1

DEGREE_DAYS
HEATING TOTAL     159               212     -53      188
 SINCE 7/1        164               242     -78      201
COOLING TOTAL      48                42       6       30
 SINCE 1/1       1778              1609     169     1625

FREEZE DATES
RECORD
 EARLIEST     10/03/1974
 LATEST       05/10/1966
EARLIEST                        10/25
LATEST                          04/15
..................................................

WIND (MPH)
AVERAGE WIND SPEED              7.6
RESULTANT WIND SPEED/DIRECTION   1/039
HIGHEST WIND SPEED/DIRECTION    26/220    DATE  10/24
HIGHEST GUST SPEED/DIRECTION    33/220    DATE  10/24

SKY COVER
POSSIBLE SUNSHINE (PERCENT)   MM
AVERAGE SKY COVER           0.50
NUMBER OF DAYS FAIR           12
NUMBER OF DAYS PC              7
NUMBER OF DAYS CLOUDY         12

AVERAGE RH (PERCENT)     63

WEATHER CONDITIONS. NUMBER OF DAYS WITH
THUNDERSTORM              2     MIXED PRECIP               0
HEAVY RAIN                7     RAIN                       6
LIGHT RAIN               10     FREEZING RAIN              0
LT FREEZING RAIN          0     HAIL                       0
HEAVY SNOW                0     SNOW                       0
LIGHT SNOW                0     SLEET                      0
FOG                      12     FOG W/VIS <= 1/4 MILE      0
HAZE                      5

-  INDICATES NEGATIVE NUMBERS.
R  INDICATES RECORD WAS SET OR TIED.
MM INDICATES DATA IS MISSING.
T  INDICATES TRACE AMOUNT.

$$
