000
CXUS53 KLMK 011530
CLMSDF


CLIMATE REPORT
NATIONAL WEATHER SERVICE LOUISVILLE KY
1027 AM EST SAT FEB 1 2014

...................................

...THE LOUISVILLE KY CLIMATE SUMMARY FOR THE MONTH OF JANUARY 2014...

CLIMATE NORMAL PERIOD 1981 TO 2010
CLIMATE RECORD PERIOD 1871 TO 2014

WEATHER         OBSERVED          NORMAL  DEPART  LAST YEAR`S
                 VALUE   DATE(S)  VALUE   FROM    VALUE  DATE(S)
                                          NORMAL
................................................................
TEMPERATURE (F)
RECORD
 HIGH              77   01/25/1950
                        01/24/1943
 LOW              -22   01/19/1994
HIGHEST            56   01/05        MM      MM       71  01/30
LOWEST             -3   01/06        MM      MM       11  01/22
AVG. MAXIMUM     39.0              43.0    -4.0     46.3
AVG. MINIMUM     18.3              26.8    -8.5     29.7
MEAN             28.6              34.9    -6.3     38.0
DAYS MAX >= 90      0               0.0     0.0        0
DAYS MAX <= 32      8               5.3     2.7        4
DAYS MIN <= 32     26              20.8     5.2       22
DAYS MIN <= 0       2               0.5     1.5        0

PRECIPITATION (INCHES)
RECORD
 MAXIMUM        19.17   1937
 MINIMUM         0.45   1981
TOTALS           2.41              3.24   -0.83     5.10
DAILY AVG.       0.08              0.10   -0.02     0.16
DAYS >= .01        11              10.4     0.6       11
DAYS >= .10         6               5.9     0.1        7
DAYS >= .50         2               2.1    -0.1        3
DAYS >= 1.00        0               0.7    -0.7        1
GREATEST
 24 HR. TOTAL    0.98   01/11 TO 01/11           01/13 TO 01/13
                        01/10 TO 01/11                    01/13 TO 01/13
                        01/11 TO 01/11                    01/13 TO 01/13
 STORM TOTAL       MM                                 MM
 (MM/DD(HH))            MM                    01/13(00) TO 01/13(00)
                                                 01/13(00) TO 01/13(00)3
                                                 01/13(00) TO 01/13(00)3

SNOWFALL (INCHES)
RECORDS
 TOTAL           28.4   5
                        0
 24 HR TOTAL     15.9   01/16/1994 TO 01/17/1994
 SNOW DEPTH        19   01/20/1978
TOTALS            8.3               3.7     4.6      2.2
 LIQUID EQUIV    0.83              0.40    0.43     0.22
SINCE 7/1        14.1               6.5     7.6      4.9
 LIQUID 7/1      1.41              0.60    0.81     0.49
SNOWDEPTH AVG.      1                 2      -1        0
DAYS >= TRACE      13               3.6     9.4        5
DAYS >= 1.0         3               1.2     1.8        1
GREATEST
 SNOW DEPTH         3   01/25                          1  01/16
                        01/22                             01/15
 24 HR TOTAL      2.8   MM                       01/13 TO 01/13
                                                          01/13 TO 01/13
                                                          01/13 TO 01/13
 STORM TOTAL       MM                                 MM
 (MM/DD(HH))            MM                    01/13(00) TO 01/13(00)
                                                 01/13(00) TO 01/13(00)3
                                                 01/13(00) TO 01/13(00)3

DEGREE_DAYS
HEATING TOTAL    1119               933     186      831
 SINCE 7/1       2760              2509     251     2322
COOLING TOTAL       0                 0       0        0
 SINCE 1/1          0                 0       0        0

FREEZE DATES
RECORD
 EARLIEST     10/03/1974
 LATEST       05/10/1966
EARLIEST                        10/25
LATEST                          04/15
....................................................

WIND (MPH)
AVERAGE WIND SPEED              9.6
RESULTANT WIND SPEED/DIRECTION   5/232
HIGHEST WIND SPEED/DIRECTION    41/280    DATE  01/25
HIGHEST GUST SPEED/DIRECTION    55/290    DATE  01/25

SKY COVER
POSSIBLE SUNSHINE (PERCENT)   MM
AVERAGE SKY COVER           0.60
NUMBER OF DAYS FAIR            4
NUMBER OF DAYS PC             17
NUMBER OF DAYS CLOUDY         10

AVERAGE RH (PERCENT)     61

WEATHER CONDITIONS. NUMBER OF DAYS WITH
THUNDERSTORM              2     MIXED PRECIP               1
HEAVY RAIN                2     RAIN                       3
LIGHT RAIN                9     FREEZING RAIN              0
LT FREEZING RAIN          0     HAIL                       0
HEAVY SNOW                1     SNOW                       3
LIGHT SNOW               13     SLEET                      1
FOG                      12     FOG W/VIS <= 1/4 MILE      1
HAZE                      6

-  INDICATES NEGATIVE NUMBERS.
R  INDICATES RECORD WAS SET OR TIED.
MM INDICATES DATA IS MISSING.
T  INDICATES TRACE AMOUNT.

$$
