025
CXUS53 KLMK 011235
CLMSDF


CLIMATE REPORT
NATIONAL WEATHER SERVICE LOUISVILLE KY
734 AM EST SUN JAN 1 2017

...................................

...THE LOUISVILLE KY CLIMATE SUMMARY FOR THE MONTH OF DECEMBER 2016...

CLIMATE NORMAL PERIOD 1981 TO 2010
CLIMATE RECORD PERIOD 1871 TO 2016

WEATHER         OBSERVED          NORMAL  DEPART  LAST YEAR`S
                 VALUE   DATE(S)  VALUE   FROM    VALUE  DATE(S)
                                          NORMAL
................................................................
TEMPERATURE (F)
RECORD
 HIGH              76   12/26/2016
                        12/03/1982
                        07/10/1936
 LOW              -15   12/22/1989
HIGHEST            76R  12/26        MM      MM       73  12/12
LOWEST             13   12/19        MM      MM       28  12/04
                        12/15
AVG. MAXIMUM     45.4              45.8    -0.4     58.0
AVG. MINIMUM     30.5              30.0     0.5     42.0
MEAN             38.0              37.9     0.1     50.0
DAYS MAX >= 90      0               0.0     0.0        0
DAYS MAX <= 32      3               3.4    -0.4        0
DAYS MIN <= 32     19              17.8     1.2        7
DAYS MIN <= 0       0               0.3    -0.3        0

PRECIPITATION (INCHES)
RECORD
 MAXIMUM         8.86   1990
 MINIMUM         0.65   1976
TOTALS           5.30              3.83    1.47     6.58
DAILY AVG.       0.17              0.12    0.05     0.21
DAYS >= .01        12              12.0     0.0       10
DAYS >= .10         7               7.0     0.0        9
DAYS >= .50         2               2.5    -0.5        5
DAYS >= 1.00        1               0.9     0.1        2
GREATEST
 24 HR. TOTAL    2.54   12/17 TO 12/18           12/27 TO 12/28
                                                          12/31 TO 12/31
                                                          12/31 TO 12/31
 STORM TOTAL       MM                                 MM
 (MM/DD(HH))            MM                    12/28(00) TO 12/28(00)
                                                 12/31(00) TO 12/31(00)1
                                                 12/31(00) TO 12/31(00)1

SNOWFALL (INCHES)
RECORDS
 TOTAL           24.6   5
                        0
 24 HR TOTAL     15.0   12/07/1917 TO 12/08/1917
 SNOW DEPTH        14   12/08/1917
TOTALS            0.1               2.6    -2.5        T
 LIQUID EQUIV    0.01              0.30   -0.29       MM
SINCE 7/1         0.1               2.8    -2.7        T
 LIQUID 7/1      0.01              0.30   -0.29       MM
SNOWDEPTH AVG.      0                MM      MM        0
DAYS >= TRACE       6               2.9     3.1        2
DAYS >= 1.0         0               0.8    -0.8        0
GREATEST
 SNOW DEPTH         T   12/09                          0  MM
 24 HR TOTAL      0.1   MM                       12/31 TO 12/31
                                                          12/31 TO 12/31
                                                          12/31 TO 12/31
 STORM TOTAL       MM                                 MM
 (MM/DD(HH))            MM                    12/31(00) TO 12/31(00)
                                                 12/31(00) TO 12/31(00)1
                                                 12/31(00) TO 12/31(00)1

DEGREE_DAYS
HEATING TOTAL     831               841     -10      458
 SINCE 7/1       1298              1576    -278      982
COOLING TOTAL       1                 1       0        3
 SINCE 1/1       2083              1614     469     1790

FREEZE DATES
RECORD
 EARLIEST     10/03/1974
 LATEST       05/10/1966
EARLIEST                        10/25
LATEST                          04/15
..................................................

WIND (MPH)
AVERAGE WIND SPEED              8.6
RESULTANT WIND SPEED/DIRECTION   3/271
HIGHEST WIND SPEED/DIRECTION    31/290    DATE  12/30
HIGHEST GUST SPEED/DIRECTION    40/290    DATE  12/30

SKY COVER
POSSIBLE SUNSHINE (PERCENT)   MM
AVERAGE SKY COVER           0.70
NUMBER OF DAYS FAIR            3
NUMBER OF DAYS PC             10
NUMBER OF DAYS CLOUDY         18

AVERAGE RH (PERCENT)     61

WEATHER CONDITIONS. NUMBER OF DAYS WITH
THUNDERSTORM              0     MIXED PRECIP               0
HEAVY RAIN                5     RAIN                       8
LIGHT RAIN               11     FREEZING RAIN              0
LT FREEZING RAIN          0     HAIL                       0
HEAVY SNOW                0     SNOW                       1
LIGHT SNOW                6     SLEET                      0
FOG                      14     FOG W/VIS <= 1/4 MILE      2
HAZE                      9

-  INDICATES NEGATIVE NUMBERS.
R  INDICATES RECORD WAS SET OR TIED.
MM INDICATES DATA IS MISSING.
T  INDICATES TRACE AMOUNT.

$$
