000
CXUS53 KLMK 011219
CLMSDF


CLIMATE REPORT
NATIONAL WEATHER SERVICE LOUISVILLE KY
749 AM EDT MON SEP 1 2014

...................................

...THE LOUISVILLE KY CLIMATE SUMMARY FOR THE MONTH OF AUGUST 2014...

CLIMATE NORMAL PERIOD 1981 TO 2010
CLIMATE RECORD PERIOD 1871 TO 2014

WEATHER         OBSERVED          NORMAL  DEPART  LAST YEAR`S
                 VALUE   DATE(S)  VALUE   FROM    VALUE  DATE(S)
                                          NORMAL
................................................................
TEMPERATURE (F)
RECORD
 HIGH             105   08/16/2007
                        08/05/1918
                        08/12/1881
 LOW               45   08/31/1946
HIGHEST            94   08/27        MM      MM       96  08/28
                        08/26
                        08/25
LOWEST             60   08/13        MM      MM       54  08/15
AVG. MAXIMUM     87.2              88.3    -1.1     86.9
AVG. MINIMUM     69.8              68.5     1.3     68.6
MEAN             78.5              78.4     0.1     77.7
DAYS MAX >= 90     12              12.2    -0.2       11
DAYS MAX <= 32      0               0.0     0.0        0
DAYS MIN <= 32      0               0.0     0.0        0
DAYS MIN <= 0       0               0.0     0.0        0

PRECIPITATION (INCHES)
RECORD
 MAXIMUM        10.53   1888
 MINIMUM         0.15   1881
TOTALS           6.40              3.33    3.07     3.20
DAILY AVG.       0.21              0.11    0.10     0.10
DAYS >= .01        14               8.0     6.0        8
DAYS >= .10         8               5.5     2.5        6
DAYS >= .50         6               2.3     3.7        4
DAYS >= 1.00        2               0.9     1.1        0
GREATEST
 24 HR. TOTAL    2.42   08/08 TO 08/09           08/12 TO 08/13
                                                          08/31 TO 08/31
                                                          08/31 TO 08/31
 STORM TOTAL       MM                                 MM
 (MM/DD(HH))            MM                    08/13(00) TO 08/13(00)
                                                 08/31(00) TO 08/31(00)1
                                                 08/31(00) TO 08/31(00)1

SNOWFALL (INCHES)
RECORDS
 TOTAL             MM   5
 24 HR TOTAL       MM
 SNOW DEPTH        MM   MM
TOTALS            0.0               0.0     0.0      0.0
 LIQUID EQUIV    0.00              0.00    0.00     0.00
SINCE 7/1         0.0               0.0     0.0      0.0
 LIQUID 7/1      0.00              0.00    0.00     0.00
SNOWDEPTH AVG.      0                MM      MM        0
DAYS >= TRACE       0               0.0     0.0        0
DAYS >= 1.0         0               0.0     0.0        0
GREATEST
 SNOW DEPTH         0   MM                             0  MM
 24 HR TOTAL      0.0   08/31 TO 08/31           08/31 TO 08/31
                                                          08/31 TO 08/31
                                                          08/31 TO 08/31
 STORM TOTAL       MM                                 MM
 (MM/DD(HH))            MM                    08/31(00) TO 08/31(00)
                                                 08/31(00) TO 08/31(00)1
                                                 08/31(00) TO 08/31(00)1

DEGREE_DAYS
HEATING TOTAL       0                 0       0        0
 SINCE 7/1          0                 0       0        0
COOLING TOTAL     424               416       8      403
 SINCE 1/1       1392              1357      35     1340

FREEZE DATES
RECORD
 EARLIEST     10/03/1974
 LATEST       05/10/1966
EARLIEST                        10/25
LATEST                          04/15
..................................................

WIND (MPH)
AVERAGE WIND SPEED              5.8
RESULTANT WIND SPEED/DIRECTION   1/206
HIGHEST WIND SPEED/DIRECTION    40/010    DATE  08/27
HIGHEST GUST SPEED/DIRECTION    58/360    DATE  08/27

SKY COVER
POSSIBLE SUNSHINE (PERCENT)   MM
AVERAGE SKY COVER           0.60
NUMBER OF DAYS FAIR            6
NUMBER OF DAYS PC             15
NUMBER OF DAYS CLOUDY         10

AVERAGE RH (PERCENT)     71

WEATHER CONDITIONS. NUMBER OF DAYS WITH
THUNDERSTORM              8     MIXED PRECIP               0
HEAVY RAIN                7     RAIN                       6
LIGHT RAIN               15     FREEZING RAIN              0
LT FREEZING RAIN          0     HAIL                       0
HEAVY SNOW                0     SNOW                       0
LIGHT SNOW                0     SLEET                      0
FOG                      17     FOG W/VIS <= 1/4 MILE      0
HAZE                     16

-  INDICATES NEGATIVE NUMBERS.
R  INDICATES RECORD WAS SET OR TIED.
MM INDICATES DATA IS MISSING.
T  INDICATES TRACE AMOUNT.

$$
