000
CXUS53 KLMK 011053
CLMSDF


CLIMATE REPORT
NATIONAL WEATHER SERVICE LOUISVILLE KY
651 AM EDT FRI JUL 1 2016

...................................

...THE LOUISVILLE KY CLIMATE SUMMARY FOR THE MONTH OF JUNE 2016...

CLIMATE NORMAL PERIOD 1981 TO 2010
CLIMATE RECORD PERIOD 1871 TO 2016

WEATHER         OBSERVED          NORMAL  DEPART  LAST YEAR`S
                 VALUE   DATE(S)  VALUE   FROM    VALUE  DATE(S)
                                          NORMAL
................................................................
TEMPERATURE (F)
RECORD
 HIGH             105   06/29/2012
 LOW               42   06/01/1966
HIGHEST            95   06/12        MM      MM       94  06/15
LOWEST             56   06/09        MM      MM       57  06/02
                                                          06/01
AVG. MAXIMUM     87.7              85.3     2.4     86.2
AVG. MINIMUM     68.8              66.0     2.8     68.5
MEAN             78.2              75.6     2.6     77.3
DAYS MAX >= 90     11               7.2     3.8       14
DAYS MAX <= 32      0               0.0     0.0        0
DAYS MIN <= 32      0               0.0     0.0        0
DAYS MIN <= 0       0               0.0     0.0        0

PRECIPITATION (INCHES)
RECORD
 MAXIMUM        10.11   1960
 MINIMUM         0.35   1936
TOTALS           4.25              3.79    0.46     6.82
DAILY AVG.       0.14              0.13    0.01     0.23
DAYS >= .01        10              10.3    -0.3       13
DAYS >= .10         7               7.1    -0.1       11
DAYS >= .50         2               2.5    -0.5        5
DAYS >= 1.00        2               1.0     1.0        3
GREATEST
 24 HR. TOTAL    1.77   06/22 TO 06/23           06/25 TO 06/26
                                                          06/30 TO 06/30
                                                          06/30 TO 06/30
 STORM TOTAL       MM                                 MM
 (MM/DD(HH))            MM                    06/26(00) TO 06/26(00)
                                                 06/30(00) TO 06/30(00)0
                                                 06/30(00) TO 06/30(00)0

SNOWFALL (INCHES)
RECORDS
 TOTAL             MM   5
 24 HR TOTAL       MM
 SNOW DEPTH        MM   MM
TOTALS            0.0               0.0     0.0      0.0
 LIQUID EQUIV    0.00              0.00    0.00     0.00
SINCE 7/1        14.9              12.5     2.4     27.6
 LIQUID 7/1      1.49              1.20    0.29     2.76
SNOWDEPTH AVG.      0                MM      MM        0
DAYS >= TRACE       0               0.0     0.0        0
DAYS >= 1.0         0               0.0     0.0        0
GREATEST
 SNOW DEPTH         0   MM                             0  MM
 24 HR TOTAL      0.0   06/30 TO 06/30           06/30 TO 06/30
                                                          06/30 TO 06/30
                                                          06/30 TO 06/30
 STORM TOTAL       MM                                 MM
 (MM/DD(HH))            MM                    06/30(00) TO 06/30(00)
                                                 06/30(00) TO 06/30(00)0
                                                 06/30(00) TO 06/30(00)0

DEGREE_DAYS
HEATING TOTAL       0                 5      -5        6
 SINCE 7/1       3252              4097    -845     4393
COOLING TOTAL     405               324      81      386
 SINCE 1/1        598               498     100      637

FREEZE DATES
RECORD
 EARLIEST     10/03/1974
 LATEST       05/10/1966
EARLIEST      11/14             10/25
LATEST        03/06             04/15
.................................................

WIND (MPH)
AVERAGE WIND SPEED              7.2
RESULTANT WIND SPEED/DIRECTION   2/251
HIGHEST WIND SPEED/DIRECTION    36/290    DATE  06/07
HIGHEST GUST SPEED/DIRECTION    47/290    DATE  06/07

SKY COVER
POSSIBLE SUNSHINE (PERCENT)   MM
AVERAGE SKY COVER           0.50
NUMBER OF DAYS FAIR           10
NUMBER OF DAYS PC             15
NUMBER OF DAYS CLOUDY          5

AVERAGE RH (PERCENT)     63

WEATHER CONDITIONS. NUMBER OF DAYS WITH
THUNDERSTORM              8     MIXED PRECIP               0
HEAVY RAIN                7     RAIN                       8
LIGHT RAIN               12     FREEZING RAIN              0
LT FREEZING RAIN          0     HAIL                       0
HEAVY SNOW                0     SNOW                       0
LIGHT SNOW                0     SLEET                      0
FOG                       9     FOG W/VIS <= 1/4 MILE      1
HAZE                      7

-  INDICATES NEGATIVE NUMBERS.
R  INDICATES RECORD WAS SET OR TIED.
MM INDICATES DATA IS MISSING.
T  INDICATES TRACE AMOUNT.

$$
