000
CXUS53 KLMK 011130
CLMSDF

CLIMATE REPORT
NATIONAL WEATHER SERVICE LOUISVILLE KY
629 AM EST SAT MAR 1 2014

...................................

...THE LOUISVILLE KY CLIMATE SUMMARY FOR THE MONTH OF FEBRUARY 2014...

CLIMATE NORMAL PERIOD 1981 TO 2010
CLIMATE RECORD PERIOD 1871 TO 2014

WEATHER         OBSERVED          NORMAL  DEPART  LAST YEAR`S
                 VALUE   DATE(S)  VALUE   FROM    VALUE  DATE(S)
                                          NORMAL
................................................................
TEMPERATURE (F)
RECORD
 HIGH              78   02/10/1932
                        02/10/1887
                        02/16/1883
 LOW              -19   02/02/1951
HIGHEST            72   02/20        MM      MM       67  02/07
LOWEST              6   02/11        MM      MM        9  02/01
                        02/07
AVG. MAXIMUM     41.3              47.8    -6.5     46.7
AVG. MINIMUM     24.4              29.9    -5.5     28.7
MEAN             32.9              38.8    -5.9     37.7
DAYS MAX >= 90      0               0.0     0.0        0
DAYS MAX <= 32      7               2.6     4.4        2
DAYS MIN <= 32     22              16.2     5.8       17
DAYS MIN <= 0       0               0.1    -0.1        0

PRECIPITATION (INCHES)
RECORD
 MAXIMUM         9.84   1884
 MINIMUM         0.12   1947
TOTALS           3.75              3.18    0.57     1.92
DAILY AVG.       0.13              0.11    0.02     0.07
DAYS >= .01        12              10.1     1.9       11
DAYS >= .10         6               5.6     0.4        8
DAYS >= .50         3               2.2     0.8        1
DAYS >= 1.00        1               0.7     0.3        0
GREATEST
 24 HR. TOTAL    1.50   02/04 TO 02/05           02/26 TO 02/26
                                                          02/13 TO 02/13
                                                          02/13 TO 02/13
 STORM TOTAL       MM                                 MM
 (MM/DD(HH))            MM                    02/26(00) TO 02/26(00)
                                                 02/13(00) TO 02/13(00)3
                                                 02/13(00) TO 02/13(00)3

SNOWFALL (INCHES)
RECORDS
 TOTAL           19.3   5
                        0
 24 HR TOTAL     12.5   02/04/1998 TO 02/05/1998
 SNOW DEPTH        18   02/06/1998
TOTALS            7.7               4.5     3.2      3.2
 LIQUID EQUIV    0.77              0.40    0.37     0.32
SINCE 7/1        21.8              11.0    10.8      8.1
 LIQUID 7/1      2.18              1.10    1.08     0.81
SNOWDEPTH AVG.      1                MM      MM        0
DAYS >= TRACE      14               3.6    10.4        7
DAYS >= 1.0         2               1.1     0.9        2
GREATEST
 SNOW DEPTH         5   02/03                          2  02/01
 24 HR TOTAL      3.1   MM                       02/13 TO 02/13
                                                          02/13 TO 02/13
                                                          02/13 TO 02/13
 STORM TOTAL       MM                                 MM
 (MM/DD(HH))            MM                    02/13(00) TO 02/13(00)
                                                 02/13(00) TO 02/13(00)3
                                                 02/13(00) TO 02/13(00)3

DEGREE_DAYS
HEATING TOTAL     894               732     162      760
 SINCE 7/1       3654              3241     413     3082
COOLING TOTAL       0                 0       0        0
 SINCE 1/1          0                 0       0        0

FREEZE DATES
RECORD
 EARLIEST     10/03/1974
 LATEST       05/10/1966
EARLIEST                        10/25
LATEST                          04/15
....................................................

WIND (MPH)
AVERAGE WIND SPEED              8.2
RESULTANT WIND SPEED/DIRECTION   2/294
HIGHEST WIND SPEED/DIRECTION    38/280    DATE  02/20
HIGHEST GUST SPEED/DIRECTION    47/280    DATE  02/20

SKY COVER
POSSIBLE SUNSHINE (PERCENT)   MM
AVERAGE SKY COVER           0.70
NUMBER OF DAYS FAIR            3
NUMBER OF DAYS PC             13
NUMBER OF DAYS CLOUDY         12

AVERAGE RH (PERCENT)     63

WEATHER CONDITIONS. NUMBER OF DAYS WITH
THUNDERSTORM              0     MIXED PRECIP               1
HEAVY RAIN                3     RAIN                       5
LIGHT RAIN                8     FREEZING RAIN              1
LT FREEZING RAIN          2     HAIL                       0
HEAVY SNOW                0     SNOW                       5
LIGHT SNOW               14     SLEET                      2
FOG                      12     FOG W/VIS <= 1/4 MILE      1
HAZE                     12

-  INDICATES NEGATIVE NUMBERS.
R  INDICATES RECORD WAS SET OR TIED.
MM INDICATES DATA IS MISSING.
T  INDICATES TRACE AMOUNT.

$$
