000
CXUS53 KLMK 071325
CLMSDF


CLIMATE REPORT
NATIONAL WEATHER SERVICE LOUISVILLE KY
825 AM EST THU NOV 7 2013

...................................

...THE LOUISVILLE KY CLIMATE SUMMARY FOR THE MONTH OF OCTOBER 2013...

CLIMATE NORMAL PERIOD 1981 TO 2010
CLIMATE RECORD PERIOD 1871 TO 2013

WEATHER         OBSERVED          NORMAL  DEPART  LAST YEAR`S
                 VALUE   DATE(S)  VALUE   FROM    VALUE  DATE(S)
                                          NORMAL
................................................................
TEMPERATURE (F)
RECORD
 HIGH              93   10/08/2007
                        10/07/2007
 LOW               23   10/22/1952
                        10/29/1925
HIGHEST            86   10/04        MM      MM       81  10/25
                                                          10/24
                                                          10/23
LOWEST             30   10/25        MM      MM       35  10/11
AVG. MAXIMUM     69.0              70.1    -1.1     67.1
AVG. MINIMUM     49.2              48.9     0.3     47.5
MEAN             59.1              59.5    -0.4     57.3
DAYS MAX >= 90      0               0.2    -0.2        0
DAYS MAX <= 32      0               0.0     0.0        0
DAYS MIN <= 32      2               0.4     1.6        0
DAYS MIN <= 0       0               0.0     0.0        0

PRECIPITATION (INCHES)
RECORD
 MAXIMUM         8.86   2007
 MINIMUM         0.07   1908
TOTALS           9.94R             3.22    6.72     2.39
DAILY AVG.       0.32              0.10    0.22     0.08
DAYS >= .01        12               7.7     4.3        8
DAYS >= .10         7               4.9     2.1        4
DAYS >= .50         3               2.1     0.9        2
DAYS >= 1.00        3               1.0     2.0        1
GREATEST
 24 HR. TOTAL    6.97   10/05 TO 10/06           10/01 TO 10/01
                                                          10/31 TO 10/31
                                                          10/31 TO 10/31
 STORM TOTAL       MM                                 MM
 (MM/DD(HH))            MM                    10/01(00) TO 10/01(00)
                                                 10/31(00) TO 10/31(00)1
                                                 10/31(00) TO 10/31(00)1

SNOWFALL (INCHES)
RECORDS
 TOTAL            3.5   5
                        0
 24 HR TOTAL      3.0   MM
 SNOW DEPTH         1   10/19/1989
TOTALS              T               0.1    -0.1      0.0
 LIQUID EQUIV      MM                 T      MM     0.00
SINCE 7/1           T               0.1    -0.1      0.0
 LIQUID 7/1        MM              0.00      MM     0.00
SNOWDEPTH AVG.      0                MM      MM        0
DAYS >= TRACE       1               0.1     0.9        0
DAYS >= 1.0         0               0.1    -0.1        0
GREATEST
 SNOW DEPTH         0   MM                             0  MM
 24 HR TOTAL        T   10/24 TO 10/24           10/31 TO 10/31
                                                          10/31 TO 10/31
                                                          10/31 TO 10/31
 STORM TOTAL       MM                                 MM
 (MM/DD(HH))            MM                    10/31(00) TO 10/31(00)
                                                 10/31(00) TO 10/31(00)1
                                                 10/31(00) TO 10/31(00)1

DEGREE_DAYS
HEATING TOTAL     227               212      15      258
 SINCE 7/1        233               242      -9      290
COOLING TOTAL      53                42      11       27
 SINCE 1/1       1628              1609      19     1948

FREEZE DATES
RECORD
 EARLIEST     10/03/1974
 LATEST       05/10/1966
EARLIEST      10/25             10/25
LATEST                          04/15
..................................................

WIND (MPH)
AVERAGE WIND SPEED              5.5
RESULTANT WIND SPEED/DIRECTION   2/220
HIGHEST WIND SPEED/DIRECTION    38/290    DATE  10/31
HIGHEST GUST SPEED/DIRECTION    49/290    DATE  10/31

SKY COVER
POSSIBLE SUNSHINE (PERCENT)   MM
AVERAGE SKY COVER           0.50
NUMBER OF DAYS FAIR           11
NUMBER OF DAYS PC             10
NUMBER OF DAYS CLOUDY         10

AVERAGE RH (PERCENT)     70

WEATHER CONDITIONS. NUMBER OF DAYS WITH
THUNDERSTORM              0     MIXED PRECIP               0
HEAVY RAIN                6     RAIN                       7
LIGHT RAIN               16     FREEZING RAIN              0
LT FREEZING RAIN          0     HAIL                       0
HEAVY SNOW                0     SNOW                       0
LIGHT SNOW                1     SLEET                      0
FOG                      18     FOG W/VIS <= 1/4 MILE      2
HAZE                      6

-  INDICATES NEGATIVE NUMBERS.
R  INDICATES RECORD WAS SET OR TIED.
MM INDICATES DATA IS MISSING.
T  INDICATES TRACE AMOUNT.

$$
