000
CXUS53 KLMK 021418
CLMSDF


CLIMATE REPORT
NATIONAL WEATHER SERVICE LOUISVILLE KY
913 AM EST THU MAR 2 2017

...................................

...THE LOUISVILLE KY CLIMATE SUMMARY FOR THE MONTH OF FEBRUARY 2017...

CLIMATE NORMAL PERIOD 1981 TO 2010
CLIMATE RECORD PERIOD 1871 TO 2017

WEATHER         OBSERVED          NORMAL  DEPART  LAST YEAR`S
                 VALUE   DATE(S)  VALUE   FROM    VALUE  DATE(S)
                                          NORMAL
................................................................
TEMPERATURE (F)
RECORD
 HIGH              81   02/24/2017
 LOW              -19   02/02/1951
HIGHEST            81R  02/24        MM      MM       76  02/20
LOWEST             16   02/04        MM      MM       15  02/13
AVG. MAXIMUM     58.8              47.8    11.0     49.2
AVG. MINIMUM     39.2              29.9     9.3     31.4
MEAN             49.0              38.8    10.2     40.3
DAYS MAX >= 90      0               0.0     0.0        0
DAYS MAX <= 32      0               2.6    -2.6        4
DAYS MIN <= 32      9              16.2    -7.2       16
DAYS MIN <= 0       0               0.1    -0.1        0

PRECIPITATION (INCHES)
RECORD
 MAXIMUM         9.84   1884
 MINIMUM         0.12   1947
TOTALS           2.06              3.18   -1.12     4.81
DAILY AVG.       0.07              0.11   -0.04     0.17
DAYS >= .01         6              10.1    -4.1       12
DAYS >= .10         4               5.6    -1.6        9
DAYS >= .50         2               2.2    -0.2        3
DAYS >= 1.00        0               0.7    -0.7        2
GREATEST
 24 HR. TOTAL    0.86   02/24 TO 02/24           02/23 TO 02/24
                        02/23 TO 02/24                    02/14 TO 02/14
                        02/24 TO 02/24                    02/14 TO 02/14
 STORM TOTAL       MM                                 MM
 (MM/DD(HH))            MM                    02/24(00) TO 02/24(00)
                                                 02/14(00) TO 02/14(00)4
                                                 02/14(00) TO 02/14(00)4

SNOWFALL (INCHES)
RECORDS
 TOTAL           19.3   5
                        0
 24 HR TOTAL     12.5   02/04/1998 TO 02/05/1998
 SNOW DEPTH        18   02/06/1998
TOTALS              T               4.5    -4.5      6.2
 LIQUID EQUIV       T              0.40   -0.40     0.62
SINCE 7/1         2.7              11.0    -8.3     14.4
 LIQUID 7/1      0.27              1.10   -0.83     1.44
SNOWDEPTH AVG.      0                MM      MM        0
DAYS >= TRACE       3               3.6    -0.6       11
DAYS >= 1.0         0               1.1    -1.1        3
GREATEST
 SNOW DEPTH         0   MM                             3  02/15
 24 HR TOTAL        T   02/25 TO 02/25           02/14 TO 02/14
                                                          02/14 TO 02/14
                                                          02/14 TO 02/14
 STORM TOTAL       MM                                 MM
 (MM/DD(HH))            MM                    02/14(00) TO 02/14(00)
                                                 02/14(00) TO 02/14(00)4
                                                 02/14(00) TO 02/14(00)4

DEGREE_DAYS
HEATING TOTAL     446               732    -286      706
 SINCE 7/1       2465              3241    -776     2622
COOLING TOTAL       5                 0       5        0
 SINCE 1/1          5                 0       5        0

FREEZE DATES
RECORD
 EARLIEST     10/03/1974
 LATEST       05/10/1966
EARLIEST                        10/25
LATEST                          04/15
.....................................................

WIND (MPH)
AVERAGE WIND SPEED              9.0
RESULTANT WIND SPEED/DIRECTION   4/231
HIGHEST WIND SPEED/DIRECTION    33/180    DATE  02/07
HIGHEST GUST SPEED/DIRECTION    43/180    DATE  02/07

SKY COVER
POSSIBLE SUNSHINE (PERCENT)   MM
AVERAGE SKY COVER           0.70
NUMBER OF DAYS FAIR            2
NUMBER OF DAYS PC             12
NUMBER OF DAYS CLOUDY         14

AVERAGE RH (PERCENT)     56

WEATHER CONDITIONS. NUMBER OF DAYS WITH
THUNDERSTORM              3     MIXED PRECIP               0
HEAVY RAIN                3     RAIN                       4
LIGHT RAIN                9     FREEZING RAIN              0
LT FREEZING RAIN          0     HAIL                       0
HEAVY SNOW                0     SNOW                       0
LIGHT SNOW                3     SLEET                      0
FOG                      10     FOG W/VIS <= 1/4 MILE      1
HAZE                      7

-  INDICATES NEGATIVE NUMBERS.
R  INDICATES RECORD WAS SET OR TIED.
MM INDICATES DATA IS MISSING.
T  INDICATES TRACE AMOUNT.

$$
