000
CXUS53 KLMK 011413
CLMSDF


CLIMATE REPORT
NATIONAL WEATHER SERVICE LOUISVILLE KY
1002 AM EDT WED JUL 1 2015

...................................

...THE LOUISVILLE KY CLIMATE SUMMARY FOR THE MONTH OF JUNE 2015...

CLIMATE NORMAL PERIOD 1981 TO 2010
CLIMATE RECORD PERIOD 1871 TO 2015

WEATHER         OBSERVED          NORMAL  DEPART  LAST YEAR`S
                 VALUE   DATE(S)  VALUE   FROM    VALUE  DATE(S)
                                          NORMAL
................................................................
TEMPERATURE (F)
RECORD
 HIGH             105   06/29/2012
 LOW               42   06/01/1966
HIGHEST            94   06/15        MM      MM       94  06/23
                                                          06/19
LOWEST             57   06/02        MM      MM       56  06/14
                        06/01
AVG. MAXIMUM     86.2              85.3     0.9     86.7
AVG. MINIMUM     68.5              66.0     2.5     69.0
MEAN             77.3              75.6     1.7     77.8
DAYS MAX >= 90     14               7.2     6.8       11
DAYS MAX <= 32      0               0.0     0.0        0
DAYS MIN <= 32      0               0.0     0.0        0
DAYS MIN <= 0       0               0.0     0.0        0

PRECIPITATION (INCHES)
RECORD
 MAXIMUM        10.11   1960
 MINIMUM         0.35   1936
TOTALS           6.82              3.79    3.03     1.65
DAILY AVG.       0.23              0.13    0.10     0.05
DAYS >= .01        13              10.3     2.7       11
DAYS >= .10        11               7.1     3.9        4
DAYS >= .50         5               2.5     2.5        1
DAYS >= 1.00        3               1.0     2.0        0
GREATEST
 24 HR. TOTAL    1.84   06/25 TO 06/26           06/23 TO 06/24
                                                          06/30 TO 06/30
                                                          06/30 TO 06/30
 STORM TOTAL       MM                                 MM
 (MM/DD(HH))            MM                    06/24(00) TO 06/24(00)
                                                 06/30(00) TO 06/30(00)0
                                                 06/30(00) TO 06/30(00)0

SNOWFALL (INCHES)
RECORDS
 TOTAL             MM   5
 24 HR TOTAL       MM
 SNOW DEPTH        MM   MM
TOTALS            0.0               0.0     0.0      0.0
 LIQUID EQUIV    0.00              0.00    0.00     0.00
SINCE 7/1        27.6              12.5    15.1     26.0
 LIQUID 7/1      2.76              1.20    1.56     2.60
SNOWDEPTH AVG.      0                MM      MM        0
DAYS >= TRACE       0               0.0     0.0        0
DAYS >= 1.0         0               0.0     0.0        0
GREATEST
 SNOW DEPTH         0   MM                             0  MM
 24 HR TOTAL      0.0   06/30 TO 06/30           06/30 TO 06/30
                                                          06/30 TO 06/30
                                                          06/30 TO 06/30
 STORM TOTAL       MM                                 MM
 (MM/DD(HH))            MM                    06/30(00) TO 06/30(00)
                                                 06/30(00) TO 06/30(00)0
                                                 06/30(00) TO 06/30(00)0

DEGREE_DAYS
HEATING TOTAL       6                 5       1        0
 SINCE 7/1       4393              4097     296     4547
COOLING TOTAL     386               324      62      393
 SINCE 1/1        637               498     139      627

FREEZE DATES
RECORD
 EARLIEST     10/03/1974
 LATEST       05/10/1966
EARLIEST      12/11             10/25
LATEST        03/29             04/15
.................................................

WIND (MPH)
AVERAGE WIND SPEED              8.2
RESULTANT WIND SPEED/DIRECTION   3/234
HIGHEST WIND SPEED/DIRECTION    41/200    DATE  06/26
HIGHEST GUST SPEED/DIRECTION    57/200    DATE  06/26

SKY COVER
POSSIBLE SUNSHINE (PERCENT)   MM
AVERAGE SKY COVER           0.70
NUMBER OF DAYS FAIR            1
NUMBER OF DAYS PC             16
NUMBER OF DAYS CLOUDY         13

AVERAGE RH (PERCENT)     67

WEATHER CONDITIONS. NUMBER OF DAYS WITH
THUNDERSTORM              0     MIXED PRECIP               0
HEAVY RAIN                8     RAIN                       9
LIGHT RAIN               14     FREEZING RAIN              0
LT FREEZING RAIN          0     HAIL                       0
HEAVY SNOW                0     SNOW                       0
LIGHT SNOW                0     SLEET                      0
FOG                      15     FOG W/VIS <= 1/4 MILE      1
HAZE                      7

-  INDICATES NEGATIVE NUMBERS.
R  INDICATES RECORD WAS SET OR TIED.
MM INDICATES DATA IS MISSING.
T  INDICATES TRACE AMOUNT.

$$
