000
CXUS53 KLMK 011413
CLMSDF


CLIMATE REPORT
NATIONAL WEATHER SERVICE LOUISVILLE KY
1004 AM EDT TUE JUL 1 2014

...................................

...THE LOUISVILLE KY CLIMATE SUMMARY FOR THE MONTH OF JUNE 2014...

CLIMATE NORMAL PERIOD 1981 TO 2010
CLIMATE RECORD PERIOD 1871 TO 2014

WEATHER         OBSERVED          NORMAL  DEPART  LAST YEAR`S
                 VALUE   DATE(S)  VALUE   FROM    VALUE  DATE(S)
                                          NORMAL
................................................................
TEMPERATURE (F)
RECORD
 HIGH             105   06/29/2012
 LOW               42   06/01/1966
HIGHEST            94   06/23        MM      MM       93  06/25
                        06/19                             06/12
LOWEST             56   06/14        MM      MM       55  06/04
AVG. MAXIMUM     86.7              85.3     1.4     85.1
AVG. MINIMUM     69.0              66.0     3.0     66.7
MEAN             77.8              75.6     2.2     75.9
DAYS MAX >= 90     11               7.2     3.8        6
DAYS MAX <= 32      0               0.0     0.0        0
DAYS MIN <= 32      0               0.0     0.0        0
DAYS MIN <= 0       0               0.0     0.0        0

PRECIPITATION (INCHES)
RECORD
 MAXIMUM        10.11   1960
 MINIMUM         0.35   1936
TOTALS           1.65              3.79   -2.14     4.30
DAILY AVG.       0.05              0.13   -0.08     0.14
DAYS >= .01        11              10.3     0.7       11
DAYS >= .10         4               7.1    -3.1        7
DAYS >= .50         1               2.5    -1.5        2
DAYS >= 1.00        0               1.0    -1.0        1
GREATEST
 24 HR. TOTAL    0.65   06/23 TO 06/24           06/26 TO 06/26
                                                          06/25 TO 06/26
                                                          06/26 TO 06/26
 STORM TOTAL       MM                                 MM
 (MM/DD(HH))            MM                    06/26(00) TO 06/26(00)
                                                 06/26(00) TO 06/26(00)6
                                                 06/26(00) TO 06/26(00)6

SNOWFALL (INCHES)
RECORDS
 TOTAL             MM   5
 24 HR TOTAL       MM
 SNOW DEPTH        MM   MM
TOTALS            0.0               0.0     0.0      0.0
 LIQUID EQUIV    0.00              0.00    0.00     0.00
SINCE 7/1        26.0              12.5    13.5      9.8
 LIQUID 7/1      2.60              1.20    1.40     0.98
SNOWDEPTH AVG.      0                MM      MM        0
DAYS >= TRACE       0               0.0     0.0        0
DAYS >= 1.0         0               0.0     0.0        0
GREATEST
 SNOW DEPTH         0   MM                             0  MM
 24 HR TOTAL      0.0   06/30 TO 06/30           06/30 TO 06/30
                                                          06/26 TO 06/26
                                                          06/26 TO 06/26
 STORM TOTAL       MM                                 MM
 (MM/DD(HH))            MM                    06/30(00) TO 06/30(00)
                                                 06/26(00) TO 06/26(00)6
                                                 06/26(00) TO 06/26(00)6

DEGREE_DAYS
HEATING TOTAL       0                 5      -5        0
 SINCE 7/1       4547              4097     450     4115
COOLING TOTAL     393               324      69      335
 SINCE 1/1        627               498     129      563

FREEZE DATES
RECORD
 EARLIEST     10/03/1974
 LATEST       05/10/1966
EARLIEST                        10/25
LATEST                          04/15
.......................................................

WIND (MPH)
AVERAGE WIND SPEED              7.6
RESULTANT WIND SPEED/DIRECTION   4/201
HIGHEST WIND SPEED/DIRECTION    26/230    DATE  06/23
HIGHEST GUST SPEED/DIRECTION    34/170    DATE  06/24

SKY COVER
POSSIBLE SUNSHINE (PERCENT)   MM
AVERAGE SKY COVER           0.60
NUMBER OF DAYS FAIR            3
NUMBER OF DAYS PC             15
NUMBER OF DAYS CLOUDY         10

AVERAGE RH (PERCENT)     66

WEATHER CONDITIONS. NUMBER OF DAYS WITH
THUNDERSTORM              6     MIXED PRECIP               0
HEAVY RAIN                3     RAIN                       2
LIGHT RAIN               15     FREEZING RAIN              0
LT FREEZING RAIN          0     HAIL                       0
HEAVY SNOW                0     SNOW                       0
LIGHT SNOW                0     SLEET                      0
FOG                      14     FOG W/VIS <= 1/4 MILE      0
HAZE                     10

-  INDICATES NEGATIVE NUMBERS.
R  INDICATES RECORD WAS SET OR TIED.
MM INDICATES DATA IS MISSING.
T  INDICATES TRACE AMOUNT.

$$
