000
CXUS53 KLMK 011824
CLMSDF


CLIMATE REPORT
NATIONAL WEATHER SERVICE LOUISVILLE KY
121 PM EST TUE MAR 1 2016

...................................

...THE LOUISVILLE KY CLIMATE SUMMARY FOR THE MONTH OF FEBRUARY 2016...

CLIMATE NORMAL PERIOD 1981 TO 2010
CLIMATE RECORD PERIOD 1871 TO 2016

WEATHER         OBSERVED          NORMAL  DEPART  LAST YEAR`S
                 VALUE   DATE(S)  VALUE   FROM    VALUE  DATE(S)
                                          NORMAL
................................................................
TEMPERATURE (F)
RECORD
 HIGH              78   02/10/1932
                        02/10/1887
                        02/16/1883
 LOW              -19   02/02/1951
HIGHEST            76   02/20        MM      MM       64  02/07
LOWEST             15   02/13        MM      MM       -6  02/20
AVG. MAXIMUM     49.2              47.8     1.4     37.0
AVG. MINIMUM     31.4              29.9     1.5     18.5
MEAN             40.3              38.8     1.5     27.8
DAYS MAX >= 90      0               0.0     0.0        0
DAYS MAX <= 32      4               2.6     1.4       10
DAYS MIN <= 32     16              16.2    -0.2       25
DAYS MIN <= 0       0               0.1    -0.1        2

PRECIPITATION (INCHES)
RECORD
 MAXIMUM         9.84   1884
 MINIMUM         0.12   1947
TOTALS           4.81              3.18    1.63     2.23
DAILY AVG.       0.17                MM      MM     0.08
DAYS >= .01        12              10.1     1.9        7
DAYS >= .10         9               5.6     3.4        3
DAYS >= .50         3               2.2     0.8        2
DAYS >= 1.00        2               0.7     1.3        0
GREATEST
 24 HR. TOTAL    1.85   02/23 TO 02/24           02/20 TO 02/21
                                                          02/16 TO 02/16
                                                          02/16 TO 02/16
 STORM TOTAL       MM                                 MM
 (MM/DD(HH))            MM                    02/21(00) TO 02/21(00)
                                                 02/16(00) TO 02/16(00)6
                                                 02/16(00) TO 02/16(00)6

SNOWFALL (INCHES)
RECORDS
 TOTAL           19.3   5
                        0
 24 HR TOTAL     12.5   02/04/1998 TO 02/05/1998
 SNOW DEPTH        18   02/06/1998
TOTALS            6.2               4.5     1.7     10.9
 LIQUID EQUIV    0.62              0.40    0.22     0.85
SINCE 7/1        14.4              11.0     3.4     15.7
 LIQUID 7/1      1.44              1.10    0.34     1.33
SNOWDEPTH AVG.      0                MM      MM        1
DAYS >= TRACE      11               3.6     7.4       15
DAYS >= 1.0         3               1.1     1.9        2
GREATEST
 SNOW DEPTH         3   02/15                          7  02/18
 24 HR TOTAL      3.0   02/14 TO 02/14           02/16 TO 02/16
                                                          02/16 TO 02/16
                                                          02/16 TO 02/16
 STORM TOTAL       MM                                 MM
 (MM/DD(HH))            MM                    02/16(00) TO 02/16(00)
                                                 02/16(00) TO 02/16(00)6
                                                 02/16(00) TO 02/16(00)6

DEGREE_DAYS
HEATING TOTAL     706               732     -26     1038
 SINCE 7/1       2622              3263    -641     3620
COOLING TOTAL       0                 0       0        0
 SINCE 1/1          0                 0       0        0

FREEZE DATES
RECORD
 EARLIEST     10/03/1974
 LATEST       05/10/1966
EARLIEST                        10/25
LATEST                          04/15
.......................................................

WIND (MPH)
AVERAGE WIND SPEED              9.5
RESULTANT WIND SPEED/DIRECTION   3/252
HIGHEST WIND SPEED/DIRECTION    38/240    DATE  02/28
HIGHEST GUST SPEED/DIRECTION    49/240    DATE  02/28

SKY COVER
POSSIBLE SUNSHINE (PERCENT)   MM
AVERAGE SKY COVER           0.70
NUMBER OF DAYS FAIR            4
NUMBER OF DAYS PC             12
NUMBER OF DAYS CLOUDY         13

AVERAGE RH (PERCENT)     64

WEATHER CONDITIONS. NUMBER OF DAYS WITH
THUNDERSTORM              2     MIXED PRECIP               0
HEAVY RAIN                4     RAIN                       7
LIGHT RAIN               13     FREEZING RAIN              0
LT FREEZING RAIN          1     HAIL                       0
HEAVY SNOW                1     SNOW                       4
LIGHT SNOW               10     SLEET                      0
FOG                      16     FOG W/VIS <= 1/4 MILE      3
HAZE                     10

-  INDICATES NEGATIVE NUMBERS.
R  INDICATES RECORD WAS SET OR TIED.
MM INDICATES DATA IS MISSING.
T  INDICATES TRACE AMOUNT.

$$
