000
CXUS53 KLMK 012042 CCA
CLMSDF

CLIMATE REPORT
NATIONAL WEATHER SERVICE LOUISVILLE KY
801 AM EST SUN DEC 1 2013

...................................

...THE LOUISVILLE KY CLIMATE SUMMARY FOR THE MONTH OF NOVEMBER 2013...
...COR THUNDERSTORM DAYS...

CLIMATE NORMAL PERIOD 1981 TO 2010
CLIMATE RECORD PERIOD 1871 TO 2013

WEATHER         OBSERVED          NORMAL  DEPART  LAST YEAR`S
                 VALUE   DATE(S)  VALUE   FROM    VALUE  DATE(S)
                                          NORMAL
................................................................
TEMPERATURE (F)
RECORD
 HIGH              84   11/17/1958
 LOW                    11/25/1950
HIGHEST            69   11/17        MM      MM       74  11/10
                        11/06
                        11/01
LOWEST             20   11/28        MM      MM       24  11/24
                        11/24
AVG. MAXIMUM     54.5              57.9    -3.4     57.0
AVG. MINIMUM     35.1              39.5    -4.4     34.9
MEAN             44.8              48.7    -3.9     45.9
DAYS MAX >= 90      0               0.0     0.0        0
DAYS MAX <= 32      1               0.1     0.9        0
DAYS MIN <= 32     12               7.1     4.9       13
DAYS MIN <= 0       0               0.0     0.0        0

PRECIPITATION (INCHES)
RECORD
 MAXIMUM         9.12   1957
 MINIMUM         0.25   1904
TOTALS           3.72              3.59    0.13     0.75
DAILY AVG.       0.12              0.12    0.00     0.03
DAYS >= .01        11              10.1     0.9        6
DAYS >= .10         3               6.3    -3.3        2
DAYS >= .50         1               2.9    -1.9        0
DAYS >= 1.00        1               0.8     0.2        0
GREATEST
 24 HR. TOTAL    3.14   11/17 TO 11/17           11/12 TO 11/12
                                                          11/11 TO 11/12
                                                          11/12 TO 11/12
 STORM TOTAL       MM                                 MM
 (MM/DD(HH))            MM                    11/12(00) TO 11/12(00)
                                                 11/12(00) TO 11/12(00)2
                                                 11/12(00) TO 11/12(00)2

SNOWFALL (INCHES)
RECORDS
 TOTAL           13.2   5
                        0
 24 HR TOTAL     13.1   11/02/1966 TO 11/03/1966
 SNOW DEPTH         8   11/02/1966
TOTALS            0.5               0.1     0.4      0.0
 LIQUID EQUIV    0.05              0.00    0.05     0.00
SINCE 7/1         0.5               0.2     0.3      0.0
 LIQUID 7/1      0.05              0.00    0.05     0.00
SNOWDEPTH AVG.      0                MM      MM        0
DAYS >= TRACE       4               0.3     3.7        0
DAYS >= 1.0         0               0.0     0.0        0
GREATEST
 SNOW DEPTH         0   MM                             0  MM
 24 HR TOTAL      0.3   MM                       11/30 TO 11/30
                                                          11/12 TO 11/12
                                                          11/12 TO 11/12
 STORM TOTAL       MM                                 MM
 (MM/DD(HH))            MM                    11/30(00) TO 11/30(00)
                                                 11/12(00) TO 11/12(00)2
                                                 11/12(00) TO 11/12(00)2

DEGREE_DAYS
HEATING TOTAL     597               493     104      564
 SINCE 7/1        830               735      95      854
COOLING TOTAL       0                 4      -4        0
 SINCE 1/1       1628              1613      15     1948

FREEZE DATES
RECORD
 EARLIEST     10/03/1974
 LATEST       05/10/1966
EARLIEST                        10/25
LATEST                          04/15
...................................................

WIND (MPH)
AVERAGE WIND SPEED              7.6
RESULTANT WIND SPEED/DIRECTION   2/260
HIGHEST WIND SPEED/DIRECTION    26/270    DATE  11/02
HIGHEST GUST SPEED/DIRECTION    35/240    DATE  11/17

SKY COVER
POSSIBLE SUNSHINE (PERCENT)   MM
AVERAGE SKY COVER           0.50
NUMBER OF DAYS FAIR           11
NUMBER OF DAYS PC              7
NUMBER OF DAYS CLOUDY         12

AVERAGE RH (PERCENT)     61

WEATHER CONDITIONS. NUMBER OF DAYS WITH
THUNDERSTORM              1     MIXED PRECIP               0
HEAVY RAIN                1     RAIN                       3
LIGHT RAIN               11     FREEZING RAIN              0
LT FREEZING RAIN          0     HAIL                       0
HEAVY SNOW                0     SNOW                       1
LIGHT SNOW                4     SLEET                      1
FOG                       9     FOG W/VIS <= 1/4 MILE      0
HAZE                      4

-  INDICATES NEGATIVE NUMBERS.
R  INDICATES RECORD WAS SET OR TIED.
MM INDICATES DATA IS MISSING.
T  INDICATES TRACE AMOUNT.

$$
