000
CXUS53 KLMK 011115
CLMSDF

CLIMATE REPORT
NATIONAL WEATHER SERVICE LOUISVILLE KY
611 AM EST MON FEB 1 2016

...................................

...THE LOUISVILLE KY CLIMATE SUMMARY FOR THE MONTH OF JANUARY 2016...

CLIMATE NORMAL PERIOD 1981 TO 2010
CLIMATE RECORD PERIOD 1871 TO 2016

WEATHER         OBSERVED          NORMAL  DEPART  LAST YEAR`S
                 VALUE   DATE(S)  VALUE   FROM    VALUE  DATE(S)
                                          NORMAL
................................................................
TEMPERATURE (F)
RECORD
 HIGH              77   01/25/1950
                        01/24/1943
 LOW              -22   01/19/1994
HIGHEST            69   01/31        MM      MM       63  01/03
LOWEST              7   01/18        MM      MM        1  01/08
AVG. MAXIMUM     43.3              43.0     0.3     42.5
AVG. MINIMUM     25.7              26.8    -1.1     25.1
MEAN             34.5              34.9    -0.4     33.8
DAYS MAX >= 90      0               0.0     0.0        0
DAYS MAX <= 32      6               5.3     0.7        6
DAYS MIN <= 32     25              20.8     4.2       25
DAYS MIN <= 0       0               0.5    -0.5        0

PRECIPITATION (INCHES)
RECORD
 MAXIMUM        19.17   1937
 MINIMUM         0.45   1981
TOTALS           1.01              3.24   -2.23     0.87
DAILY AVG.       0.03              0.10   -0.07     0.03
DAYS >= .01         9              10.4    -1.4        9
DAYS >= .10         4               5.9    -1.9        3
DAYS >= .50         0               2.1    -2.1        0
DAYS >= 1.00        0               0.7    -0.7        0
GREATEST
 24 HR. TOTAL    0.30   01/20 TO 01/20           01/03 TO 01/04
                        01/19 TO 01/20                    01/23 TO 01/23
                        01/20 TO 01/20                    01/23 TO 01/23
 STORM TOTAL       MM                                 MM
 (MM/DD(HH))            MM                    01/04(00) TO 01/04(00)
                                                 01/23(00) TO 01/23(00)3
                                                 01/23(00) TO 01/23(00)3

SNOWFALL (INCHES)
RECORDS
 TOTAL           28.4   5
                        0
 24 HR TOTAL     15.9   01/16/1994 TO 01/17/1994
 SNOW DEPTH        19   01/20/1978
TOTALS            8.2               3.7     4.5      1.1
 LIQUID EQUIV    0.82              0.40    0.42     0.11
SINCE 7/1         8.2               6.5     1.7      4.8
 LIQUID 7/1      0.82              0.60    0.22     0.48
SNOWDEPTH AVG.      1                 2      -1        0
DAYS >= TRACE      10               3.6     6.4        7
DAYS >= 1.0         3               1.2     1.8        1
GREATEST
 SNOW DEPTH         4   01/23                          1  01/24
 24 HR TOTAL      3.7   MM                       01/23 TO 01/23
                                                          01/23 TO 01/23
                                                          01/23 TO 01/23
 STORM TOTAL       MM                                 MM
 (MM/DD(HH))            MM                    01/23(00) TO 01/23(00)
                                                 01/23(00) TO 01/23(00)3
                                                 01/23(00) TO 01/23(00)3

DEGREE_DAYS
HEATING TOTAL     934               933       1      960
 SINCE 7/1       1916              2509    -593     2582
COOLING TOTAL       0                 0       0        0
 SINCE 1/1          0                 0       0        0

FREEZE DATES
RECORD
 EARLIEST     10/03/1974
 LATEST       05/10/1966
EARLIEST                        10/25
LATEST                          04/15
....................................................

WIND (MPH)
AVERAGE WIND SPEED              9.3
RESULTANT WIND SPEED/DIRECTION   3/245
HIGHEST WIND SPEED/DIRECTION    35/280    DATE  01/12
HIGHEST GUST SPEED/DIRECTION    41/280    DATE  01/12

SKY COVER
POSSIBLE SUNSHINE (PERCENT)   MM
AVERAGE SKY COVER           0.60
NUMBER OF DAYS FAIR            8
NUMBER OF DAYS PC             10
NUMBER OF DAYS CLOUDY         13

AVERAGE RH (PERCENT)     62

WEATHER CONDITIONS. NUMBER OF DAYS WITH
THUNDERSTORM              0     MIXED PRECIP               0
HEAVY RAIN                0     RAIN                       2
LIGHT RAIN                7     FREEZING RAIN              0
LT FREEZING RAIN          0     HAIL                       1
HEAVY SNOW                2     SNOW                       4
LIGHT SNOW               10     SLEET                      0
FOG                      10     FOG W/VIS <= 1/4 MILE      2
HAZE                      8

-  INDICATES NEGATIVE NUMBERS.
R  INDICATES RECORD WAS SET OR TIED.
MM INDICATES DATA IS MISSING.
T  INDICATES TRACE AMOUNT.

$$
