000
CXUS55 KPSR 011005
CF6SDL
PRELIMINARY LOCAL CLIMATOLOGICAL DATA (WS FORM: F-6)
STATION: SCOTTSDALE AZ
MONTH: JUNE
YEAR: 2022
LATITUDE: 33 37 N
LONGITUDE: 111 54 W
TEMPERATURE IN F: :PCPN: SNOW: WIND :SUNSHINE: SKY :PK WND
================================================================================
1 2 3 4 5 6A 6B 7 8 9 10 11 12 13 14 15 16 17 18
12Z AVG MX 2MIN
DY MAX MIN AVG DEP HDD CDD WTR SNW DPTH SPD SPD DIR MIN PSBL S-S WX SPD DR
================================================================================
1 97 70 84 -1 0 19 0.00 M M 3.8 13 260 M M 0 21 270
2 100 70 85 0 0 20 0.00 M M 3.2 13 270 M M 0 18 260
3 100 73 87 2 0 22 0.00 M M 5.0 15 270 M M 0 21 260
4 99 73 86 0 0 21 0.00 M M 4.0 14 260 M M 0 21 230
5 99 76 88 2 0 23 0.00 M M 2.8 15 250 M M 0 20 260
6 103 77 90 4 0 25 0.00 M M 4.1 14 250 M M 0 22 250
7 104 78 91 4 0 26 0.00 M M 4.1 14 260 M M 0 19 230
8 108 82 95 8 0 30 0.00 M M 4.0 13 230 M M 0 19 230
9 109 84 97 10 0 32 0.00 M M 3.5 13 240 M M 0 20 240
10 111 84 98 10 0 33 0.00 M M 5.0 15 260 M M 0 22 250
11 112 86 99 11 0 34 0.00 M M 5.0 21 290 M M 0 35 300
12 109 85 97 9 0 32 0.00 M M 6.2 20 260 M M 0 30 260
13 105 87 96 7 0 31 0.00 M M 8.2 21 240 M M 0 31 270
14 101 81 91 2 0 26 0.00 M M 4.1 14 250 M M 0 21 240
15 105 75 90 1 0 25 0.00 M M 2.9 9 190 M M 0 14 190
16 110 77 94 4 0 29 0.00 M M 4.1 12 280 M M 0 16 280
17 108 86 97 7 0 32 0.00 M M 6.0 16 260 M M 0 27 270
18 95 82 89 -1 0 24 0.01 M M 7.2 18 140 M M 0 30 120
19 98 78 88 -2 0 23 T M M 5.6 17 250 M M 0 25 250
20 101 70 86 -5 0 21 0.00 M M 2.3 12 240 M M 0 18 230
21 106 74 90 -1 0 25 0.00 M M 4.5 24 150 M M 0 41 150
22 103 85 94 3 0 29 0.00 M M 3.8 12 160 M M 0 17 160
23 107 85 96 5 0 31 0.06 M M 5.6 18 130 M M 0 3 33 120
24 104 82 93 1 0 28 0.01 M M 7.6 28 40 M M 0 34 60
25 106 82 94 2 0 29 0.07 M M 6.7 38 40 M M 1 3 50 50
26 103 83 93 1 0 28 T M M 6.6 36 50 M M 1 3 48 50
27 102 78 90 -2 0 25 0.00 M M 4.1 13 220 M M 0 20 170
28 105 87 96 4 0 31 0.00 M M 5.3 13 230 M M 0 21 180
29 107 88 98 6 0 33 0.01 M M 6.5 21 330 M M 0 32 330
30 104 84 94 1 0 29 0.01 M M 3.0 14 230 M M 1 22 230
================================================================================
SM 3121 2402 0 816 0.17 M 144.8 M 3
================================================================================
AV104.0 80.1 4.8 FASTST M M 0 MAX(MPH)
MISC ----> 38 40 50 50
================================================================================
NOTES:
# LAST OF SEVERAL OCCURRENCES
COLUMN 17 PEAK WIND IN M.P.H.
PRELIMINARY LOCAL CLIMATOLOGICAL DATA (WS FORM: F-6) , PAGE 2
STATION: SCOTTSDALE AZ
MONTH: JUNE
YEAR: 2022
LATITUDE: 33 37 N
LONGITUDE: 111 54 W
[TEMPERATURE DATA] [PRECIPITATION DATA] SYMBOLS USED IN COLUMN 16
AVERAGE MONTHLY: 92.1 TOTAL FOR MONTH: 0.17 1 = FOG OR MIST
DPTR FM NORMAL: 3.0 DPTR FM NORMAL: 0.12 2 = FOG REDUCING VISIBILITY
HIGHEST: 112 ON 11 GRTST 24HR 0.08 ON 24-25 TO 1/4 MILE OR LESS
LOWEST: 70 ON 20, 2 3 = THUNDER
SNOW, ICE PELLETS, HAIL 4 = ICE PELLETS
TOTAL MONTH: M 5 = HAIL
GRTST 24HR M ON M 6 = FREEZING RAIN OR DRIZZLE
GRTST DEPTH: M ON M 7 = DUSTSTORM OR SANDSTORM:
VSBY 1/2 MILE OR LESS
8 = SMOKE OR HAZE
[NO. OF DAYS WITH] [WEATHER - DAYS WITH] 9 = BLOWING SNOW
X = TORNADO
MAX 32 OR BELOW: 0 0.01 INCH OR MORE: 6
MAX 90 OR ABOVE: 30 0.10 INCH OR MORE: 0
MIN 32 OR BELOW: 0 0.50 INCH OR MORE: 0
MIN 0 OR BELOW: 0 1.00 INCH OR MORE: 0
[HDD (BASE 65) ]
TOTAL THIS MO. 0 CLEAR (SCALE 0-3) 30
DPTR FM NORMAL 0 PTCLDY (SCALE 4-7) 0
TOTAL FM JUL 1 815 CLOUDY (SCALE 8-10) 0
DPTR FM NORMAL -325
[CDD (BASE 65) ]
TOTAL THIS MO. 816
DPTR FM NORMAL 93 [PRESSURE DATA]
TOTAL FM JAN 1 1689 HIGHEST SLP 30.05 ON 27
DPTR FM NORMAL 271 LOWEST SLP 29.57 ON 17
[REMARKS]
#FINAL-06-22#