000
CXUS55 KPSR 011005
CF6SDL
PRELIMINARY LOCAL CLIMATOLOGICAL DATA (WS FORM: F-6)
STATION: SCOTTSDALE AZ
MONTH: MARCH
YEAR: 2022
LATITUDE: 33 37 N
LONGITUDE: 111 54 W
TEMPERATURE IN F: :PCPN: SNOW: WIND :SUNSHINE: SKY :PK WND
================================================================================
1 2 3 4 5 6A 6B 7 8 9 10 11 12 13 14 15 16 17 18
12Z AVG MX 2MIN
DY MAX MIN AVG DEP HDD CDD WTR SNW DPTH SPD SPD DIR MIN PSBL S-S WX SPD DR
================================================================================
1 83 48 66 6 0 1 0.00 M M 2.3 9 50 M M 0 12 260
2 87 50 69 9 0 4 0.00 M M 2.2 8 10 M M 0 12 10
3 85 54 70 10 0 5 T M M 3.7 16 190 M M 0 27 190
4 73 55 64 3 1 0 T M M 7.0 21 230 M M 3 3 31 230
5 68 52 60 -1 5 0 0.00 M M 8.0 20 260 M M 5 31 280
6 61 43 52 -9 13 0 0.00 M M 2.6 15 280 M M 0 26 290
7 66 40 53 -9 12 0 0.00 M M 4.6 18 260 M M 1 31 240
8 65 46 56 -6 9 0 0.00 M M 3.5 12 220 M M 0 16 330
9 69 40 55 -7 10 0 0.00 M M 3.2 12 260 M M 0 18 270
10 69 46 58 -4 7 0 T M M 5.3 18 290 M M 2 30 290
11 70 44 57 -5 8 0 0.00 M M 5.1 15 40 M M 0 26 50
12 77 42 60 -3 5 0 0.00 M M 2.2 8 270 M M 0 14 10
13 76 45 61 -2 4 0 0.00 0.0 M 2.4 13 260 M M 0 18 260
14 81 49 65 2 0 0 0.00 M M 2.2 10 140 M M 0 14 150
15 85 50 68 4 0 3 0.00 M M 2.4 9 270 M M 0 12 190
16 81 56 69 5 0 4 0.00 M M 6.1 20 230 M M 0 30 240
17 79 57 68 4 0 3 0.00 M M 6.4 22 50 M M 0 31 40
18 81 50 66 2 0 1 0.00 M M 2.2 13 250 M M 0 19 240
19 83 50 67 3 0 2 0.00 M M 2.5 12 180 M M 0 17 190
20 71 57 64 -1 1 0 T M M 5.7 20 260 M M 2 3 29 250
21 76 54 65 0 0 0 0.00 M M 7.1 17 250 M M 1 23 240
22 81 52 67 2 0 2 0.00 M M 6.8 20 30 M M 0 28 30
23 80 58 69 3 0 4 0.00 M M 6.7 25 30 M M 0 34 30
24 84 50 67 1 0 2 0.00 M M 2.3 9 230 M M 0 14 230
25 92 54 73 7 0 8 0.00 M M 2.9 9 240 M M 0 13 270
26 92 58 75 9 0 10 0.00 M M 2.0 7 240 M M 0 11 170
27 92 58 75 9 0 10 0.00 M M 3.8 12 260 M M 0 16 120
28 79 63 71 5 0 6 0.05 M M 5.8 24 200 M M 3 37 180
29 68 53 61 -6 4 0 0.14 M M 7.2 20 240 M M 6 1 31 280
30 77 51 64 -3 1 0 0.00 M M 3.4 15 210 M M 1 23 210
31 80 58 69 2 0 4 0.00 M M 3.0 13 190 M M 0 17 140
================================================================================
SM 2411 1583 80 69 0.19 0.0 130.6 M 24
================================================================================
AV 77.8 51.1 4.2 FASTST M M 1 MAX(MPH)
MISC ----> 25 30 37 180
================================================================================
NOTES:
# LAST OF SEVERAL OCCURRENCES
COLUMN 17 PEAK WIND IN M.P.H.
PRELIMINARY LOCAL CLIMATOLOGICAL DATA (WS FORM: F-6) , PAGE 2
STATION: SCOTTSDALE AZ
MONTH: MARCH
YEAR: 2022
LATITUDE: 33 37 N
LONGITUDE: 111 54 W
[TEMPERATURE DATA] [PRECIPITATION DATA] SYMBOLS USED IN COLUMN 16
AVERAGE MONTHLY: 64.4 TOTAL FOR MONTH: 0.19 1 = FOG OR MIST
DPTR FM NORMAL: 0.7 DPTR FM NORMAL: -0.91 2 = FOG REDUCING VISIBILITY
HIGHEST: 92 ON 27,26 GRTST 24HR 0.19 ON 28-29 TO 1/4 MILE OR LESS
LOWEST: 40 ON 9, 7 3 = THUNDER
SNOW, ICE PELLETS, HAIL 4 = ICE PELLETS
TOTAL MONTH: 0.0 INCH 5 = HAIL
GRTST 24HR 0.0 6 = FREEZING RAIN OR DRIZZLE
GRTST DEPTH: M ON M 7 = DUSTSTORM OR SANDSTORM:
VSBY 1/2 MILE OR LESS
8 = SMOKE OR HAZE
[NO. OF DAYS WITH] [WEATHER - DAYS WITH] 9 = BLOWING SNOW
X = TORNADO
MAX 32 OR BELOW: 0 0.01 INCH OR MORE: 2
MAX 90 OR ABOVE: 3 0.10 INCH OR MORE: 1
MIN 32 OR BELOW: 0 0.50 INCH OR MORE: 0
MIN 0 OR BELOW: 0 1.00 INCH OR MORE: 0
[HDD (BASE 65) ]
TOTAL THIS MO. 80 CLEAR (SCALE 0-3) 28
DPTR FM NORMAL -22 PTCLDY (SCALE 4-7) 3
TOTAL FM JUL 1 809 CLOUDY (SCALE 8-10) 0
DPTR FM NORMAL -312
[CDD (BASE 65) ]
TOTAL THIS MO. 69
DPTR FM NORMAL 8 [PRESSURE DATA]
TOTAL FM JAN 1 72 HIGHEST SLP 30.25 ON 11
DPTR FM NORMAL 4 LOWEST SLP 29.66 ON 31
[REMARKS]
#FINAL-03-22#