000
CXUS53 KLSX 011400
CF6SET
PRELIMINARY LOCAL CLIMATOLOGICAL DATA (WS FORM: F-6)
STATION: ST_CHARLES MO
MONTH: AUGUST
YEAR: 2021
LATITUDE: 38 55 N
LONGITUDE: 90 26 W
TEMPERATURE IN F: :PCPN: SNOW: WIND :SUNSHINE: SKY :PK WND
================================================================================
1 2 3 4 5 6A 6B 7 8 9 10 11 12 13 14 15 16 17 18
12Z AVG MX 2MIN
DY MAX MIN AVG DEP HDD CDD WTR SNW DPTH SPD SPD DIR MIN PSBL S-S WX SPD DR
================================================================================
1 85 62 74 -4 0 9 0.00 0.0 0 6.4 13 30 M M 2 18 17 20
2 82 64 73 -5 0 8 0.00 0.0 0 4.7 13 30 M M 2 1 16 80
3 83 60 72 -6 0 7 0.00 0.0 0 3.3 13 80 M M 2 18 17 80
4 85 58 72 -6 0 7 0.00 0.0 0 1.9 8 10 M M 2 12 12 50
5 86 60 73 -5 0 8 0.00 0.0 0 3.3 13 160 M M 2 128 18 170
6 88 66 77 -1 0 12 T 0.0 0 3.5 13 220 M M 1 16 220
7 92 67 80 2 0 15 0.00 0.0 0 5.0 13 170 M M 0 18 18 160
8 93 72 83 5 0 18 0.20 0.0 0 6.8 30 270 M M 2 138 41 270
9 94 72 83 5 0 18 0.54 0.0 0 7.7 31 190 M M 4 13 42 210
10 92 77 85 7 0 20 T 0.0 0 5.1 18 160 M M 2 3 23 160
11 95 75 85 7 0 20 0.00 0.0 0 7.3 17 210 M M 0 25 190
12 96 70 83 5 0 18 1.01 0.0 0 6.5 30 290 M M 2 3 44 310
13 88 67 78 0 0 13 0.00 0.0 0 4.3 12 360 M M 2 12 14 350
14 85 66 76 -2 0 11 0.00 0.0 0 3.0 9 60 M M 0 11 70
15 83 64 74 -3 0 9 0.00 0.0 0 5.7 13 40 M M 0 19 50
16 84 62 73 -4 0 8 0.00 0.0 0 4.0 10 50 M M 3 13 60
17 88 66 77 0 0 12 0.00 0.0 0 0.9 7 140 M M 1 128 10 140
18 89 68 79 2 0 14 0.00 0.0 0 2.6 13 110 M M 2 128 17 120
19 88 66 77 0 0 12 0.00 0.0 0 2.7 12 100 M M 1 128 15 100
20 90 71 81 4 0 16 0.00 0.0 0 7.2 14 120 M M 3 18 18 140
21 89 73 81 5 0 16 T 0.0 0 6.8 14 310 M M 4 18 21 320
22 89 70 80 4 0 15 0.00 0.0 0 3.4 13 10 M M 0 19 10
23 97 70 84 8 0 19 1.51 0.0 0 5.2 39 260 M M 1 1238 60 260
24 96 71 84 8 0 19 0.00 0.0 0 4.5 14 150 M M 0 1 18 160
25 98 75 87 11 0 22 0.00 0.0 0 3.3 8 110 M M 0 1 10 220
26 95 74 85 10 0 20 T 0.0 0 5.6 26 200 M M 2 138 35 200
27 93 71 82 7 0 17 0.05 0.0 0 5.2 20 260 M M 1 3 28 270
28 94 73 84 9 0 19 0.00 0.0 0 5.9 14 130 M M 1 18 160
29 93 73 83 8 0 18 0.00 0.0 0 3.9 15 160 M M 2 21 160
30 91 72 82 8 0 17 0.03 0.0 0 4.7 21 160 M M 4 13 27 170
31 86 69 78 4 0 13 0.93 0.0 0 4.9 18 20 M M 6 138 24 10
================================================================================
SM 2787 2124 0 450 4.27 0.0 145.3 M 54
================================================================================
AV 89.9 68.5 4.7 FASTST M M 2 MAX(MPH)
MISC ----> 39 260 60 260
================================================================================
NOTES:
# LAST OF SEVERAL OCCURRENCES
COLUMN 17 PEAK WIND IN M.P.H.
PRELIMINARY LOCAL CLIMATOLOGICAL DATA (WS FORM: F-6) , PAGE 2
STATION: ST_CHARLES MO
MONTH: AUGUST
YEAR: 2021
LATITUDE: 38 55 N
LONGITUDE: 90 26 W
[TEMPERATURE DATA] [PRECIPITATION DATA] SYMBOLS USED IN COLUMN 16
AVERAGE MONTHLY: 79.2 TOTAL FOR MONTH: 4.27 1 = FOG OR MIST
DPTR FM NORMAL: 2.3 DPTR FM NORMAL: 0.59 2 = FOG REDUCING VISIBILITY
HIGHEST: 98 ON 25 GRTST 24HR 1.51 ON 23-23 TO 1/4 MILE OR LESS
LOWEST: 58 ON 4 3 = THUNDER
SNOW, ICE PELLETS, HAIL 4 = ICE PELLETS
TOTAL MONTH: 0.0 INCH 5 = HAIL
GRTST 24HR 0.0 6 = FREEZING RAIN OR DRIZZLE
GRTST DEPTH: 0 7 = DUSTSTORM OR SANDSTORM:
VSBY 1/2 MILE OR LESS
8 = SMOKE OR HAZE
[NO. OF DAYS WITH] [WEATHER - DAYS WITH] 9 = BLOWING SNOW
X = TORNADO
MAX 32 OR BELOW: 0 0.01 INCH OR MORE: 7
MAX 90 OR ABOVE: 15 0.10 INCH OR MORE: 5
MIN 32 OR BELOW: 0 0.50 INCH OR MORE: 4
MIN 0 OR BELOW: 0 1.00 INCH OR MORE: 2
[HDD (BASE 65) ]
TOTAL THIS MO. 0 CLEAR (SCALE 0-3) 27
DPTR FM NORMAL -1 PTCLDY (SCALE 4-7) 4
TOTAL FM JUL 1 0 CLOUDY (SCALE 8-10) 0
DPTR FM NORMAL 0
[CDD (BASE 65) ]
TOTAL THIS MO. 450
DPTR FM NORMAL 80 [PRESSURE DATA]
TOTAL FM JAN 1 1419 HIGHEST SLP 30.24 ON 14
DPTR FM NORMAL 154 LOWEST SLP 29.65 ON 31
[REMARKS]
#FINAL-08-21#