235
CXUS53 KLSX 031722
CF6SET
PRELIMINARY LOCAL CLIMATOLOGICAL DATA (WS FORM: F-6)
STATION: ST_CHARLES MO
MONTH: FEBRUARY
YEAR: 2020
LATITUDE: 38 55 N
LONGITUDE: 90 26 W
TEMPERATURE IN F: :PCPN: SNOW: WIND :SUNSHINE: SKY :PK WND
================================================================================
1 2 3 4 5 6A 6B 7 8 9 10 11 12 13 14 15 16 17 18
12Z AVG MX 2MIN
DY MAX MIN AVG DEP HDD CDD WTR SNW DPTH SPD SPD DIR MIN PSBL S-S WX SPD DR
================================================================================
1 45 31 38 6 27 0 0.00 0.0 0 6.7 18 270 M M 6 1 26 270
2 66 32 49 17 16 0 0.00 0.0 0 5.8 15 280 M M 0 19 270
3 68 35 52 20 13 0 0.00 0.0 0 6.9 17 180 M M 1 23 180
4 49 33 41 9 24 0 M M M 12.7 22 30 M M 9 168 30 30
5 34 29 32 0 33 0 M M M 12.4 20 30 M M 10 1268 27 20
6 32 27 30 -3 35 0 M M M 9.1 16 360 M M 10 22 360
7 37 24 31 -2 34 0 M M M 5.7 16 310 M M 7 1 21 320
8 36 29 33 0 32 0 0.00 0.0 0 8.7 17 310 M M 6 22 310
9 56 31 44 11 21 0 M M M 9.1 20 130 M M 10 1 26 130
10 42 32 37 3 28 0 M M M 7.3 15 350 M M 10 18 18 350
11 45 32 39 5 26 0 M M M 4.7 14 300 M M 6 8 18 320
12 37 31 34 0 31 0 M M M 6.5 13 80 M M 7 1 16 40
13 35 8 22 -12 43 0 M M M 13.9 25 320 M M 9 18 32 300
14 26 4 15 -20 50 0 0.00 0.0 0 7.5 16 150 M M 0 20 160
15 42 23 33 -2 32 0 0.00 0.0 0 5.6 15 180 M M 8 22 150
16 49 30 40 5 25 0 0.00 0.0 0 4.7 12 110 M M 3 13 110
17 45 35 40 5 25 0 T 0.0 0 6.0 12 100 M M 9 12 15 100
18 48 32 40 4 25 0 0.00 0.0 0 11.1 22 330 M M 5 12 30 330
19 41 27 34 -2 31 0 0.00 0.0 0 9.3 15 20 M M 0 22 20
20 32 21 27 -9 38 0 0.00 0.0 0 11.0 20 20 M M 2 26 20
21 41 17 29 -8 36 0 0.00 0.0 0 4.1 10 230 M M 0 13 190
22 55 21 38 1 27 0 0.00 0.0 0 6.8 17 180 M M 0 21 200
23 61 30 46 9 19 0 0.00 0.0 0 4.7 10 100 M M 1 14 210
24 47 42 45 7 20 0 M 0.0 0 11.0 20 100 M M 10 1 25 40
25 42 35 39 1 26 0 M 0.0 0 12.4 18 360 M M 10 1 25 20
26 38 31 35 -3 30 0 M M M 14.0 25 340 M M 10 18 33 340
27 M M M M M M 0.00 0.0 M M M M M M M M M
28 47 30 39 0 26 0 0.00 0.0 0 6.1 18 270 M M M 24 330
29 50 25 38 -1 27 0 0.00 0.0 0 8.6 12 130 M M 0 M M
================================================================================
SM 1246 777 800 0 T 0.0 232.4 M 149
================================================================================
AV 44.5 27.8 8.3 FASTST M M 6 MAX(MPH)
MISC ----> # 25 320 33 340
================================================================================
NOTES:
# LAST OF SEVERAL OCCURRENCES
COLUMN 17 PEAK WIND IN M.P.H.
PRELIMINARY LOCAL CLIMATOLOGICAL DATA (WS FORM: F-6) , PAGE 2
STATION: ST_CHARLES MO
MONTH: FEBRUARY
YEAR: 2020
LATITUDE: 38 55 N
LONGITUDE: 90 26 W
[TEMPERATURE DATA] [PRECIPITATION DATA] SYMBOLS USED IN COLUMN 16
AVERAGE MONTHLY: 36.1 TOTAL FOR MONTH: T 1 = FOG OR MIST
DPTR FM NORMAL: 1.2 DPTR FM NORMAL: -2.23 2 = FOG REDUCING VISIBILITY
HIGHEST: 68 ON 3 GRTST 24HR T ON 4- 4 TO 1/4 MILE OR LESS
LOWEST: 4 ON 14 3 = THUNDER
SNOW, ICE PELLETS, HAIL 4 = ICE PELLETS
TOTAL MONTH: 0.0 INCH 5 = HAIL
GRTST 24HR 0.0 6 = FREEZING RAIN OR DRIZZLE
GRTST DEPTH: 0 7 = DUSTSTORM OR SANDSTORM:
VSBY 1/2 MILE OR LESS
8 = SMOKE OR HAZE
[NO. OF DAYS WITH] [WEATHER - DAYS WITH] 9 = BLOWING SNOW
X = TORNADO
MAX 32 OR BELOW: 3 0.01 INCH OR MORE: 0
MAX 90 OR ABOVE: 0 0.10 INCH OR MORE: 0
MIN 32 OR BELOW: 23 0.50 INCH OR MORE: 0
MIN 0 OR BELOW: 0 1.00 INCH OR MORE: 0
[HDD (BASE 65) ]
TOTAL THIS MO. 800 CLEAR (SCALE 0-3) 10
DPTR FM NORMAL -41 PTCLDY (SCALE 4-7) 7
TOTAL FM JUL 1 1300 CLOUDY (SCALE 8-10) 12
DPTR FM NORMAL -2595
[CDD (BASE 65) ]
TOTAL THIS MO. 0
DPTR FM NORMAL 0 [PRESSURE DATA]
TOTAL FM JAN 1 0 HIGHEST SLP 30.32 ON 29
DPTR FM NORMAL 0 LOWEST SLP 30.04 ON 29
[REMARKS]
#FINAL-02-20#