000
CXUS55 KSEW 010930
CF6SEW
PRELIMINARY LOCAL CLIMATOLOGICAL DATA (WS FORM: F-6)
STATION: SEATTLE WA WFO
MONTH: OCTOBER
YEAR: 2022
LATITUDE: 47 41 N
LONGITUDE: 122 15 W
TEMPERATURE IN F: :PCPN: SNOW: WIND :SUNSHINE: SKY :PK WND
================================================================================
1 2 3 4 5 6A 6B 7 8 9 10 11 12 13 14 15 16 17 18
12Z AVG MX 2MIN
DY MAX MIN AVG DEP HDD CDD WTR SNW DPTH SPD SPD DIR MIN PSBL S-S WX SPD DR
================================================================================
1 77 54 66 8 0 1 0.00 0.0 0 M M M M M M M M
2 80 53 67 9 0 2 0.00 0.0 0 M M M M M M M M
3 79 52 66 8 0 1 0.00 0.0 0 M M M M M M M M
4 65 52 59 2 6 0 0.00 0.0 0 M M M M M M 12 M M
5 66 54 60 3 5 0 0.00 0.0 0 M M M M M M 18 M M
6 76 54 65 9 0 0 0.00 0.0 0 M M M M M M 1 M M
7 77 52 65 9 0 0 0.00 0.0 0 M M M M M M M M
8 77 53 65 9 0 0 0.00 0.0 0 M M M M M M 8 M M
9 76 53 65 9 0 0 0.00 0.0 0 M M M M M M 8 M M
10 72 50 61 6 4 0 0.00 0.0 0 M M M M M M M M
11 70 46 58 3 7 0 0.00 0.0 0 M M M M M M M M
12 70 47 59 4 6 0 0.00 0.0 0 M M M M M M M M
13 78 46 62 8 3 0 0.00 0.0 0 M M M M M M 8 M M
14 76 47 62 8 3 0 0.00 0.0 0 M M M M M M 8 M M
15 77 53 65 11 0 0 0.00 0.0 0 M M M M M M 8 M M
16 88 56 72 19 0 7 0.00 0.0 0 M M M M M M 8 M M
17 69 51 60 7 5 0 0.00 0.0 0 M M M M M M 8 M M
18 71 48 60 7 5 0 0.00 0.0 0 M M M M M M 18 M M
19 69 49 59 6 6 0 0.00 0.0 0 M M M M M M 18 M M
20 63 47 55 3 10 0 T 0.0 0 M M M M M M 18 M M
21 56 47 52 0 13 0 0.37 0.0 0 M M M M M M 1 M M
22 54 44 49 -3 16 0 0.62 0.0 0 M M M M M M 1 M M
23 55 44 50 -2 15 0 0.02 0.0 0 M M M M M M M M
24 55 47 51 0 14 0 0.11 0.0 0 M M M M M M M M
25 53 46 50 -1 15 0 0.28 0.0 0 M M M M M M M M
26 53 46 50 -1 15 0 T 0.0 0 M M M M M M M M
27 64 50 57 7 8 0 0.04 0.0 0 M M M M M M M M
28 57 46 52 2 13 0 0.60 0.0 0 M M M M M M 1 M M
29 58 45 52 2 13 0 0.00 0.0 0 M M M M M M M M
30 57 51 54 4 11 0 0.50 0.0 0 M M M M M M M M
31 54 46 50 0 15 0 0.26 0.0 0 M M M M M M 1 M M
================================================================================
SM 2092 1529 208 11 2.80 0.0 M M M
================================================================================
AV 67.5 49.3 M FASTST M M M MAX(MPH)
MISC ----> M M M M
================================================================================
NOTES:
# LAST OF SEVERAL OCCURRENCES
COLUMN 17 PEAK WIND IN M.P.H.
PRELIMINARY LOCAL CLIMATOLOGICAL DATA (WS FORM: F-6) , PAGE 2
STATION: SEATTLE WA WFO
MONTH: OCTOBER
YEAR: 2022
LATITUDE: 47 41 N
LONGITUDE: 122 15 W
[TEMPERATURE DATA] [PRECIPITATION DATA] SYMBOLS USED IN COLUMN 16
AVERAGE MONTHLY: 58.4 TOTAL FOR MONTH: 2.80 1 = FOG OR MIST
DPTR FM NORMAL: 4.8 DPTR FM NORMAL: -0.85 2 = FOG REDUCING VISIBILITY
HIGHEST: 88 ON 16 GRTST 24HR 0.62 ON 22-22 TO 1/4 MILE OR LESS
LOWEST: 44 ON 23,22 3 = THUNDER
SNOW, ICE PELLETS, HAIL 4 = ICE PELLETS
TOTAL MONTH: 0.0 INCH 5 = HAIL
GRTST 24HR 0.0 6 = FREEZING RAIN OR DRIZZLE
GRTST DEPTH: 0 7 = DUSTSTORM OR SANDSTORM:
VSBY 1/2 MILE OR LESS
8 = SMOKE OR HAZE
[NO. OF DAYS WITH] [WEATHER - DAYS WITH] 9 = BLOWING SNOW
X = TORNADO
MAX 32 OR BELOW: 0 0.01 INCH OR MORE: 9
MAX 90 OR ABOVE: 0 0.10 INCH OR MORE: 7
MIN 32 OR BELOW: 0 0.50 INCH OR MORE: 3
MIN 0 OR BELOW: 0 1.00 INCH OR MORE: 0
[HDD (BASE 65) ]
TOTAL THIS MO. 208 CLEAR (SCALE 0-3) 0
DPTR FM NORMAL -146 PTCLDY (SCALE 4-7) 0
TOTAL FM JUL 1 251 CLOUDY (SCALE 8-10) 31
DPTR FM NORMAL -262
[CDD (BASE 65) ]
TOTAL THIS MO. 11
DPTR FM NORMAL 11 [PRESSURE DATA]
TOTAL FM JAN 1 406 HIGHEST SLP M ON M
DPTR FM NORMAL 196 LOWEST SLP M ON M
[REMARKS]
#FINAL-10-22#