000
CXUS56 KOTX 010910
CF6SFF
PRELIMINARY LOCAL CLIMATOLOGICAL DATA (WS FORM: F-6)
STATION: SPOKANE WA FELTS AIRPORT
MONTH: OCTOBER
YEAR: 2023
LATITUDE: 47 40 N
LONGITUDE: 117 20 W
TEMPERATURE IN F: :PCPN: SNOW: WIND :SUNSHINE: SKY :PK WND
================================================================================
1 2 3 4 5 6A 6B 7 8 9 10 11 12 13 14 15 16 17 18
12Z AVG MX 2MIN
DY MAX MIN AVG DEP HDD CDD WTR SNW DPTH SPD SPD DIR MIN PSBL S-S WX SPD DR
================================================================================
1 67 40 54 -2 11 0 0.00 M M 1.2 8 80 M M 5 1 13 340
2 66 48 57 2 8 0 T M M 4.2 13 220 M M 6 16 200
3 69 51 60 5 5 0 0.00 M M 2.2 12 230 M M 7 15 230
4 73 50 62 8 3 0 0.00 M M 3.7 12 240 M M 6 15 250
5 74 47 61 7 4 0 0.00 M M 3.4 12 340 M M 0 21 310
6 75 43 59 5 6 0 0.00 M M 1.2 8 340 M M 0 8 11 340
7 79 43 61 8 4 0 0.00 M M 0.9 8 110 M M 0 1 13 70
8 83 46 65 12 0 0 0.00 M M 1.4 8 220 M M 0 12 100
9 80 47 64 12 1 0 T M M 4.0 16 240 M M 2 1 20 240
10 60 50 55 3 10 0 0.16 M M 2.4 14 240 M M 10 1 17 240
11 56 48 52 1 13 0 T M M 4.6 15 230 M M 9 20 230
12 59 41 50 -1 15 0 0.00 M M 1.5 13 60 M M 6 12 15 60
13 68 37 53 3 12 0 0.00 M M 0.8 9 60 M M 1 12 12 70
14 67 47 57 7 8 0 0.01 M M 1.5 9 200 M M 7 14 290
15 71 52 62 12 3 0 0.00 M M 1.4 7 10 M M 5 13 340
16 68 48 58 9 7 0 0.03 M M 3.6 18 220 M M 4 24 220
17 62 42 52 3 13 0 0.00 M M 5.7 16 240 M M 3 20 230
18 74 39 57 9 8 0 0.00 M M 2.2 13 220 M M 0 15 230
19 79 39 59 11 6 0 0.00 M M 1.5 12 220 M M 0 18 14 220
20 76 43 60 13 5 0 0.00 M M 1.4 13 340 M M 0 18 18 340
21 73 43 58 11 7 0 0.00 M M 0.6 8 100 M M 0 1 10 70
22 68 42 55 9 10 0 T M M 2.3 12 70 M M 5 17 350
23 59 37 48 2 17 0 0.00 M M 5.3 21 230 M M 3 1 26 240
24 48 37 43 -3 22 0 0.09 M M 4.5 12 210 M M 6 1 14 220
25 41 29 35 -10 30 0 0.04 M M 7.3 20 70 M M 10 18 26 70
26 39 29 34 -11 31 0 0.00 M M 1.3 7 80 M M 9 9 280
27 41 24 33 -11 32 0 T M M 1.7 8 50 M M 7 1 12 340
28 41 19 30 -14 35 0 0.00 M M 1.5 8 230 M M 0 1 12 240
29 43 20 32 -12 33 0 0.00 M M 0.6 7 240 M M 0 1 9 240
30 49 22 36 -7 29 0 0.00 M M 0.6 5 50 M M 0 18 6 130
31 51 24 38 -5 27 0 0.00 M M 0.3 6 60 M M 0 1 8 60
================================================================================
SM 1959 1227 415 0 0.33 M 74.8 M 111
================================================================================
AV 63.2 39.6 2.4 FASTST M M 4 MAX(MPH)
MISC ----> 21 230 # 26 240
================================================================================
NOTES:
# LAST OF SEVERAL OCCURRENCES
COLUMN 17 PEAK WIND IN M.P.H.
PRELIMINARY LOCAL CLIMATOLOGICAL DATA (WS FORM: F-6) , PAGE 2
STATION: SPOKANE WA FELTS AIRPORT
MONTH: OCTOBER
YEAR: 2023
LATITUDE: 47 40 N
LONGITUDE: 117 20 W
[TEMPERATURE DATA] [PRECIPITATION DATA] SYMBOLS USED IN COLUMN 16
AVERAGE MONTHLY: 51.4 TOTAL FOR MONTH: 0.33 1 = FOG OR MIST
DPTR FM NORMAL: 2.3 DPTR FM NORMAL: -1.13 2 = FOG REDUCING VISIBILITY
HIGHEST: 83 ON 8 GRTST 24HR 0.16 ON 9-10 TO 1/4 MILE OR LESS
LOWEST: 19 ON 28 3 = THUNDER
SNOW, ICE PELLETS, HAIL 4 = ICE PELLETS
TOTAL MONTH: M 5 = HAIL
GRTST 24HR M ON M 6 = FREEZING RAIN OR DRIZZLE
GRTST DEPTH: M ON M 7 = DUSTSTORM OR SANDSTORM:
VSBY 1/2 MILE OR LESS
8 = SMOKE OR HAZE
[NO. OF DAYS WITH] [WEATHER - DAYS WITH] 9 = BLOWING SNOW
X = TORNADO
MAX 32 OR BELOW: 0 0.01 INCH OR MORE: 5
MAX 90 OR ABOVE: 0 0.10 INCH OR MORE: 1
MIN 32 OR BELOW: 7 0.50 INCH OR MORE: 0
MIN 0 OR BELOW: 0 1.00 INCH OR MORE: 0
[HDD (BASE 65) ]
TOTAL THIS MO. 415 CLEAR (SCALE 0-3) 16
DPTR FM NORMAL -77 PTCLDY (SCALE 4-7) 11
TOTAL FM JUL 1 552 CLOUDY (SCALE 8-10) 4
DPTR FM NORMAL -118
[CDD (BASE 65) ]
TOTAL THIS MO. 0
DPTR FM NORMAL 0 [PRESSURE DATA]
TOTAL FM JAN 1 771 HIGHEST SLP M ON M
DPTR FM NORMAL 264 LOWEST SLP 29.54 ON 10
[REMARKS]
#FINAL-10-23#