000
CXUS53 KSGF 010933
CLMSGF
CLIMATE REPORT
NATIONAL WEATHER SERVICE
433 AM CDT TUE AUG 01 2023
...................................
...THE SPRINGFIELD MO CLIMATE SUMMARY FOR THE MONTH OF JULY 2023...
CLIMATE NORMAL PERIOD: 1991 TO 2020
CLIMATE RECORD PERIOD: 1888 TO 2023
WEATHER OBSERVED NORMAL DEPART LAST YEAR`S
VALUE DATE(S) VALUE FROM VALUE
NORMAL
..............................................................
TEMPERATURE (F)
RECORD
HIGH 113 07/14/1954
LOW 44 07/06/1972
07/21/1970
HIGHEST 100 07/29 90 10 104
LOWEST 61 07/22 67 -6 63
AVG. MAXIMUM 90.9 89.6 1.3 95.4
AVG. MINIMUM 68.9 68.8 0.1
MEAN 79.9 79.2 0.7
DAYS MAX >= 90 20 15.1 4.9
DAYS MAX <= 32 0 0.0 0.0
DAYS MIN <= 32 0 0.0 0.0
DAYS MIN <= 0 0 0.0 0.0
PRECIPITATION (INCHES)
RECORD
MAXIMUM 18.75 1958
MINIMUM 0.32 2012
TOTALS 3.67 3.85 -0.18 1.68
DAILY AVG. 0.12 0.12 -0.00
DAYS >= .01 10 8.8 1.2
DAYS >= .10 7 6.1 0.9
DAYS >= .50 3 2.6 0.4
DAYS >= 1.00 2 1.2 0.8
GREATEST
24 HR. TOTAL 1.22 07/30 TO 07/31 1.39
DEGREE DAYS
HEATING TOTAL 0 0 0 0
SINCE 7/1 0 0 0 MM
COOLING TOTAL 467 440 27 581
SINCE 1/1 921 891 30 MM
FREEZE DATES
RECORD
EARLIEST 05/19/1894
LATEST 09/24/1989
EARLIEST 10/17
LATEST 04/19
..............................................................
WIND (MPH)
AVERAGE WIND SPEED 8.0
RESULTANT WIND SPEED/DIRECTION 3/200
HIGHEST WIND SPEED/DIRECTION 38/350 DATE 07/24
HIGHEST GUST SPEED/DIRECTION 53/290 DATE 07/14
SKY COVER
POSSIBLE SUNSHINE (PERCENT) MM
AVERAGE SKY COVER 0.14
NUMBER OF DAYS FAIR 30
NUMBER OF DAYS PC 1
NUMBER OF DAYS CLOUDY 0
AVERAGE RH (PERCENT) 68
WEATHER CONDITIONS. NUMBER OF DAYS WITH
THUNDERSTORM 11 MIXED PRECIP 0
HEAVY RAIN 3 RAIN 2
LIGHT RAIN 13 FREEZING RAIN 0
LT FREEZING RAIN 0 HAIL 0
HEAVY SNOW 0 SNOW 0
LIGHT SNOW 0 SLEET 0
FOG 8 FOG W/VIS <= 1/4 MILE 0
HAZE 2
- INDICATES NEGATIVE NUMBERS.
R INDICATES RECORD WAS SET OR TIED.
MM INDICATES DATA IS MISSING.
T INDICATES TRACE AMOUNT.
$$