000
CXUS54 KHGX 011410
CF6SGR
PRELIMINARY LOCAL CLIMATOLOGICAL DATA (WS FORM: F-6)
STATION: SUGAR LAND/HULL FLD
MONTH: OCTOBER
YEAR: 2023
LATITUDE: 29 37 N
LONGITUDE: 95 39 W
TEMPERATURE IN F: :PCPN: SNOW: WIND :SUNSHINE: SKY :PK WND
================================================================================
1 2 3 4 5 6A 6B 7 8 9 10 11 12 13 14 15 16 17 18
12Z AVG MX 2MIN
DY MAX MIN AVG DEP HDD CDD WTR SNW DPTH SPD SPD DIR MIN PSBL S-S WX SPD DR
================================================================================
1 96 72 84 7 0 19 0.00 0.0 0 8.2 18 80 M M 0 27 80
2 94 71 83 6 0 18 0.00 0.0 0 8.1 20 130 M M 0 30 130
3 86 75 81 4 0 16 1.09 0.0 0 6.3 16 140 M M 8 13 21 130
4 89 77 83 7 0 18 0.29 0.0 0 10.0 22 150 M M 9 13 29 150
5 82 72 77 1 0 12 1.08 0.0 0 8.0 30 30 M M 6 13 44 20
6 86 68 77 1 0 12 0.00 0.0 0 9.0 18 20 M M 1 28 60
7 78 66 72 -4 0 7 0.00 0.0 0 10.4 18 30 M M 0 26 20
8 77 54 66 -9 0 1 0.00 0.0 0 4.1 12 70 M M 0 17 30
9 85 56 71 -4 0 6 0.00 0.0 0 3.9 14 200 M M 0 19 170
10 83 64 74 -1 0 9 0.01 0.0 0 3.5 13 170 M M 4 16 180
11 74 66 70 -4 0 5 0.57 0.0 0 7.4 17 100 M M 6 1 26 100
12 84 62 73 -1 0 8 0.00 0.0 0 7.3 15 140 M M 2 26 190
13 92 70 81 7 0 16 0.00 0.0 0 5.2 14 20 M M 3 19 20
14 78 59 69 -4 0 4 0.00 0.0 0 10.9 20 10 M M 1 28 10
15 74 53 64 -9 1 0 0.00 0.0 0 10.3 24 10 M M 0 33 330
16 71 48 60 -13 5 0 0.00 0.0 0 8.6 20 30 M M 0 32 350
17 75 44 60 -12 5 0 0.00 0.0 0 2.3 13 150 M M 0 15 160
18 84 53 69 -3 0 4 0.00 0.0 0 6.5 17 180 M M 0 1 28 170
19 87 59 73 1 0 8 0.00 0.0 0 4.0 15 250 M M 1 1 23 240
20 92 56 74 3 0 9 0.00 0.0 0 3.7 10 250 M M 0 14 290
21 93 59 76 5 0 11 0.00 0.0 0 6.0 14 200 M M 0 19 190
22 88 67 78 7 0 13 0.00 0.0 0 7.9 18 140 M M 2 1 26 160
23 88 72 80 10 0 15 0.00 0.0 0 10.6 21 150 M M 3 28 150
24 87 74 81 11 0 16 0.00 0.0 0 12.0 24 140 M M 5 32 130
25 89 74 82 12 0 17 0.04 0.0 0 11.6 24 140 M M 7 32 160
26 87 75 81 12 0 16 0.07 0.0 0 11.0 23 170 M M 7 1 30 180
27 87 77 82 13 0 17 T 0.0 0 8.2 15 150 M M 4 20 120
28 90 74 82 13 0 17 0.00 0.0 0 9.5 18 150 M M 3 25 170
29 90 53 72 4 0 7 T 0.0 0 9.6 21 360 M M 7 32 360
30 53 46 50 -18 15 0 T 0.0 0 15.7 25 360 M M 10 1 36 360
31 62 41 52 -16 13 0 T 0.0 0 11.1 20 10 M M 6 27 30
================================================================================
SM 2581 1957 39 301 3.15 0.0 250.9 M 95
================================================================================
AV 83.3 63.1 8.1 FASTST M M 3 MAX(MPH)
MISC ----> 30 30 44 20
================================================================================
NOTES:
# LAST OF SEVERAL OCCURRENCES
COLUMN 17 PEAK WIND IN M.P.H.
PRELIMINARY LOCAL CLIMATOLOGICAL DATA (WS FORM: F-6) , PAGE 2
STATION: SUGAR LAND/HULL FLD
MONTH: OCTOBER
YEAR: 2023
LATITUDE: 29 37 N
LONGITUDE: 95 39 W
[TEMPERATURE DATA] [PRECIPITATION DATA] SYMBOLS USED IN COLUMN 16
AVERAGE MONTHLY: 73.2 TOTAL FOR MONTH: 3.15 1 = FOG OR MIST
DPTR FM NORMAL: 0.5 DPTR FM NORMAL: -1.50 2 = FOG REDUCING VISIBILITY
HIGHEST: 96 ON 1 GRTST 24HR 1.35 ON 3- 4 TO 1/4 MILE OR LESS
LOWEST: 41 ON 31 3 = THUNDER
SNOW, ICE PELLETS, HAIL 4 = ICE PELLETS
TOTAL MONTH: 0.0 INCH 5 = HAIL
GRTST 24HR 0.0 6 = FREEZING RAIN OR DRIZZLE
GRTST DEPTH: 0 7 = DUSTSTORM OR SANDSTORM:
VSBY 1/2 MILE OR LESS
8 = SMOKE OR HAZE
[NO. OF DAYS WITH] [WEATHER - DAYS WITH] 9 = BLOWING SNOW
X = TORNADO
MAX 32 OR BELOW: 0 0.01 INCH OR MORE: 7
MAX 90 OR ABOVE: 7 0.10 INCH OR MORE: 4
MIN 32 OR BELOW: 0 0.50 INCH OR MORE: 3
MIN 0 OR BELOW: 0 1.00 INCH OR MORE: 2
[HDD (BASE 65) ]
TOTAL THIS MO. 39 CLEAR (SCALE 0-3) 17
DPTR FM NORMAL 19 PTCLDY (SCALE 4-7) 12
TOTAL FM JUL 1 39 CLOUDY (SCALE 8-10) 2
DPTR FM NORMAL 21
[CDD (BASE 65) ]
TOTAL THIS MO. 301
DPTR FM NORMAL 44 [PRESSURE DATA]
TOTAL FM JAN 1 3929 HIGHEST SLP 30.39 ON 31
DPTR FM NORMAL 664 LOWEST SLP 29.67 ON 11
[REMARKS]
#FINAL-10-23#