000
CXUS54 KLZK 011131
CF6SGT
PRELIMINARY LOCAL CLIMATOLOGICAL DATA (WS FORM: F-6)
STATION: Stuttgart Airport
MONTH: APRIL
YEAR: 2020
LATITUDE: 34 35 N
LONGITUDE: 91 34 W
TEMPERATURE IN F: :PCPN: SNOW: WIND :SUNSHINE: SKY :PK WND
================================================================================
1 2 3 4 5 6A 6B 7 8 9 10 11 12 13 14 15 16 17 18
12Z AVG MX 2MIN
DY MAX MIN AVG DEP HDD CDD WTR SNW DPTH SPD SPD DIR MIN PSBL S-S WX SPD DR
================================================================================
1 71 47 59 2 6 0 0.00 M M 6.4 10 100 M M 0 M M
2 75 55 65 7 0 0 0.00 M M 9.9 16 150 M M 0 M M
3 70 57 64 6 1 0 0.08 M M 3.2 9 200 M M 5 M M
4 61 53 57 -1 8 0 T M M 8.7 15 30 M M 5 1 M M
5 73 50 62 4 3 0 0.00 M M 5.4 10 60 M M 1 M M
6 79 58 69 10 0 4 0.00 M M 5.9 10 210 M M 3 M M
7 75 65 70 11 0 5 0.11 M M 9.0 14 150 M M 7 1 M M
8 84 65 75 16 0 10 0.00 M M 10.5 18 190 M M 4 12 32 240
9 75 59 67 7 0 2 0.00 M M 11.5 20 30 M M 1 31 10
10 60 47 54 -6 11 0 0.00 M M 10.9 22 30 M M 0 30 20
11 70 46 58 -2 7 0 0.38 M M 7.8 15 190 M M 3 M M
12 70 56 63 2 2 0 3.30 M M 9.0 21 260 M M 7 13 50 300
13 57 43 50 -11 15 0 0.00 M M 15.4 28 290 M M 0 38 290
14 M M M M M M M M M M M M M M M M M
15 55 50 53 -9 12 0 0.00 M M 6.9 8 160 M M 0 M M
16 71 44 58 -4 7 0 0.00 M M 7.8 16 170 M M 0 20 140
17 70 50 60 -2 5 0 T M M 13.2 24 350 M M 6 1 29 350
18 63 42 53 -9 12 0 T M M 10.2 18 10 M M 1 17 40
19 58 53 56 -7 9 0 0.90 M M 9.8 14 10 M M 8 13 M M
20 73 48 61 -2 4 0 0.01 M M 6.2 10 200 M M 1 12 M M
21 80 54 67 4 0 2 0.00 M M 6.8 10 300 M M 0 M M
22 M M M M M M 1.08 M M 12.6 23 110 M M 7 13 29 110
23 70 57 64 0 1 0 T M M 11.0 20 300 M M 1 1 32 290
24 75 53 64 0 1 0 0.30 M M 6.3 13 140 M M 1 1 41 320
25 71 56 64 -1 1 0 0.05 M M 14.8 28 300 M M 6 38 290
26 73 50 62 -3 3 0 0.00 M M 5.3 10 20 M M 0 M M
27 75 55 65 0 0 0 0.00 M M 10.2 18 180 M M 1 M M
28 75 60 68 2 0 3 0.75 M M 14.5 21 190 M M 7 13 23 160
29 71 59 65 -1 0 0 0.30 M M 16.8 25 300 M M 7 13 43 150
30 75 52 64 -2 1 0 0.00 M M 9.6 17 280 M M 0 24 310
================================================================================
SM 1975 1484 109 26 7.26 M 275.6 M 82
================================================================================
AV 70.5 53.0 9.5 FASTST M M 3 MAX(MPH)
MISC ----> # 28 290 # 50 300
================================================================================
NOTES:
# LAST OF SEVERAL OCCURRENCES
COLUMN 17 PEAK WIND IN M.P.H.
PRELIMINARY LOCAL CLIMATOLOGICAL DATA (WS FORM: F-6) , PAGE 2
STATION: Stuttgart Airport
MONTH: APRIL
YEAR: 2020
LATITUDE: 34 35 N
LONGITUDE: 91 34 W
[TEMPERATURE DATA] [PRECIPITATION DATA] SYMBOLS USED IN COLUMN 16
AVERAGE MONTHLY: 61.8 TOTAL FOR MONTH: 7.26 1 = FOG OR MIST
DPTR FM NORMAL: 0.1 DPTR FM NORMAL: 2.29 2 = FOG REDUCING VISIBILITY
HIGHEST: 84 ON 8 GRTST 24HR 3.30 ON 12-12 TO 1/4 MILE OR LESS
LOWEST: 42 ON 18 3 = THUNDER
SNOW, ICE PELLETS, HAIL 4 = ICE PELLETS
TOTAL MONTH: M 5 = HAIL
GRTST 24HR M ON M 6 = FREEZING RAIN OR DRIZZLE
GRTST DEPTH: M ON M 7 = DUSTSTORM OR SANDSTORM:
VSBY 1/2 MILE OR LESS
8 = SMOKE OR HAZE
[NO. OF DAYS WITH] [WEATHER - DAYS WITH] 9 = BLOWING SNOW
X = TORNADO
MAX 32 OR BELOW: 0 0.01 INCH OR MORE: 11
MAX 90 OR ABOVE: 0 0.10 INCH OR MORE: 8
MIN 32 OR BELOW: 0 0.50 INCH OR MORE: 4
MIN 0 OR BELOW: 0 1.00 INCH OR MORE: 2
[HDD (BASE 65) ]
TOTAL THIS MO. 109 CLEAR (SCALE 0-3) 18
DPTR FM NORMAL -48 PTCLDY (SCALE 4-7) 11
TOTAL FM JUL 1 2634 CLOUDY (SCALE 8-10) 0
DPTR FM NORMAL -529
[CDD (BASE 65) ]
TOTAL THIS MO. 26
DPTR FM NORMAL -30 [PRESSURE DATA]
TOTAL FM JAN 1 47 HIGHEST SLP 30.29 ON 16
DPTR FM NORMAL -16 LOWEST SLP 29.56 ON 23
[REMARKS]
#FINAL-04-20#