000
CXUS54 KSHV 160202
CF6SHV
PRELIMINARY LOCAL CLIMATOLOGICAL DATA (WS FORM: F-6)
STATION: SHREVEPORT
MONTH: NOVEMBER
YEAR: 2022
LATITUDE: 32 28 N
LONGITUDE: 93 49 W
TEMPERATURE IN F: :PCPN: SNOW: WIND :SUNSHINE: SKY :PK WND
================================================================================
1 2 3 4 5 6A 6B 7 8 9 10 11 12 13 14 15 16 17 18
12Z AVG MX 2MIN
DY MAX MIN AVG DEP HDD CDD WTR SNW DPTH SPD SPD DIR MIN PSBL S-S WX SPD DR
================================================================================
1 70 54 62 1 3 0 0.00 0.0 0 2.1 8 140 M M 8 11 140
2 80 53 67 6 0 2 0.00 0.0 0 2.7 13 110 M M 2 12 19 100
3 86 56 71 10 0 6 0.00 0.0 0 6.9 15 170 M M 4 21 170
4 85 61 73 13 0 8 0.43 0.0 0 13.3 43 290 M M 7 3 53 280
5 70 50 60 0 5 0 0.01 0.0 0 4.8 14 300 M M 4 3 14 240
6 81 47 64 4 1 0 0.00 0.0 0 3.5 10 220 M M 4 1 15 240
7 86 68 77 18 0 12 0.01 0.0 0 5.0 12 60 M M 7 1 15 70
8 82 70 76 17 0 11 0.00 0.0 0 6.9 12 10 M M 9 15 40
9 85 67 76 18 0 11 0.00 0.0 0 4.4 12 160 M M 6 1 14 130
10 80 55 68 10 0 3 0.00 0.0 0 3.8 9 130 M M 1 13 120
11 71 46 59 1 6 0 0.38 0.0 0 7.1 23 330 M M 8 1 31 320
12 56 39 48 -10 17 0 0.02 0.0 0 10.9 20 350 M M 7 1 27 340
13 54 32 43 -14 22 0 0.00 0.0 0 6.2 14 70 M M 4 19 70
14 50 37 44 -13 21 0 0.49 0.0 0 8.4 20 360 M M 10 1 26 60
15 54 40 47 -10 18 0 0.00 0.0 0 10.8 18 350 M M 9 27 340
16 57 37 47 -9 18 0 0.00 0.0 0 5.7 12 350 M M 6 14 360
17 55 33 44 -12 21 0 0.00 0.0 0 3.8 12 350 M M 4 16 360
18 61 30 46 -10 19 0 0.00 0.0 0 3.4 12 10 M M 5 16 40
19 47 35 41 -14 24 0 0.00 0.0 0 5.7 15 30 M M 9 18 30
20 55 29 42 -13 23 0 0.01 0.0 0 4.2 14 110 M M 4 18 100
21 55 37 46 -9 19 0 0.01 0.0 0 1.3 9 130 M M 9 4 12 130
22 66 42 54 -1 11 0 0.00 0.0 0 1.6 8 130 M M 5 12 110
23 69 39 54 0 11 0 0.04 0.0 0 3.9 10 100 M M 7 16 130
24 65 55 60 6 5 0 3.19 0.0 0 8.0 22 350 M M 9 13 28 360
25 61 57 59 5 6 0 T 0.0 0 9.3 18 30 M M 10 1 24 20
26 64 49 57 3 8 0 0.26 0.0 0 9.7 24 240 M M 8 1 35 240
27 68 44 56 3 9 0 0.00 0.0 0 6.2 16 260 M M 1 21 260
28 70 41 56 3 9 0 0.00 0.0 0 3.8 10 170 M M 0 1 15 180
29 81 51 66 13 0 1 0.11 0.0 0 7.1 21 200 M M 7 138 30 200
30 71 38 55 3 10 0 0.00 0.0 0 10.0 25 320 M M 1 1 34 330
================================================================================
SM 2035 1392 286 54 4.96 0.0 180.5 M 175
================================================================================
AV 67.8 46.4 6.0 FASTST M M 6 MAX(MPH)
MISC ----> 43 290 53 280
================================================================================
NOTES:
# LAST OF SEVERAL OCCURRENCES
COLUMN 17 PEAK WIND IN M.P.H.
PRELIMINARY LOCAL CLIMATOLOGICAL DATA (WS FORM: F-6) , PAGE 2
STATION: SHREVEPORT
MONTH: NOVEMBER
YEAR: 2022
LATITUDE: 32 28 N
LONGITUDE: 93 49 W
[TEMPERATURE DATA] [PRECIPITATION DATA] SYMBOLS USED IN COLUMN 16
AVERAGE MONTHLY: 57.1 TOTAL FOR MONTH: 4.96 1 = FOG OR MIST
DPTR FM NORMAL: 0.5 DPTR FM NORMAL: 0.96 2 = FOG REDUCING VISIBILITY
HIGHEST: 86 ON 7, 3 GRTST 24HR 3.19 ON 24-24 TO 1/4 MILE OR LESS
LOWEST: 29 ON 20 3 = THUNDER
SNOW, ICE PELLETS, HAIL 4 = ICE PELLETS
TOTAL MONTH: 0.0 INCH 5 = HAIL
GRTST 24HR 0.0 6 = FREEZING RAIN OR DRIZZLE
GRTST DEPTH: 0 7 = DUSTSTORM OR SANDSTORM:
VSBY 1/2 MILE OR LESS
8 = SMOKE OR HAZE
[NO. OF DAYS WITH] [WEATHER - DAYS WITH] 9 = BLOWING SNOW
X = TORNADO
MAX 32 OR BELOW: 0 0.01 INCH OR MORE: 12
MAX 90 OR ABOVE: 0 0.10 INCH OR MORE: 6
MIN 32 OR BELOW: 3 0.50 INCH OR MORE: 1
MIN 0 OR BELOW: 0 1.00 INCH OR MORE: 1
[HDD (BASE 65) ]
TOTAL THIS MO. 286 CLEAR (SCALE 0-3) 5
DPTR FM NORMAL 8 PTCLDY (SCALE 4-7) 18
TOTAL FM JUL 1 345 CLOUDY (SCALE 8-10) 7
DPTR FM NORMAL -5
[CDD (BASE 65) ]
TOTAL THIS MO. 54
DPTR FM NORMAL 28 [PRESSURE DATA]
TOTAL FM JAN 1 3154 HIGHEST SLP M ON M
DPTR FM NORMAL 488 LOWEST SLP 29.78 ON 11
[REMARKS]
#FINAL-11-22#