000
CXUS56 KMFR 011000
CF6SIY
PRELIMINARY LOCAL CLIMATOLOGICAL DATA (WS FORM: F-6)
STATION: MONTAGUE CA
MONTH: APRIL
YEAR: 2020
LATITUDE: 41 46 N
LONGITUDE: 122 28 W
TEMPERATURE IN F: :PCPN: SNOW: WIND :SUNSHINE: SKY :PK WND
================================================================================
1 2 3 4 5 6A 6B 7 8 9 10 11 12 13 14 15 16 17 18
12Z AVG MX 2MIN
DY MAX MIN AVG DEP HDD CDD WTR SNW DPTH SPD SPD DIR MIN PSBL S-S WX SPD DR
================================================================================
1 50 25 38 -6 27 0 0.00 M M 8.8 25 360 M M 5 29 360
2 56 19 38 -6 27 0 0.00 M M 6.1 23 10 M M 2 26 10
3 56 29 43 -1 22 0 0.00 M M 5.8 15 10 M M 2 18 320
4 51 31 41 -3 24 0 0.08 M M 8.2 29 160 M M 9 1 33 160
5 52 35 44 0 21 0 T M M 9.8 37 140 M M 8 44 140
6 58 31 45 1 20 0 0.00 M M 4.2 16 360 M M 6 1 20 360
7 71 26 49 4 16 0 0.00 M M 6.3 17 360 M M 0 20 360
8 78 31 55 10 10 0 0.00 M M 6.8 21 30 M M 0 25 50
9 81 43 62 17 3 0 0.00 M M 11.4 21 330 M M 0 26 320
10 75 34 55 10 10 0 0.00 M M 8.6 21 340 M M 0 26 340
11 71 33 52 6 13 0 0.00 M M 9.4 25 360 M M 0 30 10
12 71 33 52 6 13 0 0.00 M M 8.4 28 330 M M 0 32 330
13 68 30 49 3 16 0 0.00 M M 7.3 16 360 M M 0 21 360
14 72 28 50 4 15 0 0.00 M M 8.9 25 360 M M 0 30 20
15 69 32 51 5 14 0 0.00 M M 7.6 20 30 M M 0 23 20
16 71 38 55 8 10 0 0.00 M M 10.5 23 90 M M 0 32 80
17 73 34 54 7 11 0 0.00 M M 4.5 12 20 M M 0 16 20
18 72 34 53 5 12 0 0.00 M M 6.8 22 290 M M 3 27 270
19 68 33 51 3 14 0 0.00 M M 4.3 12 190 M M 2 14 250
20 71 33 52 4 13 0 T M M 4.7 22 300 M M 3 25 290
21 74 33 54 6 11 0 0.00 M M 6.1 21 340 M M 1 25 350
22 70 39 55 6 10 0 T M M 5.7 15 270 M M 5 20 270
23 71 42 57 8 8 0 0.00 M M 8.7 21 270 M M 1 23 260
24 74 38 56 6 9 0 0.00 M M 6.7 22 360 M M 4 28 360
25 74 45 60 10 5 0 T M M 6.6 17 360 M M 2 20 360
26 79 42 61 11 4 0 0.00 M M 6.2 21 290 M M 2 26 300
27 74 50 62 12 3 0 0.00 M M 6.7 17 270 M M 6 20 270
28 85 41 63 12 2 0 0.00 M M 3.9 15 350 M M 0 18 350
29 84 50 67 16 0 2 0.00 M M 8.2 22 300 M M 1 27 300
30 71 44 58 6 7 0 0.00 M M 7.1 21 310 M M 1 25 310
================================================================================
SM 2090 1056 370 2 0.08 M 214.3 M 63
================================================================================
AV 69.7 35.2 7.1 FASTST M M 2 MAX(MPH)
MISC ----> # 37 140 # 44 140
================================================================================
NOTES:
# LAST OF SEVERAL OCCURRENCES
COLUMN 17 PEAK WIND IN M.P.H.
PRELIMINARY LOCAL CLIMATOLOGICAL DATA (WS FORM: F-6) , PAGE 2
STATION: MONTAGUE CA
MONTH: APRIL
YEAR: 2020
LATITUDE: 41 46 N
LONGITUDE: 122 28 W
[TEMPERATURE DATA] [PRECIPITATION DATA] SYMBOLS USED IN COLUMN 16
AVERAGE MONTHLY: 52.4 TOTAL FOR MONTH: 0.08 1 = FOG OR MIST
DPTR FM NORMAL: 5.3 DPTR FM NORMAL: -1.48 2 = FOG REDUCING VISIBILITY
HIGHEST: 85 ON 28 GRTST 24HR 0.08 ON 4- 4 TO 1/4 MILE OR LESS
LOWEST: 19 ON 2 3 = THUNDER
SNOW, ICE PELLETS, HAIL 4 = ICE PELLETS
TOTAL MONTH: M 5 = HAIL
GRTST 24HR M ON M 6 = FREEZING RAIN OR DRIZZLE
GRTST DEPTH: M ON M 7 = DUSTSTORM OR SANDSTORM:
VSBY 1/2 MILE OR LESS
8 = SMOKE OR HAZE
[NO. OF DAYS WITH] [WEATHER - DAYS WITH] 9 = BLOWING SNOW
X = TORNADO
MAX 32 OR BELOW: 0 0.01 INCH OR MORE: 1
MAX 90 OR ABOVE: 0 0.10 INCH OR MORE: 0
MIN 32 OR BELOW: 10 0.50 INCH OR MORE: 0
MIN 0 OR BELOW: 0 1.00 INCH OR MORE: 0
[HDD (BASE 65) ]
TOTAL THIS MO. 370 CLEAR (SCALE 0-3) 23
DPTR FM NORMAL -169 PTCLDY (SCALE 4-7) 5
TOTAL FM JUL 1 4736 CLOUDY (SCALE 8-10) 2
DPTR FM NORMAL -362
[CDD (BASE 65) ]
TOTAL THIS MO. 2
DPTR FM NORMAL 2 [PRESSURE DATA]
TOTAL FM JAN 1 2 HIGHEST SLP M ON M
DPTR FM NORMAL 2 LOWEST SLP 29.50 ON 5
[REMARKS]
#FINAL-04-20#