000
CXUS56 KMTR 110851
CF6SJC
PRELIMINARY LOCAL CLIMATOLOGICAL DATA (WS FORM: F-6)
STATION: SAN JOSE AIRPORT
MONTH: FEBRUARY
YEAR: 2021
LATITUDE: 37 21 N
LONGITUDE: 121 55 W
TEMPERATURE IN F: :PCPN: SNOW: WIND :SUNSHINE: SKY :PK WND
================================================================================
1 2 3 4 5 6A 6B 7 8 9 10 11 12 13 14 15 16 17 18
12Z AVG MX 2MIN
DY MAX MIN AVG DEP HDD CDD WTR SNW DPTH SPD SPD DIR MIN PSBL S-S WX SPD DR
================================================================================
1 64 46 55 3 10 0 0.00 M M 9.0 23 220 M M 4 29 210
2 61 46 54 2 11 0 0.05 M M 7.6 15 340 M M 8 18 18 350
3 59 41 50 -2 15 0 0.00 M M 5.3 14 310 M M 4 1 17 330
4 61 44 53 1 12 0 0.00 M M 5.5 16 30 M M 3 21 40
5 70 39 55 3 10 0 0.00 M M 4.3 15 320 M M 0 18 290
6 71 40 56 4 9 0 0.00 M M 3.1 14 320 M M 2 17 300
7 68 39 54 2 11 0 0.00 M M 3.6 10 320 M M 4 15 360
8 61 39 50 -2 15 0 0.00 M M 3.5 10 140 M M 7 128 14 10
9 63 49 56 3 9 0 T M M 3.2 12 340 M M 8 16 340
10 63 44 54 1 11 0 0.00 M M 4.9 15 330 M M 2 17 340
11 61 43 52 -1 13 0 0.17 M M 4.4 22 330 M M 7 18 26 300
12 61 48 55 2 10 0 T M M 9.7 20 340 M M 6 23 340
13 61 48 55 2 10 0 0.02 M M 9.8 26 330 M M 8 1 31 310
14 57 41 49 -4 16 0 T M M 4.9 13 290 M M 7 14 290
15 62 50 56 3 9 0 0.01 M M 9.1 23 330 M M 8 1 28 320
16 57 42 50 -4 15 0 0.00 M M 7.4 17 330 M M 5 22 320
17 64 39 52 -2 13 0 0.00 M M 5.8 22 310 M M 2 26 300
18 68 37 53 -1 12 0 0.00 M M 5.0 14 330 M M 5 16 340
19 66 49 58 4 7 0 0.00 M M 8.6 18 320 M M 7 8 22 320
20 60 46 53 -1 12 0 0.07 M M 10.0 21 320 M M 5 1 26 320
21 64 39 52 -2 13 0 0.00 M M 4.4 15 310 M M 2 21 320
22 72 43 58 4 7 0 0.00 M M 3.5 12 320 M M 1 14 350
23 79 45 62 8 3 0 0.00 M M 5.0 18 320 M M 3 23 330
24 72 43 58 4 7 0 0.00 M M 6.2 17 10 M M 0 25 10
25 68 46 57 2 8 0 0.00 M M 8.4 26 340 M M 3 32 330
26 63 40 52 -3 13 0 0.00 M M 6.7 21 340 M M 1 25 330
27 63 42 53 -2 12 0 0.00 M M 9.0 22 310 M M 2 26 320
28 68 40 54 -1 11 0 0.00 M M 5.7 18 330 M M 3 22 310
================================================================================
SM 1807 1208 304 0 0.32 M 173.6 M 117
================================================================================
AV 64.5 43.1 6.2 FASTST M M 4 MAX(MPH)
MISC ----> # 26 330 32 330
================================================================================
NOTES:
# LAST OF SEVERAL OCCURRENCES
COLUMN 17 PEAK WIND IN M.P.H.
PRELIMINARY LOCAL CLIMATOLOGICAL DATA (WS FORM: F-6) , PAGE 2
STATION: SAN JOSE AIRPORT
MONTH: FEBRUARY
YEAR: 2021
LATITUDE: 37 21 N
LONGITUDE: 121 55 W
[TEMPERATURE DATA] [PRECIPITATION DATA] SYMBOLS USED IN COLUMN 16
AVERAGE MONTHLY: 53.8 TOTAL FOR MONTH: 0.32 1 = FOG OR MIST
DPTR FM NORMAL: 0.5 DPTR FM NORMAL: -3.00 2 = FOG REDUCING VISIBILITY
HIGHEST: 79 ON 23 GRTST 24HR 0.17 ON 11-11 TO 1/4 MILE OR LESS
LOWEST: 37 ON 18 3 = THUNDER
SNOW, ICE PELLETS, HAIL 4 = ICE PELLETS
TOTAL MONTH: M 5 = HAIL
GRTST 24HR M ON M 6 = FREEZING RAIN OR DRIZZLE
GRTST DEPTH: M ON M 7 = DUSTSTORM OR SANDSTORM:
VSBY 1/2 MILE OR LESS
8 = SMOKE OR HAZE
[NO. OF DAYS WITH] [WEATHER - DAYS WITH] 9 = BLOWING SNOW
X = TORNADO
MAX 32 OR BELOW: 0 0.01 INCH OR MORE: 5
MAX 90 OR ABOVE: 0 0.10 INCH OR MORE: 1
MIN 32 OR BELOW: 0 0.50 INCH OR MORE: 0
MIN 0 OR BELOW: 0 1.00 INCH OR MORE: 0
[HDD (BASE 65) ]
TOTAL THIS MO. 304 CLEAR (SCALE 0-3) 12
DPTR FM NORMAL -24 PTCLDY (SCALE 4-7) 15
TOTAL FM JUL 1 1445 CLOUDY (SCALE 8-10) 1
DPTR FM NORMAL -219
[CDD (BASE 65) ]
TOTAL THIS MO. 0
DPTR FM NORMAL 0 [PRESSURE DATA]
TOTAL FM JAN 1 0 HIGHEST SLP 30.48 ON 21
DPTR FM NORMAL 0 LOWEST SLP 29.92 ON 11
[REMARKS]
#FINAL-02-21#