000
CXUS56 KFGZ 010910
CF6SJN
PRELIMINARY LOCAL CLIMATOLOGICAL DATA (WS FORM: F-6)
STATION: SAINT JOHNS AZ AIRPORT
MONTH: DECEMBER
YEAR: 2021
LATITUDE: 34 31 N
LONGITUDE: 109 23 W
TEMPERATURE IN F: :PCPN: SNOW: WIND :SUNSHINE: SKY :PK WND
================================================================================
1 2 3 4 5 6A 6B 7 8 9 10 11 12 13 14 15 16 17 18
12Z AVG MX 2MIN
DY MAX MIN AVG DEP HDD CDD WTR SNW DPTH SPD SPD DIR MIN PSBL S-S WX SPD DR
================================================================================
1 60 18 39 2 26 0 0.00 M M 2.9 9 330 M M 0 8 12 310
2 65 21 43 7 22 0 0.00 M M 3.0 12 320 M M 0 8 15 310
3 63 25 44 8 21 0 0.00 M M 3.3 9 170 M M 0 18 13 310
4 62 23 43 7 22 0 0.00 M M 3.2 12 340 M M 1 8 15 340
5 60 21 41 5 24 0 0.00 M M 4.0 10 330 M M 0 12 320
6 61 20 41 6 24 0 0.00 M M 4.4 15 240 M M 0 21 220
7 54 30 42 7 23 0 0.00 M M 5.4 14 310 M M 3 8 18 300
8 56 26 41 6 24 0 0.00 M M 6.9 22 260 M M 5 28 270
9 58 30 44 10 21 0 0.00 M M 12.7 29 240 M M 2 39 250
10 47 21 34 0 31 0 0.04 M M 13.1 26 290 M M 5 1 35 230
11 47 10 29 -5 36 0 0.00 M M 2.9 8 190 M M 0 10 70
12 58 9 34 0 31 0 0.00 M M 1.5 8 290 M M 0 9 290
13 61 17 39 5 26 0 0.00 M M 3.4 14 260 M M 0 17 260
14 60 33 47 14 18 0 0.00 M M 11.0 40 200 M M 4 60 200
15 54 22 38 5 27 0 0.02 M M 12.5 40 210 M M 4 1 59 210
16 57 12 35 2 30 0 0.00 M M 4.6 15 230 M M 0 8 21 240
17 44 18 31 -2 34 0 0.00 M M 5.2 16 310 M M 1 20 310
18 42 9 26 -7 39 0 0.00 M M 4.7 10 20 M M 0 13 340
19 46 6 26 -7 39 0 0.00 M M 3.9 8 180 M M 0 10 350
20 56 9 33 1 32 0 0.00 M M 2.8 9 170 M M 0 8 10 170
21 52 19 36 4 29 0 0.00 M M 2.8 12 300 M M 2 8 13 310
22 65 19 42 10 23 0 0.00 M M 3.6 13 220 M M 1 8 18 230
23 65 40 53 21 12 0 0.01 M M 7.0 24 210 M M 6 32 240
24 51 39 45 13 20 0 0.24 M M 11.8 25 210 M M 7 1 33 200
25 52 37 45 13 20 0 T M M 6.1 24 200 M M 3 33 200
26 52 35 44 12 21 0 0.00 M M 22.4 43 230 M M 0 60 220
27 47 28 38 6 27 0 0.00 M M 11.5 28 230 M M 0 36 240
28 44 32 38 6 27 0 T M M 13.7 28 230 M M 8 33 220
29 44 30 37 5 28 0 T M M 12.3 25 250 M M 8 1 34 250
30 46 27 37 5 28 0 0.00 M M 6.8 22 250 M M 4 29 260
31 54 28 41 8 24 0 0.05 M M 8.8 24 250 M M 7 1 30 250
================================================================================
SM 1683 714 809 0 0.36 M 218.2 M 71
================================================================================
AV 54.3 23.0 7.0 FASTST M M 2 MAX(MPH)
MISC ----> 43 230 # 60 200
================================================================================
NOTES:
# LAST OF SEVERAL OCCURRENCES
COLUMN 17 PEAK WIND IN M.P.H.
PRELIMINARY LOCAL CLIMATOLOGICAL DATA (WS FORM: F-6) , PAGE 2
STATION: SAINT JOHNS AZ AIRPORT
MONTH: DECEMBER
YEAR: 2021
LATITUDE: 34 31 N
LONGITUDE: 109 23 W
[TEMPERATURE DATA] [PRECIPITATION DATA] SYMBOLS USED IN COLUMN 16
AVERAGE MONTHLY: 38.7 TOTAL FOR MONTH: 0.36 1 = FOG OR MIST
DPTR FM NORMAL: 5.1 DPTR FM NORMAL: -0.52 2 = FOG REDUCING VISIBILITY
HIGHEST: 65 ON 23,22 GRTST 24HR 0.24 ON 24-24 TO 1/4 MILE OR LESS
LOWEST: 6 ON 19 3 = THUNDER
SNOW, ICE PELLETS, HAIL 4 = ICE PELLETS
TOTAL MONTH: 0.0 INCH 5 = HAIL
GRTST 24HR M ON M 6 = FREEZING RAIN OR DRIZZLE
GRTST DEPTH: 0 7 = DUSTSTORM OR SANDSTORM:
VSBY 1/2 MILE OR LESS
8 = SMOKE OR HAZE
[NO. OF DAYS WITH] [WEATHER - DAYS WITH] 9 = BLOWING SNOW
X = TORNADO
MAX 32 OR BELOW: 0 0.01 INCH OR MORE: 5
MAX 90 OR ABOVE: 0 0.10 INCH OR MORE: 1
MIN 32 OR BELOW: 26 0.50 INCH OR MORE: 0
MIN 0 OR BELOW: 0 1.00 INCH OR MORE: 0
[HDD (BASE 65) ]
TOTAL THIS MO. 809 CLEAR (SCALE 0-3) 21
DPTR FM NORMAL -164 PTCLDY (SCALE 4-7) 10
TOTAL FM JUL 1 1803 CLOUDY (SCALE 8-10) 0
DPTR FM NORMAL -214
[CDD (BASE 65) ]
TOTAL THIS MO. 0
DPTR FM NORMAL 0 [PRESSURE DATA]
TOTAL FM JAN 1 1151 HIGHEST SLP M ON M
DPTR FM NORMAL 219 LOWEST SLP 29.44 ON 31
[REMARKS]
#FINAL-12-21#