000
CXUS54 KSJT 021746
CLMSJT
CLIMATE REPORT
NATIONAL WEATHER SERVICE SAN ANGELO TX
1246 PM CDT SUN JUL 02 2023
...................................
...THE SAN ANGELO CLIMATE SUMMARY FOR THE MONTH OF JUNE 2023...
CLIMATE NORMAL PERIOD: 1991 TO 2020
CLIMATE RECORD PERIOD: 1907 TO 2023
WEATHER OBSERVED NORMAL DEPART LAST YEAR`S
VALUE DATE(S) VALUE FROM VALUE DATE(S)
NORMAL
................................................................
TEMPERATURE (F)
RECORD
HIGH 122 06/06/2021
LOW 42 06/18/1912
HIGHEST 114 06/20 108 06/12
06/21
LOWEST 60 06/05 63 06/03
06/06
AVG. MAXIMUM 101.0 94.4 6.6 100.1
AVG. MINIMUM 70.5 70.0 0.5 72.5
MEAN 85.8 82.2 3.6 86.3
DAYS MAX >= 90 25 23.2 1.8 28
DAYS MAX <= 32 0 0.0 0.0 0
DAYS MIN <= 32 0 0.0 0.0 0
DAYS MIN <= 0 0 0.0 0.0 0
PRECIPITATION (INCHES)
RECORD
MAXIMUM 7.02 2016
MINIMUM T 1924
TOTALS 1.67 2.31 -0.64 0.75
DAILY AVG. 0.06 0.08 -0.02 0.02
DAYS >= .01 5 5.8 -0.8 4
DAYS >= .10 5 3.7 1.3 3
DAYS >= .50 2 1.6 0.4 0
DAYS >= 1.00 0 0.7 -0.7 0
GREATEST
24 HR. TOTAL 0.53 06/09 TO 06/09 0.56 06/03 TO 06/04
06/04 TO 06/04
06/09 TO 06/09
SNOWFALL (INCHES)
RECORDS
TOTAL 0.0 2013
TOTALS 0.0 MM MM 0.0
SINCE 7/1 T MM MM MM
SNOWDEPTH AVG. 0 0
DAYS >= 1.0 0 MM MM 0
GREATEST
SNOW DEPTH 0 0 MM
DEGREE DAYS
HEATING TOTAL 0 0 0 0
SINCE 7/1 1980 2131 -151 MM
COOLING TOTAL 629 516 113 647
SINCE 1/1 1178 1046 132 MM
................................................................
WIND (MPH)
AVERAGE WIND SPEED 8.7
HIGHEST WIND SPEED/DIRECTION 52/290 DATE 06/23
HIGHEST GUST SPEED/DIRECTION 69/280 DATE 06/23
SKY COVER
AVERAGE SKY COVER 0.09
AVERAGE RH (PERCENT) 52
WEATHER CONDITIONS. NUMBER OF DAYS WITH
THUNDERSTORM 13 MIXED PRECIP 0
HEAVY RAIN 4 RAIN 4
LIGHT RAIN 5 FREEZING RAIN 0
LT FREEZING RAIN 0 HAIL 0
HEAVY SNOW 0 SNOW 0
LIGHT SNOW 0 SLEET 0
FOG 9 FOG W/VIS <= 1/4 MILE 0
HAZE 6
- INDICATES NEGATIVE NUMBERS.
R INDICATES RECORD WAS SET OR TIED.
MM INDICATES DATA IS MISSING.
T INDICATES TRACE AMOUNT.
$$