000
CXUS56 KPQR 011633
CLMSLE
CLIMATE REPORT
NATIONAL WEATHER SERVICE PORTLAND OREGON
833 AM PST FRI DEC 01 2023
...................................
...THE SALEM OR CLIMATE SUMMARY FOR THE MONTH OF NOVEMBER 2023...
CLIMATE NORMAL PERIOD 1991 TO 2020
CLIMATE RECORD PERIOD 1892 TO 2023
WEATHER OBSERVED NORMAL DEPART LAST YEAR`S
VALUE DATE(S) VALUE FROM VALUE DATE(S)
NORMAL
................................................................
TEMPERATURE (F)
HIGHEST 66 60 11/14
11/22
LOWEST 23 23 11/20
AVG. MAXIMUM 52.4 53.6 -1.2 50.5
AVG. MINIMUM 38.2 39.0 -0.8 33.2
MEAN 45.3 46.3 -1.0 41.8
DAYS MAX >= 90 0 0.0 0.0 0
DAYS MAX <= 32 0 0.0 0.0 0
DAYS MIN <= 32 6 6.5 -0.5 13
DAYS MIN <= 0 0 0.0 0.0 0
PRECIPITATION (INCHES)
RECORD
MAXIMUM 16.99 1896
MINIMUM 0.48 1936
TOTALS 5.22 5.95 -0.73 7.87
DAYS >= .01 17 17.7 -0.7 15
DAYS >= .10 13 11.9 1.1 13
DAYS >= .50 4 4.0 0.0 4
DAYS >= 1.00 1 1.2 -0.2 4
GREATEST
24 HR. TOTAL 1.68 11/03 TO 11/04
DEGREE DAYS
HEATING TOTAL 584 561 23 686
SINCE 7/1 960 1008 -48 MM
COOLING TOTAL 0 0 0 0
SINCE 1/1 636 401 235 MM
................................................................
WIND (MPH)
AVERAGE WIND SPEED 5.0
RESULTANT WIND SPEED/DIRECTION 2/180
HIGHEST WIND SPEED/DIRECTION 28/180 DATE 11/11
HIGHEST GUST SPEED/DIRECTION 38/180 DATE 11/11
SKY COVER
POSSIBLE SUNSHINE (PERCENT) MM
AVERAGE SKY COVER 0.61
NUMBER OF DAYS FAIR 8
NUMBER OF DAYS PC 9
NUMBER OF DAYS CLOUDY 13
AVERAGE RH (PERCENT) 82
WEATHER CONDITIONS. NUMBER OF DAYS WITH
THUNDERSTORM 1 MIXED PRECIP 0
HEAVY RAIN 0 RAIN 3
LIGHT RAIN 16 FREEZING RAIN 0
LT FREEZING RAIN 0 HAIL 0
HEAVY SNOW 0 SNOW 0
LIGHT SNOW 1 SLEET 0
FOG 25 FOG W/VIS <= 1/4 MILE 3
HAZE 6
- INDICATES NEGATIVE NUMBERS.
R INDICATES RECORD WAS SET OR TIED.
MM INDICATES DATA IS MISSING.
T INDICATES TRACE AMOUNT.
$$