000
CXUS51 KBTV 010700
CF6SLK
PRELIMINARY LOCAL CLIMATOLOGICAL DATA (WS FORM: F-6)
STATION: SARANAC LAKE NY
MONTH: AUGUST
YEAR: 2023
LATITUDE: 44 23 N
LONGITUDE: 74 12 W
TEMPERATURE IN F: :PCPN: SNOW: WIND :SUNSHINE: SKY :PK WND
================================================================================
1 2 3 4 5 6A 6B 7 8 9 10 11 12 13 14 15 16 17 18
12Z AVG MX 2MIN
DY MAX MIN AVG DEP HDD CDD WTR SNW DPTH SPD SPD DIR MIN PSBL S-S WX SPD DR
================================================================================
1 65 36 51 -12 14 0 0.00 M M 2.3 10 10 M M 4 12 17 310
2 72 36 54 -9 11 0 0.00 M M 1.2 10 230 M M 5 12 19 210
3 73 45 59 -4 6 0 1.44 M M 5.7 18 210 M M 6 138 24 220
4 67 54 61 -2 4 0 2.00 M M 4.0 18 190 M M 9 123 30 330
5 72 47 60 -3 5 0 0.00 M M 2.2 9 330 M M 5 12 15 270
6 76 46 61 -2 4 0 0.00 M M 2.5 9 300 M M 4 12 21 200
7 73 54 64 1 1 0 0.11 M M 5.7 15 170 M M 7 19 200
8 70 61 66 3 0 1 2.58 M M 3.9 9 240 M M 10 1 14 320
9 77 56 67 4 0 2 0.02 M M 5.4 13 290 M M 5 12 21 280
10 76 53 65 2 0 0 0.28 M M 4.6 21 220 M M 5 13 29 230
11 68 50 59 -3 6 0 0.00 M M 5.1 13 260 M M 5 1 19 300
12 77 44 61 -1 4 0 0.05 M M 3.5 14 200 M M 5 123 20 210
13 74 59 67 5 0 2 0.16 M M 6.7 20 240 M M 8 1 28 240
14 72 54 63 1 2 0 0.08 M M 3.7 10 250 M M 5 1 17 260
15 76 54 65 3 0 0 0.03 M M 3.7 12 70 M M 5 1 14 50
16 76 56 66 4 0 1 0.40 M M 1.8 9 40 M M 8 123 13 350
17 76 56 66 4 0 1 0.00 M M 5.5 13 190 M M 7 12 M M
18 69 55 62 0 3 0 0.36 M M 8.7 25 220 M M 8 1 33 220
19 60 53 57 -5 8 0 0.18 M M 6.8 12 240 M M 8 1 17 230
20 74 54 64 3 1 0 0.00 M M 6.9 14 230 M M 3 1 20 230
21 69 49 59 -2 6 0 T M M 4.0 10 20 M M 6 1 17 360
22 71 40 56 -5 9 0 0.00 M M 2.0 13 10 M M 1 12 19 30
23 76 43 60 -1 5 0 0.00 M M 0.8 9 120 M M 2 12 15 230
24 73 40 57 -4 8 0 0.05 M M 5.4 16 170 M M 5 1 23 170
25 69 59 64 4 1 0 0.12 M M 1.8 8 230 M M 10 1 14 210
26 72 57 65 5 0 0 0.21 M M 4.3 10 300 M M 9 18 20 210
27 71 45 58 -2 7 0 0.00 M M 3.1 13 50 M M 6 1 17 30
28 76 43 60 0 5 0 0.00 M M 2.8 16 190 M M 6 12 19 170
29 73 56 65 5 0 0 0.28 M M 2.7 15 210 M M 9 12 18 200
30 69 52 61 1 4 0 0.13 M M 5.3 16 230 M M 9 1 26 230
31 66 39 53 -6 12 0 0.00 M M 2.6 14 20 M M 3 1 18 40
================================================================================
SM 2228 1546 126 7 8.48 M 124.7 M 188
================================================================================
AV 71.9 49.9 4.0 FASTST M M 6 MAX(MPH)
MISC ----> 25 220 33 220
================================================================================
NOTES:
# LAST OF SEVERAL OCCURRENCES
COLUMN 17 PEAK WIND IN M.P.H.
PRELIMINARY LOCAL CLIMATOLOGICAL DATA (WS FORM: F-6) , PAGE 2
STATION: SARANAC LAKE NY
MONTH: AUGUST
YEAR: 2023
LATITUDE: 44 23 N
LONGITUDE: 74 12 W
[TEMPERATURE DATA] [PRECIPITATION DATA] SYMBOLS USED IN COLUMN 16
AVERAGE MONTHLY: 60.9 TOTAL FOR MONTH: 8.48 1 = FOG OR MIST
DPTR FM NORMAL: -0.8 DPTR FM NORMAL: 4.92 2 = FOG REDUCING VISIBILITY
HIGHEST: 77 ON 12, 9 GRTST 24HR 2.88 ON 3- 4 TO 1/4 MILE OR LESS
LOWEST: 36 ON 2, 1 3 = THUNDER
SNOW, ICE PELLETS, HAIL 4 = ICE PELLETS
TOTAL MONTH: M 5 = HAIL
GRTST 24HR M ON M 6 = FREEZING RAIN OR DRIZZLE
GRTST DEPTH: M ON M 7 = DUSTSTORM OR SANDSTORM:
VSBY 1/2 MILE OR LESS
8 = SMOKE OR HAZE
[NO. OF DAYS WITH] [WEATHER - DAYS WITH] 9 = BLOWING SNOW
X = TORNADO
MAX 32 OR BELOW: 0 0.01 INCH OR MORE: 18
MAX 90 OR ABOVE: 0 0.10 INCH OR MORE: 13
MIN 32 OR BELOW: 0 0.50 INCH OR MORE: 3
MIN 0 OR BELOW: 0 1.00 INCH OR MORE: 3
[HDD (BASE 65) ]
TOTAL THIS MO. 126 CLEAR (SCALE 0-3) 4
DPTR FM NORMAL -9 PTCLDY (SCALE 4-7) 18
TOTAL FM JUL 1 171 CLOUDY (SCALE 8-10) 9
DPTR FM NORMAL -54
[CDD (BASE 65) ]
TOTAL THIS MO. 7
DPTR FM NORMAL -25 [PRESSURE DATA]
TOTAL FM JAN 1 110 HIGHEST SLP M ON M
DPTR FM NORMAL -1 LOWEST SLP 29.56 ON 8
[REMARKS]
#FINAL-08-23#