000
CXUS51 KBTV 010953
CLMSLK
CLIMATE REPORT
NATIONAL WEATHER SERVICE BURLINGTON VT
453 AM EST THU FEB 01 2024
...................................
...THE SARANAC LAKE NY CLIMATE SUMMARY FOR THE MONTH OF JANUARY 2024...
CLIMATE NORMAL PERIOD: 1991 TO 2020
CLIMATE RECORD PERIOD: 1903 TO 2024
WEATHER OBSERVED NORMAL DEPART LAST YEAR`S
VALUE DATE(S) VALUE FROM VALUE DATE(S)
NORMAL
................................................................
TEMPERATURE (F)
RECORD
HIGH 62
LOW -32
HIGHEST 45 01/10 MM MM 45 01/01
LOWEST -8 01/21 MM MM -9 01/11
AVG. MAXIMUM 26.9 24.9 2.0 30.6
AVG. MINIMUM 14.8 2.3 12.5 14.7
MEAN 20.8 13.6 7.2 22.7
DAYS MAX >= 90 0 0.0 0.0 0
DAYS MAX <= 32 22 22.9 -0.9 19
DAYS MIN <= 32 31 30.3 0.7 31
DAYS MIN <= 0 7 13.3 -6.3 5
PRECIPITATION (INCHES)
RECORD
MAXIMUM 7.04 1998
MINIMUM 0.38 1965
TOTALS 2.09 1.94 0.15 3.07
DAILY AVG. 0.07 0.06 0.01 0.10
DAYS >= .01 13 14.4 -1.4 22
DAYS >= .10 7 4.7 2.3 9
DAYS >= .50 0 0.9 -0.9 2
DAYS >= 1.00 0 0.1 -0.1 0
GREATEST
24 HR. TOTAL 1.05 01/09 TO 01/10 0.98 01/12 TO 01/13
STORM TOTAL 0.45 0.70
(MM/DD(HH)) MM
DEGREE DAYS
HEATING TOTAL 1359 1593 -234 1305
SINCE 7/1 4456 5182 -726 MM
COOLING TOTAL 0 0 0 0
SINCE 1/1 0 0 0 MM
................................................................
WIND (MPH)
AVERAGE WIND SPEED 6.4
HIGHEST WIND SPEED/DIRECTION 26/230 DATE 01/10
HIGHEST GUST SPEED/DIRECTION 36/240 DATE 01/14
SKY COVER
POSSIBLE SUNSHINE (PERCENT) MM
AVERAGE SKY COVER 0.94
NUMBER OF DAYS FAIR 0
NUMBER OF DAYS PC 4
NUMBER OF DAYS CLOUDY 27
AVERAGE RH (PERCENT) 83
WEATHER CONDITIONS. NUMBER OF DAYS WITH
THUNDERSTORM 0 MIXED PRECIP 0
HEAVY RAIN 0 RAIN 4
LIGHT RAIN 5 FREEZING RAIN 0
LT FREEZING RAIN 2 HAIL 0
HEAVY SNOW 1 SNOW 4
LIGHT SNOW 23 SLEET 0
FOG 28 FOG W/VIS <= 1/4 MILE 3
HAZE 16
- INDICATES NEGATIVE NUMBERS.
R INDICATES RECORD WAS SET OR TIED.
MM INDICATES DATA IS MISSING.
T INDICATES TRACE AMOUNT.
$$