000
CXUS53 KICT 011510
CF6SLN
PRELIMINARY LOCAL CLIMATOLOGICAL DATA (WS FORM: F-6)
STATION: SALINA KS
MONTH: FEBRUARY
YEAR: 2021
LATITUDE: 38 47 N
LONGITUDE: 97 39 W
TEMPERATURE IN F: :PCPN: SNOW: WIND :SUNSHINE: SKY :PK WND
================================================================================
1 2 3 4 5 6A 6B 7 8 9 10 11 12 13 14 15 16 17 18
12Z AVG MX 2MIN
DY MAX MIN AVG DEP HDD CDD WTR SNW DPTH SPD SPD DIR MIN PSBL S-S WX SPD DR
================================================================================
1 49 21 35 3 30 0 0.00 M M 4.1 13 130 M M 0 1 16 130
2 57 32 45 13 20 0 0.00 M M 10.6 17 190 M M 0 23 200
3 60 32 46 14 19 0 0.00 M M 12.6 23 190 M M 0 30 170
4 51 25 38 5 27 0 T M M 19.3 37 340 M M 3 1 45 360
5 53 22 38 5 27 0 0.00 M M 9.1 22 320 M M 2 25 280
6 30 10 20 -13 45 0 0.05 M M 12.1 23 30 M M 8 18 32 20
7 14 8 11 -22 54 0 0.02 M M 10.6 15 70 M M 10 18 21 100
8 10 7 9 -25 56 0 0.01 M M 11.2 15 10 M M 10 168 20 360
9 17 5 11 -23 54 0 0.00 M M 10.5 16 360 M M 6 19 360
10 17 9 13 -21 52 0 T M M 11.5 17 20 M M 10 22 10
11 18 8 13 -21 52 0 0.00 M M 12.1 21 10 M M 10 26 360
12 9 2 6 -28 59 0 0.00 M M 14.0 22 360 M M 8 27 350
13 13 2 8 -27 57 0 0.00 M M 12.2 18 20 M M 7 22 10
14 6 -7 0 -35 65 0 0.02 M M 15.4 23 360 M M 10 8 29 360
15 2 -10 -4 -39 69 0 0.02 M M 10.1 15 350 M M 5 8 20 350
16 12 -14 -1 -37 66 0 0.00 M M 8.0 15 130 M M 3 20 140
17 23 6 15 -21 50 0 0.00 M M 5.1 12 360 M M 7 13 10
18 31 11 21 -15 44 0 0.00 M M 7.2 15 350 M M 5 22 20
19 43 11 27 -10 38 0 0.00 M M 11.2 18 190 M M 0 31 210
20 56 17 37 0 28 0 0.00 M M 9.6 22 150 M M 0 1 28 150
21 52 26 39 2 26 0 0.00 M M 13.5 35 320 M M 4 42 330
22 67 27 47 9 18 0 0.00 M M 12.8 31 280 M M 0 38 270
23 72 25 49 11 16 0 0.00 M M 10.4 26 200 M M 0 33 190
24 51 26 39 1 26 0 0.00 M M 13.4 25 340 M M 0 32 350
25 47 22 35 -4 30 0 0.00 M M 3.4 9 110 M M 5 12 120
26 57 19 38 -1 27 0 0.00 M M 5.9 17 210 M M 1 23 260
27 62 27 45 5 20 0 0.06 M M 14.0 33 190 M M 7 12 45 190
28 50 25 38 -2 27 0 0.00 M M 13.5 25 340 M M 0 34 350
================================================================================
SM 1029 394 1102 0 0.18 M 303.4 M 121
================================================================================
AV 36.8 14.1 10.8 FASTST M M 4 MAX(MPH)
MISC ----> 37 340 # 45 360
================================================================================
NOTES:
# LAST OF SEVERAL OCCURRENCES
COLUMN 17 PEAK WIND IN M.P.H.
PRELIMINARY LOCAL CLIMATOLOGICAL DATA (WS FORM: F-6) , PAGE 2
STATION: SALINA KS
MONTH: FEBRUARY
YEAR: 2021
LATITUDE: 38 47 N
LONGITUDE: 97 39 W
[TEMPERATURE DATA] [PRECIPITATION DATA] SYMBOLS USED IN COLUMN 16
AVERAGE MONTHLY: 25.4 TOTAL FOR MONTH: 0.18 1 = FOG OR MIST
DPTR FM NORMAL: -10.1 DPTR FM NORMAL: -0.99 2 = FOG REDUCING VISIBILITY
HIGHEST: 72 ON 23 GRTST 24HR 0.06 ON 27-27 TO 1/4 MILE OR LESS
LOWEST: -14 ON 16 3 = THUNDER
SNOW, ICE PELLETS, HAIL 4 = ICE PELLETS
TOTAL MONTH: M 5 = HAIL
GRTST 24HR M ON M 6 = FREEZING RAIN OR DRIZZLE
GRTST DEPTH: M ON M 7 = DUSTSTORM OR SANDSTORM:
VSBY 1/2 MILE OR LESS
8 = SMOKE OR HAZE
[NO. OF DAYS WITH] [WEATHER - DAYS WITH] 9 = BLOWING SNOW
X = TORNADO
MAX 32 OR BELOW: 13 0.01 INCH OR MORE: 6
MAX 90 OR ABOVE: 0 0.10 INCH OR MORE: 0
MIN 32 OR BELOW: 28 0.50 INCH OR MORE: 0
MIN 0 OR BELOW: 3 1.00 INCH OR MORE: 0
[HDD (BASE 65) ]
TOTAL THIS MO. 1102 CLEAR (SCALE 0-3) 12
DPTR FM NORMAL 277 PTCLDY (SCALE 4-7) 11
TOTAL FM JUL 1 3845 CLOUDY (SCALE 8-10) 5
DPTR FM NORMAL 5
[CDD (BASE 65) ]
TOTAL THIS MO. 0
DPTR FM NORMAL 0 [PRESSURE DATA]
TOTAL FM JAN 1 0 HIGHEST SLP 30.69 ON 14
DPTR FM NORMAL 0 LOWEST SLP 29.46 ON 4
[REMARKS]
#FINAL-02-21#