000
CXUS56 KMTR 010900
CF6SNS
PRELIMINARY LOCAL CLIMATOLOGICAL DATA (WS FORM: F-6)
STATION: SALINAS AIRPORT
MONTH: JUNE
YEAR: 2021
LATITUDE: 36 40 N
LONGITUDE: 121 36 W
TEMPERATURE IN F: :PCPN: SNOW: WIND :SUNSHINE: SKY :PK WND
================================================================================
1 2 3 4 5 6A 6B 7 8 9 10 11 12 13 14 15 16 17 18
12Z AVG MX 2MIN
DY MAX MIN AVG DEP HDD CDD WTR SNW DPTH SPD SPD DIR MIN PSBL S-S WX SPD DR
================================================================================
1 67 52 60 -1 5 0 0.00 M M 8.9 20 310 M M 7 1 23 310
2 67 53 60 -1 5 0 T M M 8.4 17 310 M M 6 1 23 310
3 68 53 61 0 4 0 T M M 9.4 18 330 M M 7 1 23 330
4 65 54 60 -1 5 0 0.00 M M 11.1 18 320 M M 7 18 23 300
5 68 54 61 0 4 0 0.00 M M 9.5 17 300 M M 5 24 320
6 66 54 60 -1 5 0 0.00 M M 10.4 21 300 M M 5 26 310
7 66 55 61 0 4 0 0.00 M M 13.7 24 270 M M 5 30 270
8 67 53 60 -1 5 0 0.00 M M 9.4 18 290 M M 2 25 310
9 66 51 59 -2 6 0 0.00 M M 9.6 23 280 M M 1 8 30 300
10 68 49 59 -2 6 0 0.00 M M 8.1 22 290 M M 0 28 280
11 74 47 61 0 4 0 0.00 M M 8.1 18 280 M M 0 23 280
12 79 57 68 7 0 3 0.00 M M 9.5 20 310 M M 0 24 290
13 75 57 66 4 0 1 0.00 M M 9.7 20 300 M M 4 12 23 280
14 73 59 66 4 0 1 0.00 M M 9.8 18 290 M M 1 25 300
15 76 56 66 4 0 1 0.00 M M 9.8 20 280 M M 0 23 280
16 85 52 69 7 0 4 0.00 M M 6.7 16 300 M M 1 20 290
17 84 54 69 7 0 4 0.00 M M 8.2 17 340 M M 1 18 21 340
18 73 57 65 3 0 0 0.00 M M 9.1 21 320 M M 3 18 24 330
19 69 56 63 1 2 0 0.00 M M 9.0 18 320 M M 7 18 24 320
20 68 56 62 0 3 0 0.00 M M 6.6 18 330 M M 6 1 24 330
21 M M M M M M M M M M M M M M M M M
22 74 M M M M M M M M 13.9 23 340 M M 4 29 320
23 72 62 67 5 0 2 T M M 9.2 22 320 M M 6 26 300
24 73 61 67 5 0 2 0.00 M M 9.0 21 280 M M 7 26 300
25 75 59 67 5 0 2 T M M 7.9 20 300 M M 8 24 300
26 71 58 65 3 0 0 0.00 M M 9.3 20 310 M M 6 1 24 310
27 72 57 65 3 0 0 0.00 M M 10.8 20 300 M M 6 1 25 300
28 71 57 64 2 1 0 0.00 M M 11.6 20 290 M M 7 1 24 300
29 71 57 64 2 1 0 0.00 M M 10.9 20 290 M M 4 1 24 290
30 70 59 65 3 0 0 0.00 M M 9.6 18 300 M M 9 23 310
================================================================================
SM 2073 1549 60 20 T M 277.2 M 125
================================================================================
AV 71.5 55.3 9.6 FASTST M M 4 MAX(MPH)
MISC ----> 24 270 # 30 270
================================================================================
NOTES:
# LAST OF SEVERAL OCCURRENCES
COLUMN 17 PEAK WIND IN M.P.H.
PRELIMINARY LOCAL CLIMATOLOGICAL DATA (WS FORM: F-6) , PAGE 2
STATION: SALINAS AIRPORT
MONTH: JUNE
YEAR: 2021
LATITUDE: 36 40 N
LONGITUDE: 121 36 W
[TEMPERATURE DATA] [PRECIPITATION DATA] SYMBOLS USED IN COLUMN 16
AVERAGE MONTHLY: 63.4 TOTAL FOR MONTH: T 1 = FOG OR MIST
DPTR FM NORMAL: 1.8 DPTR FM NORMAL: -0.07 2 = FOG REDUCING VISIBILITY
HIGHEST: 85 ON 16 GRTST 24HR T ON 2- 2 TO 1/4 MILE OR LESS
LOWEST: 47 ON 11 3 = THUNDER
SNOW, ICE PELLETS, HAIL 4 = ICE PELLETS
TOTAL MONTH: M 5 = HAIL
GRTST 24HR M ON M 6 = FREEZING RAIN OR DRIZZLE
GRTST DEPTH: M ON M 7 = DUSTSTORM OR SANDSTORM:
VSBY 1/2 MILE OR LESS
8 = SMOKE OR HAZE
[NO. OF DAYS WITH] [WEATHER - DAYS WITH] 9 = BLOWING SNOW
X = TORNADO
MAX 32 OR BELOW: 0 0.01 INCH OR MORE: 0
MAX 90 OR ABOVE: 0 0.10 INCH OR MORE: 0
MIN 32 OR BELOW: 0 0.50 INCH OR MORE: 0
MIN 0 OR BELOW: 0 1.00 INCH OR MORE: 0
[HDD (BASE 65) ]
TOTAL THIS MO. 60 CLEAR (SCALE 0-3) 9
DPTR FM NORMAL -54 PTCLDY (SCALE 4-7) 19
TOTAL FM JUL 1 2204 CLOUDY (SCALE 8-10) 2
DPTR FM NORMAL -431
[CDD (BASE 65) ]
TOTAL THIS MO. 20
DPTR FM NORMAL 8 [PRESSURE DATA]
TOTAL FM JAN 1 26 HIGHEST SLP M ON M
DPTR FM NORMAL 0 LOWEST SLP 29.75 ON 17
[REMARKS]
#FINAL-06-21#