000
CXUS55 KCYS 041607 CCA
CF6SNY
PRELIMINARY LOCAL CLIMATOLOGICAL DATA (WS FORM: F-6)...CORRECTED
STATION: SIDNEY NEBRASKA AIRPORT
MONTH: APRIL
YEAR: 2022
LATITUDE: 41 5 N
LONGITUDE: 102 59 W
TEMPERATURE IN F: :PCPN: SNOW: WIND :SUNSHINE: SKY :PK WND
================================================================================
1 2 3 4 5 6A 6B 7 8 9 10 11 12 13 14 15 16 17 18
12Z AVG MX 2MIN
DY MAX MIN AVG DEP HDD CDD WTR SNW DPTH SPD SPD DIR MIN PSBL S-S WX SPD DR
================================================================================
1 52 20 36 -7 29 0 0.00 M M 13.5 30 340 M M 5 40 340
2 66 17 42 -1 23 0 0.00 M M 8.8 18 300 M M 0 27 190
3 58 19 39 -4 26 0 0.00 M M 17.3 32 350 M M 1 41 340
4 68 19 44 1 21 0 0.00 M M 15.6 36 200 M M 1 47 210
5 54 28 41 -3 24 0 T M M 21.9 44 300 M M 2 8 63 280
6 48 30 39 -5 26 0 T M M 28.6 53 330 M M 3 8 72 330
7 51 27 39 -5 26 0 0.00 M M 31.4 54 340 M M 0 72 340
8 61 19 40 -4 25 0 0.00 M M 10.0 18 360 M M 0 26 360
9 78 29 54 10 11 0 T M M 13.6 28 360 M M 2 41 350
10 51 21 36 -8 29 0 0.15 M M 21.1 48 300 M M 3 1 69 300
11 64 26 45 1 20 0 0.00 M M 20.6 33 160 M M 2 49 160
12 52 17 35 -9 30 0 0.00 M M 24.5 40 310 M M 2 54 310
13 41 10 26 -19 39 0 T M M 15.9 28 330 M M 1 43 350
14 52 4 28 -17 37 0 0.00 M M 7.9 28 270 M M 2 36 280
15 50 15 33 -12 32 0 0.00 M M 9.5 17 30 M M 2 25 40
16 52 12 32 -13 33 0 0.00 M M 16.2 32 150 M M 1 41 150
17 65 29 47 2 18 0 0.00 M M 19.7 44 300 M M 2 58 310
18 58 15 37 -9 28 0 0.00 M M 12.6 25 160 M M 0 36 160
19 81 33 57 11 8 0 0.00 M M 13.7 30 170 M M 0 8 41 170
20 68 33 51 5 14 0 0.00 M M 17.9 33 340 M M 1 47 340
21 77 25 51 5 14 0 0.00 M M 19.3 38 150 M M 0 1 53 150
22 91 45 68 22 0 3 T M M 21.8 52 310 M M 6 1238 76 160
23 48 37 43 -4 22 0 0.02 M M 26.8 45 310 M M 7 58 320
24 53 25 39 -8 26 0 0.00 M M 27.9 44 320 M M 1 61 320
25 57 14 36 -11 29 0 0.00 M M 8.0 14 330 M M 1 23 20
26 74 27 51 4 14 0 0.00 M M 12.0 26 210 M M 0 36 200
27 78 37 58 10 7 0 0.00 M M 11.5 23 90 M M 0 30 110
28 76 31 54 6 11 0 T M M 12.7 28 10 M M 0 3 36 40
29 61 43 52 4 13 0 0.22 M M 18.9 39 320 M M 5 13 54 320
30 59 27 43 -6 22 0 0.00 M M 26.9 44 320 M M 4 58 320
================================================================================
SM 1844 734 657 3 0.39 M 526.1 M 54
================================================================================
AV 61.5 24.5 17.5 FASTST M M 2 MAX(MPH)
MISC ----> 54 340 76 160
================================================================================
NOTES:
# LAST OF SEVERAL OCCURRENCES
COLUMN 17 PEAK WIND IN M.P.H.
PRELIMINARY LOCAL CLIMATOLOGICAL DATA (WS FORM: F-6) , PAGE 2
STATION: SIDNEY NEBRASKA AIRPORT
MONTH: APRIL
YEAR: 2022
LATITUDE: 41 5 N
LONGITUDE: 102 59 W
[TEMPERATURE DATA] [PRECIPITATION DATA] SYMBOLS USED IN COLUMN 16
AVERAGE MONTHLY: 43.0 TOTAL FOR MONTH: 0.39 1 = FOG OR MIST
DPTR FM NORMAL: -2.3 DPTR FM NORMAL: -1.28 2 = FOG REDUCING VISIBILITY
HIGHEST: 91 ON 22 GRTST 24HR 0.22 ON 29-29 TO 1/4 MILE OR LESS
LOWEST: 4 ON 14 3 = THUNDER
SNOW, ICE PELLETS, HAIL 4 = ICE PELLETS
TOTAL MONTH: M 5 = HAIL
GRTST 24HR M ON M 6 = FREEZING RAIN OR DRIZZLE
GRTST DEPTH: M ON M 7 = DUSTSTORM OR SANDSTORM:
VSBY 1/2 MILE OR LESS
8 = SMOKE OR HAZE
[NO. OF DAYS WITH] [WEATHER - DAYS WITH] 9 = BLOWING SNOW
X = TORNADO
MAX 32 OR BELOW: 0 0.01 INCH OR MORE: 3
MAX 90 OR ABOVE: 1 0.10 INCH OR MORE: 2
MIN 32 OR BELOW: 24 0.50 INCH OR MORE: 0
MIN 0 OR BELOW: 0 1.00 INCH OR MORE: 0
[HDD (BASE 65) ]
TOTAL THIS MO. 657 CLEAR (SCALE 0-3) 24
DPTR FM NORMAL 66 PTCLDY (SCALE 4-7) 6
TOTAL FM JUL 1 5981 CLOUDY (SCALE 8-10) 0
DPTR FM NORMAL -310
[CDD (BASE 65) ]
TOTAL THIS MO. 3
DPTR FM NORMAL 3 [PRESSURE DATA]
TOTAL FM JAN 1 3 HIGHEST SLP 30.41 ON 18
DPTR FM NORMAL 3 LOWEST SLP 29.07 ON 22
[REMARKS]
APRIL 14...RECORD LOW 4 DEGREES (PREVIOUS 6 DEGREES IN 2020)
APRIL 19...TIED RECORD HIGH 81 DEGREES PERVIOUSLY SET IN 1989
APRIL 22...RECORD HIGH 91 DEGREES (PREVIOUS 90 DEGREES IN 1989)
APRIL 25...RECORD LOW 14 DEGREES (PREVIOUS 16 DEGREES IN 2002)
MONTHLY PRECIPITATION 0.39" RANKED 5TH DRIEST APRIL
#FINAL-04-22#