000
CXUS53 KILX 010900
CF6SPI
PRELIMINARY LOCAL CLIMATOLOGICAL DATA (WS FORM: F-6)
STATION: SPRINGFIELD IL
MONTH: APRIL
YEAR: 2023
LATITUDE: 39 50 N
LONGITUDE: 89 41 W
TEMPERATURE IN F: :PCPN: SNOW: WIND :SUNSHINE: SKY :PK WND
================================================================================
1 2 3 4 5 6A 6B 7 8 9 10 11 12 13 14 15 16 17 18
12Z AVG MX 2MIN
DY MAX MIN AVG DEP HDD CDD WTR SNW DPTH SPD SPD DIR MIN PSBL S-S WX SPD DR
================================================================================
1 54 33 44 -5 21 0 0.00 0.0 0 15.6 38 280 M M 5 52 270
2 64 31 48 -2 17 0 0.00 0.0 0 14.9 28 160 M M 0 38 150
3 77 45 61 11 4 0 T 0.0 0 10.5 23 160 M M 3 30 190
4 83 58 71 21 0 6 0.00 0.0 0 20.5 38 190 M M 5 18 62 190
5 76 39 58 7 7 0 0.53 0.0 0 15.4 36 260 M M 4 13 44 260
6 52 33 43 -8 22 0 0.00 0.0 0 3.8 10 320 M M 0 15 310
7 61 29 45 -6 20 0 0.00 0.0 0 6.6 17 110 M M 0 23 110
8 67 34 51 -1 14 0 0.00 0.0 0 9.1 18 90 M M 0 27 120
9 70 43 57 5 8 0 0.00 0.0 0 9.3 20 160 M M 0 27 130
10 74 41 58 6 7 0 0.00 0.0 0 7.6 15 160 M M 0 25 180
11 79 51 65 12 0 0 0.00 0.0 0 11.4 18 180 M M 0 27 210
12 81 55 68 15 0 3 0.00 0.0 0 11.8 23 190 M M 0 29 250
13 82 52 67 13 0 2 0.00 0.0 0 8.0 17 150 M M 0 24 180
14 81 52 67 13 0 2 0.00 0.0 0 9.0 17 190 M M 1 23 170
15 81 54 68 14 0 3 0.26 0.0 0 13.9 32 250 M M 3 3 43 130
16 54 38 46 -9 19 0 0.25 0.0 0 18.3 33 260 M M 10 1 46 260
17 61 38 50 -5 15 0 0.00 0.0 0 18.1 33 270 M M 2 51 270
18 65 35 50 -5 15 0 0.00 0.0 0 6.8 13 120 M M 1 16 120
19 83 49 66 10 0 1 0.00 0.0 0 17.2 31 180 M M 1 41 160
20 83 49 66 10 0 1 0.65 0.0 0 15.6 35 200 M M 5 138 48 190
21 66 43 55 -1 10 0 T 0.0 0 8.6 26 250 M M 2 33 260
22 45 36 41 -16 24 0 0.00 0.0 0 12.3 23 270 M M 8 31 280
23 51 32 42 -15 23 0 0.00 0.0 0 7.8 18 320 M M 5 29 310
24 59 30 45 -13 20 0 0.00 0.0 0 7.4 16 160 M M 4 21 320
25 64 42 53 -5 12 0 0.00 0.0 0 10.1 22 60 M M 8 29 60
26 62 39 51 -7 14 0 0.00 0.0 0 8.4 17 60 M M 2 23 10
27 69 36 53 -6 12 0 0.00 0.0 0 6.5 14 120 M M 3 19 130
28 74 45 60 1 5 0 0.00 0.0 0 3.9 14 280 M M 2 19 280
29 68 43 56 -3 9 0 0.32 0.0 0 12.6 25 300 M M 3 1 35 310
30 50 42 46 -14 19 0 T 0.0 0 15.6 31 290 M M 8 42 270
================================================================================
SM 2036 1247 317 18 2.01 0.0 336.6 M 85
================================================================================
AV 67.9 41.6 11.2 FASTST M M 3 MAX(MPH)
MISC ----> # 38 280 62 190
================================================================================
NOTES:
# LAST OF SEVERAL OCCURRENCES
COLUMN 17 PEAK WIND IN M.P.H.
PRELIMINARY LOCAL CLIMATOLOGICAL DATA (WS FORM: F-6) , PAGE 2
STATION: SPRINGFIELD IL
MONTH: APRIL
YEAR: 2023
LATITUDE: 39 50 N
LONGITUDE: 89 41 W
[TEMPERATURE DATA] [PRECIPITATION DATA] SYMBOLS USED IN COLUMN 16
AVERAGE MONTHLY: 54.7 TOTAL FOR MONTH: 2.01 1 = FOG OR MIST
DPTR FM NORMAL: 0.3 DPTR FM NORMAL: -1.96 2 = FOG REDUCING VISIBILITY
HIGHEST: 83 ON 20,19 GRTST 24HR 0.65 ON 20-20 TO 1/4 MILE OR LESS
LOWEST: 29 ON 7 3 = THUNDER
SNOW, ICE PELLETS, HAIL 4 = ICE PELLETS
TOTAL MONTH: 0.0 INCH 5 = HAIL
GRTST 24HR 0.0 6 = FREEZING RAIN OR DRIZZLE
GRTST DEPTH: 0 7 = DUSTSTORM OR SANDSTORM:
VSBY 1/2 MILE OR LESS
8 = SMOKE OR HAZE
[NO. OF DAYS WITH] [WEATHER - DAYS WITH] 9 = BLOWING SNOW
X = TORNADO
MAX 32 OR BELOW: 0 0.01 INCH OR MORE: 5
MAX 90 OR ABOVE: 0 0.10 INCH OR MORE: 5
MIN 32 OR BELOW: 4 0.50 INCH OR MORE: 2
MIN 0 OR BELOW: 0 1.00 INCH OR MORE: 0
[HDD (BASE 65) ]
TOTAL THIS MO. 317 CLEAR (SCALE 0-3) 18
DPTR FM NORMAL -19 PTCLDY (SCALE 4-7) 11
TOTAL FM JUL 1 4824 CLOUDY (SCALE 8-10) 1
DPTR FM NORMAL -271
[CDD (BASE 65) ]
TOTAL THIS MO. 18
DPTR FM NORMAL -1 [PRESSURE DATA]
TOTAL FM JAN 1 18 HIGHEST SLP 30.55 ON 7
DPTR FM NORMAL -4 LOWEST SLP 29.40 ON 1
[REMARKS]
#FINAL-04-23#